{"id":1648,"date":"2026-02-20T16:06:02","date_gmt":"2026-02-20T15:06:02","guid":{"rendered":"https:\/\/semaine-federale.ffvelo.fr\/2026\/?page_id=1648"},"modified":"2026-02-20T16:16:58","modified_gmt":"2026-02-20T15:16:58","slug":"cyclo-decouvertes","status":"publish","type":"page","link":"https:\/\/semaine-federale.ffvelo.fr\/2026\/le-programme\/cyclo-decouvertes\/","title":{"rendered":"Cyclo-d\u00e9couvertes"},"content":{"rendered":"\n<div class=\"wp-block-cover alignfull is-light wp-elements-9f7ea8c13e0a875d6feaa8eb4294422b\" style=\"margin-bottom:var(--wp--preset--spacing--50);padding-top:var(--wp--preset--spacing--70);padding-bottom:var(--wp--preset--spacing--70)\"><img loading=\"lazy\" decoding=\"async\" width=\"683\" height=\"1024\" class=\"wp-block-cover__image-background wp-image-13 size-large\" alt=\"Ecluse de la benatre\" src=\"https:\/\/semaine-federale.ffvelo.fr\/2026\/wp-content\/uploads\/sites\/3\/2025\/07\/Ecluse-de-la-Benatre-683x1024.webp\" style=\"object-position:49% 52%\" data-object-fit=\"cover\" data-object-position=\"49% 52%\" srcset=\"https:\/\/semaine-federale.ffvelo.fr\/2026\/wp-content\/uploads\/sites\/3\/2025\/07\/Ecluse-de-la-Benatre-683x1024.webp 683w, https:\/\/semaine-federale.ffvelo.fr\/2026\/wp-content\/uploads\/sites\/3\/2025\/07\/Ecluse-de-la-Benatre-200x300.webp 200w, https:\/\/semaine-federale.ffvelo.fr\/2026\/wp-content\/uploads\/sites\/3\/2025\/07\/Ecluse-de-la-Benatre-768x1151.webp 768w, https:\/\/semaine-federale.ffvelo.fr\/2026\/wp-content\/uploads\/sites\/3\/2025\/07\/Ecluse-de-la-Benatre-1025x1536.webp 1025w, https:\/\/semaine-federale.ffvelo.fr\/2026\/wp-content\/uploads\/sites\/3\/2025\/07\/Ecluse-de-la-Benatre-1366x2048.webp 1366w, https:\/\/semaine-federale.ffvelo.fr\/2026\/wp-content\/uploads\/sites\/3\/2025\/07\/Ecluse-de-la-Benatre.webp 1441w\" sizes=\"auto, (max-width: 683px) 100vw, 683px\" \/><span aria-hidden=\"true\" class=\"wp-block-cover__background has-beige-background-color has-background-dim-60 has-background-dim\"><\/span><div class=\"wp-block-cover__inner-container has-global-padding is-layout-constrained wp-block-cover-is-layout-constrained\">\n<div class=\"wp-block-group has-global-padding is-content-justification-left is-layout-constrained wp-container-core-group-is-layout-12dd3699 wp-block-group-is-layout-constrained\"><h1 class=\"has-text-align-center wp-block-post-title\">Cyclo-d\u00e9couvertes<\/h1><\/div>\n<\/div><\/div>\n\n\n\n<p><strong>Base :<\/strong>\u00a0Parc St Fiacre (d\u00e9part et arriv\u00e9e)<br><strong>Tarif propos\u00e9 :<\/strong>\u00a018 \u20ac par jour \/ cyclo<br><strong>Organisation :<\/strong>\u00a04 groupes de 17 cyclos + 2 accompagnateurs par groupe + 1 v\u00e9hicule d&rsquo;assistance avec chauffeur<\/p>\n\n\n\n<p class=\"has-green-color has-text-color has-link-color wp-elements-be9cccf289c3a4d7f6965a16fae6e7cb\"><strong>Dimanche 2 ao\u00fbt &#8211; Tour de Ch\u00e2teau-Gontier<\/strong><\/p>\n\n\n\n<p style=\"margin-top:var(--wp--preset--spacing--10);margin-bottom:var(--wp--preset--spacing--10)\">D\u00e9butez votre semaine en partant \u00e0 la d\u00e9couverte des richesses naturelles, patrimoniales et gourmandes des alentours de Ch\u00e2teau-Gontier tout en franchissant la rivi\u00e8re La Mayenne par le bac de Menil et le viaduc.<\/p>\n\n\n\n<p class=\"has-green-color has-text-color has-link-color wp-elements-507beb090bbadaaed1bc6e4c7ef69f76\"><strong>Lundi 3 ao\u00fbt &#8211; Arch\u00e9ologie et mus\u00e9e de l&rsquo;Ardoise<\/strong><\/p>\n\n\n\n<p style=\"margin-top:var(--wp--preset--spacing--10);margin-bottom:var(--wp--preset--spacing--10)\">&#8211; D\u00e9couvrez le patrimoine historique arch\u00e9ologique de Ch\u00e2telais, particuli\u00e8rement riche, marqu\u00e9 par ses nombreux vestiges.<br>&#8211; Plongez dans l&rsquo;histoire de l&rsquo;exploitation du schiste ardoisier de Renaz\u00e9, active pendant plus de cinq si\u00e8cles.<br>&#8211; Arr\u00eat au v\u00e9lodrome des fr\u00e8res Madiot, bien connus des cyclistes.<br>&#8211; Visitez l&rsquo;\u00e9glise St Pierre de Bouchamp les Craon, petite \u00e9glise rurale qui vous plongera dans une ambiance spirituelle et color\u00e9e.<\/p>\n\n\n\n<p class=\"has-green-color has-text-color has-link-color wp-elements-6ff5caad9bc07a5fd8e283e9217e3ae3\"><strong>Mardi 4 ao\u00fbt &#8211; Petit Versailles de la Mayenne et ses gourmandises (Craon)<\/strong><\/p>\n\n\n\n<p style=\"margin-top:var(--wp--preset--spacing--10);margin-bottom:var(--wp--preset--spacing--10)\">Laissez-vous bercer dans l&rsquo;univers de cet \u00e9l\u00e9gant ch\u00e2teau du XVIII\u00e8me si\u00e8cle \u00e0 Craon, construit en tuffeau. Autour de ce ch\u00e2teau s&rsquo;\u00e9tend un parc de 47 hectares, un potager avec des serres du XIX\u00e8me si\u00e8cle, une ancienne glaci\u00e8re, un lavoir\u2026<br><strong>Deux arr\u00eats gourmands :<\/strong><br>&#8211; <strong>La ferme du Pressoir\u00a0:<\/strong> ferme familiale. La visite permet de comprendre les \u00e9tapes de fabrication des produits \u00e0 base de pommes ainsi que la production de spiruline.<br>&#8211; <strong>La ch\u00e8vrerie de La Guesneraie \u00e0 Pommerieux<\/strong>\u00a0: l\u00e0 o\u00f9 on per\u00e7oit la passion de ses exploitants pour l&rsquo;\u00e9levage caprin et la fabrication du fromage fermier.<\/p>\n\n\n\n<p class=\"has-green-color has-text-color has-link-color wp-elements-f092eee16782f294cce0bdfd24e645fe\"><strong>Mercredi 5 ao\u00fbt &#8211; Au fil de l&rsquo;eau, de la laine au couteau\u00a0<\/strong><\/p>\n\n\n\n<p style=\"margin-top:var(--wp--preset--spacing--10);margin-bottom:var(--wp--preset--spacing--10)\">En empruntant la V\u00e9lo Francette, d\u00e9couvrez la richesse des paysages, des \u00e9cluses tout au long de la Mayenne l\u00e0 o\u00f9 le savoir-faire de l&rsquo;artisanat s&rsquo;est install\u00e9 :<br>&#8211; Visite de <strong>la coutellerie<\/strong> (\u00e0 La Roche Neuville) o\u00f9 l&rsquo;on d\u00e9couvre un savoir-faire authentique et contemporain.<br>&#8211; Visite de <strong>l&rsquo;\u00e9levage d&rsquo;Alpagas<\/strong> \u00e0 La Roche Neuville, animaux r\u00e9put\u00e9s pour leur douceur et la qualit\u00e9 de leur laine.<br>&#8211; Promenade dans le parc du ch\u00e2teau de La Rong\u00e8re \u00e0 La Roche Neuville \/ St Sulpice.<\/p>\n\n\n\n<p class=\"has-green-color has-text-color has-link-color wp-elements-8079ab6869eba79c747d4acd3f3e2c4c\"><strong>Vendredi 7 ao\u00fbt &#8211; Petites cit\u00e9s de caract\u00e8re et ses environs<\/strong><\/p>\n\n\n\n<p style=\"margin-top:var(--wp--preset--spacing--10);margin-bottom:var(--wp--preset--spacing--10)\">Trois lieux embl\u00e9matiques du Sud Mayenne :<br>&#8211; <strong>Saint Denis d&rsquo;Anjou\u00a0:<\/strong> nich\u00e9 au croisement de la Mayenne, de la Sarthe et du Maine et Loire, le village m\u00e9di\u00e9val s\u00e9duit par son architecture romane et gothique.<br>&#8211; <strong>Bou\u00e8re\u00a0:<\/strong> situ\u00e9e \u00e0 la fronti\u00e8re historique entre l&rsquo;Anjou et le Maine, commune typique rurale o\u00f9 se m\u00ealent paysages et monuments. Le cimeti\u00e8re paysager est class\u00e9 aux monuments historiques.<br>&#8211; <strong>Moulin de Grez en Bou\u00e8re\u00a0:<\/strong> construit en 1830, dernier moulin cavier de la Mayenne<\/p>\n\n\n\n<p class=\"has-green-color has-text-color has-link-color wp-elements-567be11ec302100d2e09f2de211e8675\"><strong>Samedi 8 ao\u00fbt &#8211; D\u00e9couverte du Patrimoine de l&rsquo;Anjou Bleu<\/strong><\/p>\n\n\n\n<p style=\"margin-top:var(--wp--preset--spacing--10);margin-bottom:var(--wp--preset--spacing--10)\">Sur les bords de l&rsquo;Oudon, Segr\u00e9 en Anjou Bleu est une grande commune charmante du Haut-Anjou, entre pierres et pommes o\u00f9 se conjuguent patrimoine, nature et douceur de vivre.<br>&#8211; Visite guid\u00e9e de la ville de Segr\u00e9<br>&#8211; Visite du domaine de La Montchevalleraie \u00e0 Avir\u00e9<br>&#8211; Visite du clocher, \u00e9l\u00e9ment architectural de l&rsquo;\u00e9glise de Montguillon<br>&#8211; Visite du prieur\u00e9 de La Jaillette avec son clo\u00eetre roman<\/p>\n\n\n\n<div style=\"height:39px\" aria-hidden=\"true\" class=\"wp-block-spacer\"><\/div>\n","protected":false},"excerpt":{"rendered":"<p>Base :\u00a0Parc St Fiacre (d\u00e9part et arriv\u00e9e)Tarif propos\u00e9 :\u00a018 \u20ac par jour \/ cycloOrganisation :\u00a04 groupes de 17 cyclos + 2 accompagnateurs par groupe + 1 v\u00e9hicule d&rsquo;assistance avec chauffeur Dimanche 2 ao\u00fbt &#8211; Tour de Ch\u00e2teau-Gontier D\u00e9butez votre semaine en partant \u00e0 la d\u00e9couverte des richesses naturelles, patrimoniales et gourmandes des alentours de Ch\u00e2teau-Gontier [&hellip;]<\/p>\n","protected":false},"author":4,"featured_media":0,"parent":427,"menu_order":0,"comment_status":"closed","ping_status":"closed","template":"","meta":{"slim_seo":{"title":"Cyclo-d\u00e9couvertes - Semaine F\u00e9d\u00e9rale Cyclotourisme 2026 - Ch\u00e2teau-Gontier sur Mayenne","description":"Base : \u00a0Parc St Fiacre (d\u00e9part et arriv\u00e9e) Tarif propos\u00e9 : \u00a018 \u20ac par jour \/ cyclo Organisation : \u00a04 groupes de 17 cyclos + 2 accompagnateurs par groupe + 1 v\u00e9hi"},"footnotes":""},"class_list":["post-1648","page","type-page","status-publish","hentry"],"_links":{"self":[{"href":"https:\/\/semaine-federale.ffvelo.fr\/2026\/wp-json\/wp\/v2\/pages\/1648","targetHints":{"allow":["GET"]}}],"collection":[{"href":"https:\/\/semaine-federale.ffvelo.fr\/2026\/wp-json\/wp\/v2\/pages"}],"about":[{"href":"https:\/\/semaine-federale.ffvelo.fr\/2026\/wp-json\/wp\/v2\/types\/page"}],"author":[{"embeddable":true,"href":"https:\/\/semaine-federale.ffvelo.fr\/2026\/wp-json\/wp\/v2\/users\/4"}],"replies":[{"embeddable":true,"href":"https:\/\/semaine-federale.ffvelo.fr\/2026\/wp-json\/wp\/v2\/comments?post=1648"}],"version-history":[{"count":4,"href":"https:\/\/semaine-federale.ffvelo.fr\/2026\/wp-json\/wp\/v2\/pages\/1648\/revisions"}],"predecessor-version":[{"id":1654,"href":"https:\/\/semaine-federale.ffvelo.fr\/2026\/wp-json\/wp\/v2\/pages\/1648\/revisions\/1654"}],"up":[{"embeddable":true,"href":"https:\/\/semaine-federale.ffvelo.fr\/2026\/wp-json\/wp\/v2\/pages\/427"}],"wp:attachment":[{"href":"https:\/\/semaine-federale.ffvelo.fr\/2026\/wp-json\/wp\/v2\/media?parent=1648"}],"curies":[{"name":"wp","href":"https:\/\/api.w.org\/{rel}","templated":true}]}}

Cyclo-découvertes

<div class="wp-block-cover alignfull is-light wp-elements-9f7ea8c13e0a875d6feaa8eb4294422b" style="margin-bottom:var(--wp--preset--spacing--50);padding-top:var(--wp--preset--spacing--70);padding-bottom:var(--wp--preset--spacing--70)"><img loading="lazy" decoding="async" width="683" height="1024" class="wp-block-cover__image-background wp-image-13 size-large" alt="Ecluse de la benatre" src="https://semaine-federale.ffvelo.fr/2026/wp-content/uploads/sites/3/2025/07/Ecluse-de-la-Benatre-683x1024.webp" style="object-position:49% 52%" data-object-fit="cover" data-object-position="49% 52%" srcset="https://semaine-federale.ffvelo.fr/2026/wp-content/uploads/sites/3/2025/07/Ecluse-de-la-Benatre-683x1024.webp 683w, https://semaine-federale.ffvelo.fr/2026/wp-content/uploads/sites/3/2025/07/Ecluse-de-la-Benatre-200x300.webp 200w, https://semaine-federale.ffvelo.fr/2026/wp-content/uploads/sites/3/2025/07/Ecluse-de-la-Benatre-768x1151.webp 768w, https://semaine-federale.ffvelo.fr/2026/wp-content/uploads/sites/3/2025/07/Ecluse-de-la-Benatre-1025x1536.webp 1025w, https://semaine-federale.ffvelo.fr/2026/wp-content/uploads/sites/3/2025/07/Ecluse-de-la-Benatre-1366x2048.webp 1366w, https://semaine-federale.ffvelo.fr/2026/wp-content/uploads/sites/3/2025/07/Ecluse-de-la-Benatre.webp 1441w" sizes="auto, (max-width: 683px) 100vw, 683px" /><span aria-hidden="true" class="wp-block-cover__background has-beige-background-color has-background-dim-60 has-background-dim"></span><div class="wp-block-cover__inner-container has-global-padding is-layout-constrained wp-block-cover-is-layout-constrained">
<div class="wp-block-group has-global-padding is-content-justification-left is-layout-constrained wp-container-core-group-is-layout-12dd3699 wp-block-group-is-layout-constrained"><h1 class="has-text-align-center wp-block-post-title">Cyclo-découvertes</h1></div>
</div></div>



<p><strong>Base :</strong> Parc St Fiacre (départ et arrivée)<br><strong>Tarif proposé :</strong> 18 € par jour / cyclo<br><strong>Organisation :</strong> 4 groupes de 17 cyclos + 2 accompagnateurs par groupe + 1 véhicule d&rsquo;assistance avec chauffeur</p>



<p class="has-green-color has-text-color has-link-color wp-elements-be9cccf289c3a4d7f6965a16fae6e7cb"><strong>Dimanche 2 août &#8211; Tour de Château-Gontier</strong></p>



<p style="margin-top:var(--wp--preset--spacing--10);margin-bottom:var(--wp--preset--spacing--10)">Débutez votre semaine en partant à la découverte des richesses naturelles, patrimoniales et gourmandes des alentours de Château-Gontier tout en franchissant la rivière La Mayenne par le bac de Menil et le viaduc.</p>



<p class="has-green-color has-text-color has-link-color wp-elements-507beb090bbadaaed1bc6e4c7ef69f76"><strong>Lundi 3 août &#8211; Archéologie et musée de l&rsquo;Ardoise</strong></p>



<p style="margin-top:var(--wp--preset--spacing--10);margin-bottom:var(--wp--preset--spacing--10)">&#8211; Découvrez le patrimoine historique archéologique de Châtelais, particulièrement riche, marqué par ses nombreux vestiges.<br>&#8211; Plongez dans l&rsquo;histoire de l&rsquo;exploitation du schiste ardoisier de Renazé, active pendant plus de cinq siècles.<br>&#8211; Arrêt au vélodrome des frères Madiot, bien connus des cyclistes.<br>&#8211; Visitez l&rsquo;église St Pierre de Bouchamp les Craon, petite église rurale qui vous plongera dans une ambiance spirituelle et colorée.</p>



<p class="has-green-color has-text-color has-link-color wp-elements-6ff5caad9bc07a5fd8e283e9217e3ae3"><strong>Mardi 4 août &#8211; Petit Versailles de la Mayenne et ses gourmandises (Craon)</strong></p>



<p style="margin-top:var(--wp--preset--spacing--10);margin-bottom:var(--wp--preset--spacing--10)">Laissez-vous bercer dans l&rsquo;univers de cet élégant château du XVIIIème siècle à Craon, construit en tuffeau. Autour de ce château s&rsquo;étend un parc de 47 hectares, un potager avec des serres du XIXème siècle, une ancienne glacière, un lavoir…<br><strong>Deux arrêts gourmands :</strong><br>&#8211; <strong>La ferme du Pressoir :</strong> ferme familiale. La visite permet de comprendre les étapes de fabrication des produits à base de pommes ainsi que la production de spiruline.<br>&#8211; <strong>La chèvrerie de La Guesneraie à Pommerieux</strong> : là où on perçoit la passion de ses exploitants pour l&rsquo;élevage caprin et la fabrication du fromage fermier.</p>



<p class="has-green-color has-text-color has-link-color wp-elements-f092eee16782f294cce0bdfd24e645fe"><strong>Mercredi 5 août &#8211; Au fil de l&rsquo;eau, de la laine au couteau </strong></p>



<p style="margin-top:var(--wp--preset--spacing--10);margin-bottom:var(--wp--preset--spacing--10)">En empruntant la Vélo Francette, découvrez la richesse des paysages, des écluses tout au long de la Mayenne là où le savoir-faire de l&rsquo;artisanat s&rsquo;est installé :<br>&#8211; Visite de <strong>la coutellerie</strong> (à La Roche Neuville) où l&rsquo;on découvre un savoir-faire authentique et contemporain.<br>&#8211; Visite de <strong>l&rsquo;élevage d&rsquo;Alpagas</strong> à La Roche Neuville, animaux réputés pour leur douceur et la qualité de leur laine.<br>&#8211; Promenade dans le parc du château de La Rongère à La Roche Neuville / St Sulpice.</p>



<p class="has-green-color has-text-color has-link-color wp-elements-8079ab6869eba79c747d4acd3f3e2c4c"><strong>Vendredi 7 août &#8211; Petites cités de caractère et ses environs</strong></p>



<p style="margin-top:var(--wp--preset--spacing--10);margin-bottom:var(--wp--preset--spacing--10)">Trois lieux emblématiques du Sud Mayenne :<br>&#8211; <strong>Saint Denis d&rsquo;Anjou :</strong> niché au croisement de la Mayenne, de la Sarthe et du Maine et Loire, le village médiéval séduit par son architecture romane et gothique.<br>&#8211; <strong>Bouère :</strong> située à la frontière historique entre l&rsquo;Anjou et le Maine, commune typique rurale où se mêlent paysages et monuments. Le cimetière paysager est classé aux monuments historiques.<br>&#8211; <strong>Moulin de Grez en Bouère :</strong> construit en 1830, dernier moulin cavier de la Mayenne</p>



<p class="has-green-color has-text-color has-link-color wp-elements-567be11ec302100d2e09f2de211e8675"><strong>Samedi 8 août &#8211; Découverte du Patrimoine de l&rsquo;Anjou Bleu</strong></p>



<p style="margin-top:var(--wp--preset--spacing--10);margin-bottom:var(--wp--preset--spacing--10)">Sur les bords de l&rsquo;Oudon, Segré en Anjou Bleu est une grande commune charmante du Haut-Anjou, entre pierres et pommes où se conjuguent patrimoine, nature et douceur de vivre.<br>&#8211; Visite guidée de la ville de Segré<br>&#8211; Visite du domaine de La Montchevalleraie à Aviré<br>&#8211; Visite du clocher, élément architectural de l&rsquo;église de Montguillon<br>&#8211; Visite du prieuré de La Jaillette avec son cloître roman</p>



<div style="height:39px" aria-hidden="true" class="wp-block-spacer"></div>

<p>Base : Parc St Fiacre (départ et arrivée)Tarif proposé : 18 € par jour / cycloOrganisation : 4 groupes de 17 cyclos + 2 accompagnateurs par groupe + 1 véhicule d&rsquo;assistance avec chauffeur Dimanche 2 août &#8211; Tour de Château-Gontier Débutez votre semaine en partant à la découverte des richesses naturelles, patrimoniales et gourmandes des alentours de Château-Gontier [&hellip;]</p>

Cyclo-découvertes - Semaine Fédérale Cyclotourisme 2026 - Château-Gontier sur Mayenne

Base :  Parc St Fiacre (départ et arrivée) Tarif proposé :  18 € par jour / cyclo Organisation :  4 groupes de 17 cyclos + 2 accompagnateurs par groupe + 1 véhi
