{"id":1657,"date":"2026-02-20T16:31:36","date_gmt":"2026-02-20T15:31:36","guid":{"rendered":"https:\/\/semaine-federale.ffvelo.fr\/2026\/?page_id=1657"},"modified":"2026-02-20T16:31:53","modified_gmt":"2026-02-20T15:31:53","slug":"randonnees","status":"publish","type":"page","link":"https:\/\/semaine-federale.ffvelo.fr\/2026\/le-programme\/randonnees\/","title":{"rendered":"Randonn\u00e9es"},"content":{"rendered":"\n<div class=\"wp-block-cover alignfull is-light wp-elements-ae27f9cd6505dccb46043369d9b35822\" style=\"margin-bottom:var(--wp--preset--spacing--50);padding-top:var(--wp--preset--spacing--70);padding-bottom:var(--wp--preset--spacing--70)\"><img loading=\"lazy\" decoding=\"async\" width=\"1024\" height=\"683\" class=\"wp-block-cover__image-background wp-image-40 size-large\" alt=\"Canyon de saulges\" src=\"https:\/\/semaine-federale.ffvelo.fr\/2026\/wp-content\/uploads\/sites\/3\/2025\/07\/Canyon-de-Saulges-1024x683.webp\" data-object-fit=\"cover\" srcset=\"https:\/\/semaine-federale.ffvelo.fr\/2026\/wp-content\/uploads\/sites\/3\/2025\/07\/Canyon-de-Saulges-1024x683.webp 1024w, https:\/\/semaine-federale.ffvelo.fr\/2026\/wp-content\/uploads\/sites\/3\/2025\/07\/Canyon-de-Saulges-300x200.webp 300w, https:\/\/semaine-federale.ffvelo.fr\/2026\/wp-content\/uploads\/sites\/3\/2025\/07\/Canyon-de-Saulges-768x512.webp 768w, https:\/\/semaine-federale.ffvelo.fr\/2026\/wp-content\/uploads\/sites\/3\/2025\/07\/Canyon-de-Saulges-1536x1025.webp 1536w, https:\/\/semaine-federale.ffvelo.fr\/2026\/wp-content\/uploads\/sites\/3\/2025\/07\/Canyon-de-Saulges-2048x1366.webp 2048w\" sizes=\"auto, (max-width: 1024px) 100vw, 1024px\" \/><span aria-hidden=\"true\" class=\"wp-block-cover__background has-beige-background-color has-background-dim-60 has-background-dim\"><\/span><div class=\"wp-block-cover__inner-container has-global-padding is-layout-constrained wp-block-cover-is-layout-constrained\">\n<div class=\"wp-block-group has-global-padding is-content-justification-left is-layout-constrained wp-container-core-group-is-layout-12dd3699 wp-block-group-is-layout-constrained\"><h1 class=\"has-text-align-center wp-block-post-title\">Randonn\u00e9es<\/h1><\/div>\n<\/div><\/div>\n\n\n\n<p><strong>Organisation :<\/strong>\u00a0Rendez-vous \u00e0 8h30 au bois plaide. Repas tir\u00e9 du sac.<\/p>\n\n\n\n<p class=\"has-green-color has-text-color has-link-color wp-elements-89763c0f0935979450bb8011e4a3741c\"><strong>Dimanche 2 ao\u00fbt &#8211; M\u00e9nil : Passage du Bac<\/strong><\/p>\n\n\n\n<p style=\"margin-top:var(--wp--preset--spacing--10);margin-bottom:var(--wp--preset--spacing--10)\"><strong>Distance :<\/strong> 15 ou 21 km<br><strong>Tarif <\/strong>: 15\u20ac<br><strong>Places limit\u00e9es :<\/strong> Pas de jauge<\/p>\n\n\n\n<p class=\"has-green-color has-text-color has-link-color wp-elements-ed6d4b3a72d562c9324c9e808f770412\"><strong>Lundi 3 ao\u00fbt &#8211; Saint Denis d&rsquo;Anjou : Petite Cit\u00e9 de caract\u00e8re<\/strong><\/p>\n\n\n\n<p style=\"margin-top:var(--wp--preset--spacing--10);margin-bottom:var(--wp--preset--spacing--10)\"><strong>Distance :<\/strong> 11 ou 20 km<br><strong>Tarif <\/strong>: 15\u20ac<br><strong>Places limit\u00e9es :<\/strong> 53 places<\/p>\n\n\n\n<p class=\"has-green-color has-text-color has-link-color wp-elements-27002fca86dc2cb25a7f9dbd158d870b\"><strong>Mardi 4 ao\u00fbt &#8211; Segr\u00e9 et Nyoiseau : Le Pays en Anjou Bleu<\/strong><\/p>\n\n\n\n<p style=\"margin-top:var(--wp--preset--spacing--10);margin-bottom:var(--wp--preset--spacing--10)\"><strong><strong>Distance :<\/strong><\/strong> 12 ou 22 km<strong><br><strong>Tarif <\/strong>:<\/strong> 15\u20ac<strong><br><strong>Places limit\u00e9es :<\/strong> <\/strong>74 places<\/p>\n\n\n\n<p class=\"has-green-color has-text-color has-link-color wp-elements-e2d83c2d8f1770561cf957fccd57c84a\"><strong>Mercredi 5 ao\u00fbt &#8211; Sainte Suzanne : La cit\u00e9 m\u00e9di\u00e9vale<\/strong><\/p>\n\n\n\n<p style=\"margin-top:var(--wp--preset--spacing--10);margin-bottom:var(--wp--preset--spacing--10)\"><strong>Distance :<\/strong> 11 ou 18 km<br><strong>Tarif <\/strong>: 15\u20ac<br><strong>Places limit\u00e9es :<\/strong> 74 places<\/p>\n\n\n\n<p class=\"has-green-color has-text-color has-link-color wp-elements-59f9014f67629d674fd977dc29caeea7\"><strong>Jeudi 6 ao\u00fbt &#8211; Pique nique \u00e0 Craon : Le Ch\u00e2teau \u00ab\u00a0le petit Versailles\u00a0\u00bb de la Mayenne<\/strong><\/p>\n\n\n\n<p style=\"margin-top:var(--wp--preset--spacing--10);margin-bottom:var(--wp--preset--spacing--10)\"><strong>Distance :<\/strong> 14 km<br><strong>Tarif <\/strong>: 15\u20ac<br><strong>Places limit\u00e9es :<\/strong> 94 places<\/p>\n\n\n\n<p class=\"has-green-color has-text-color has-link-color wp-elements-be63c880d87e19a5c5a3904747306683\"><strong>Vendredi 7 ao\u00fbt &#8211; Ch\u00e2teau-Gontier Sur Mayenne : Le Viaduc<\/strong><\/p>\n\n\n\n<p style=\"margin-top:var(--wp--preset--spacing--10);margin-bottom:var(--wp--preset--spacing--10)\"><strong>Distance :<\/strong> 15 km<br><strong>Tarif <\/strong>: 15\u20ac<br><strong>Places limit\u00e9es :<\/strong> Pas de jauge<\/p>\n\n\n\n<p class=\"has-green-color has-text-color has-link-color wp-elements-f0c2d4c18da05db5c24f2bb6952c2bdd\"><strong>Samedi 8 ao\u00fbt &#8211; D\u00e9part Orign\u00e9 : En avant vers les \u00e9cluses<\/strong><\/p>\n\n\n\n<p style=\"margin-top:var(--wp--preset--spacing--10);margin-bottom:var(--wp--preset--spacing--10)\"><strong>Distance :<\/strong> 13 ou 19 km<br><strong>Tarif <\/strong>: 15\u20ac<br><strong>Places limit\u00e9es :<\/strong> 78 places<\/p>\n\n\n\n<div style=\"height:39px\" aria-hidden=\"true\" class=\"wp-block-spacer\"><\/div>\n","protected":false},"excerpt":{"rendered":"<p>Organisation :\u00a0Rendez-vous \u00e0 8h30 au bois plaide. Repas tir\u00e9 du sac. Dimanche 2 ao\u00fbt &#8211; M\u00e9nil : Passage du Bac Distance : 15 ou 21 kmTarif : 15\u20acPlaces limit\u00e9es : Pas de jauge Lundi 3 ao\u00fbt &#8211; Saint Denis d&rsquo;Anjou : Petite Cit\u00e9 de caract\u00e8re Distance : 11 ou 20 kmTarif : 15\u20acPlaces limit\u00e9es : [&hellip;]<\/p>\n","protected":false},"author":4,"featured_media":0,"parent":427,"menu_order":0,"comment_status":"closed","ping_status":"closed","template":"","meta":{"slim_seo":{"title":"Randonn\u00e9es - Semaine F\u00e9d\u00e9rale Cyclotourisme 2026 - Ch\u00e2teau-Gontier sur Mayenne","description":"Organisation : \u00a0Rendez-vous \u00e0 8h30 au bois plaide. Repas tir\u00e9 du sac. Dimanche 2 ao\u00fbt - M\u00e9nil : Passage du Bac Distance : 15 ou 21 km Tarif : 15\u20ac Places limit\u00e9e"},"footnotes":""},"class_list":["post-1657","page","type-page","status-publish","hentry"],"_links":{"self":[{"href":"https:\/\/semaine-federale.ffvelo.fr\/2026\/wp-json\/wp\/v2\/pages\/1657","targetHints":{"allow":["GET"]}}],"collection":[{"href":"https:\/\/semaine-federale.ffvelo.fr\/2026\/wp-json\/wp\/v2\/pages"}],"about":[{"href":"https:\/\/semaine-federale.ffvelo.fr\/2026\/wp-json\/wp\/v2\/types\/page"}],"author":[{"embeddable":true,"href":"https:\/\/semaine-federale.ffvelo.fr\/2026\/wp-json\/wp\/v2\/users\/4"}],"replies":[{"embeddable":true,"href":"https:\/\/semaine-federale.ffvelo.fr\/2026\/wp-json\/wp\/v2\/comments?post=1657"}],"version-history":[{"count":1,"href":"https:\/\/semaine-federale.ffvelo.fr\/2026\/wp-json\/wp\/v2\/pages\/1657\/revisions"}],"predecessor-version":[{"id":1658,"href":"https:\/\/semaine-federale.ffvelo.fr\/2026\/wp-json\/wp\/v2\/pages\/1657\/revisions\/1658"}],"up":[{"embeddable":true,"href":"https:\/\/semaine-federale.ffvelo.fr\/2026\/wp-json\/wp\/v2\/pages\/427"}],"wp:attachment":[{"href":"https:\/\/semaine-federale.ffvelo.fr\/2026\/wp-json\/wp\/v2\/media?parent=1657"}],"curies":[{"name":"wp","href":"https:\/\/api.w.org\/{rel}","templated":true}]}}

Randonnées

<div class="wp-block-cover alignfull is-light wp-elements-ae27f9cd6505dccb46043369d9b35822" style="margin-bottom:var(--wp--preset--spacing--50);padding-top:var(--wp--preset--spacing--70);padding-bottom:var(--wp--preset--spacing--70)"><img loading="lazy" decoding="async" width="1024" height="683" class="wp-block-cover__image-background wp-image-40 size-large" alt="Canyon de saulges" src="https://semaine-federale.ffvelo.fr/2026/wp-content/uploads/sites/3/2025/07/Canyon-de-Saulges-1024x683.webp" data-object-fit="cover" srcset="https://semaine-federale.ffvelo.fr/2026/wp-content/uploads/sites/3/2025/07/Canyon-de-Saulges-1024x683.webp 1024w, https://semaine-federale.ffvelo.fr/2026/wp-content/uploads/sites/3/2025/07/Canyon-de-Saulges-300x200.webp 300w, https://semaine-federale.ffvelo.fr/2026/wp-content/uploads/sites/3/2025/07/Canyon-de-Saulges-768x512.webp 768w, https://semaine-federale.ffvelo.fr/2026/wp-content/uploads/sites/3/2025/07/Canyon-de-Saulges-1536x1025.webp 1536w, https://semaine-federale.ffvelo.fr/2026/wp-content/uploads/sites/3/2025/07/Canyon-de-Saulges-2048x1366.webp 2048w" sizes="auto, (max-width: 1024px) 100vw, 1024px" /><span aria-hidden="true" class="wp-block-cover__background has-beige-background-color has-background-dim-60 has-background-dim"></span><div class="wp-block-cover__inner-container has-global-padding is-layout-constrained wp-block-cover-is-layout-constrained">
<div class="wp-block-group has-global-padding is-content-justification-left is-layout-constrained wp-container-core-group-is-layout-12dd3699 wp-block-group-is-layout-constrained"><h1 class="has-text-align-center wp-block-post-title">Randonnées</h1></div>
</div></div>



<p><strong>Organisation :</strong> Rendez-vous à 8h30 au bois plaide. Repas tiré du sac.</p>



<p class="has-green-color has-text-color has-link-color wp-elements-89763c0f0935979450bb8011e4a3741c"><strong>Dimanche 2 août &#8211; Ménil : Passage du Bac</strong></p>



<p style="margin-top:var(--wp--preset--spacing--10);margin-bottom:var(--wp--preset--spacing--10)"><strong>Distance :</strong> 15 ou 21 km<br><strong>Tarif </strong>: 15€<br><strong>Places limitées :</strong> Pas de jauge</p>



<p class="has-green-color has-text-color has-link-color wp-elements-ed6d4b3a72d562c9324c9e808f770412"><strong>Lundi 3 août &#8211; Saint Denis d&rsquo;Anjou : Petite Cité de caractère</strong></p>



<p style="margin-top:var(--wp--preset--spacing--10);margin-bottom:var(--wp--preset--spacing--10)"><strong>Distance :</strong> 11 ou 20 km<br><strong>Tarif </strong>: 15€<br><strong>Places limitées :</strong> 53 places</p>



<p class="has-green-color has-text-color has-link-color wp-elements-27002fca86dc2cb25a7f9dbd158d870b"><strong>Mardi 4 août &#8211; Segré et Nyoiseau : Le Pays en Anjou Bleu</strong></p>



<p style="margin-top:var(--wp--preset--spacing--10);margin-bottom:var(--wp--preset--spacing--10)"><strong><strong>Distance :</strong></strong> 12 ou 22 km<strong><br><strong>Tarif </strong>:</strong> 15€<strong><br><strong>Places limitées :</strong> </strong>74 places</p>



<p class="has-green-color has-text-color has-link-color wp-elements-e2d83c2d8f1770561cf957fccd57c84a"><strong>Mercredi 5 août &#8211; Sainte Suzanne : La cité médiévale</strong></p>



<p style="margin-top:var(--wp--preset--spacing--10);margin-bottom:var(--wp--preset--spacing--10)"><strong>Distance :</strong> 11 ou 18 km<br><strong>Tarif </strong>: 15€<br><strong>Places limitées :</strong> 74 places</p>



<p class="has-green-color has-text-color has-link-color wp-elements-59f9014f67629d674fd977dc29caeea7"><strong>Jeudi 6 août &#8211; Pique nique à Craon : Le Château « le petit Versailles » de la Mayenne</strong></p>



<p style="margin-top:var(--wp--preset--spacing--10);margin-bottom:var(--wp--preset--spacing--10)"><strong>Distance :</strong> 14 km<br><strong>Tarif </strong>: 15€<br><strong>Places limitées :</strong> 94 places</p>



<p class="has-green-color has-text-color has-link-color wp-elements-be63c880d87e19a5c5a3904747306683"><strong>Vendredi 7 août &#8211; Château-Gontier Sur Mayenne : Le Viaduc</strong></p>



<p style="margin-top:var(--wp--preset--spacing--10);margin-bottom:var(--wp--preset--spacing--10)"><strong>Distance :</strong> 15 km<br><strong>Tarif </strong>: 15€<br><strong>Places limitées :</strong> Pas de jauge</p>



<p class="has-green-color has-text-color has-link-color wp-elements-f0c2d4c18da05db5c24f2bb6952c2bdd"><strong>Samedi 8 août &#8211; Départ Origné : En avant vers les écluses</strong></p>



<p style="margin-top:var(--wp--preset--spacing--10);margin-bottom:var(--wp--preset--spacing--10)"><strong>Distance :</strong> 13 ou 19 km<br><strong>Tarif </strong>: 15€<br><strong>Places limitées :</strong> 78 places</p>



<div style="height:39px" aria-hidden="true" class="wp-block-spacer"></div>

<p>Organisation : Rendez-vous à 8h30 au bois plaide. Repas tiré du sac. Dimanche 2 août &#8211; Ménil : Passage du Bac Distance : 15 ou 21 kmTarif : 15€Places limitées : Pas de jauge Lundi 3 août &#8211; Saint Denis d&rsquo;Anjou : Petite Cité de caractère Distance : 11 ou 20 kmTarif : 15€Places limitées : [&hellip;]</p>

Randonnées - Semaine Fédérale Cyclotourisme 2026 - Château-Gontier sur Mayenne

Organisation :  Rendez-vous à 8h30 au bois plaide. Repas tiré du sac. Dimanche 2 août - Ménil : Passage du Bac Distance : 15 ou 21 km Tarif : 15€ Places limitée
