{"id":279,"date":"2025-12-19T14:56:40","date_gmt":"2025-12-19T13:56:40","guid":{"rendered":"https:\/\/semaine-federale.ffvelo.fr\/2026\/?page_id=279"},"modified":"2026-04-23T09:52:55","modified_gmt":"2026-04-23T07:52:55","slug":"se-divertir","status":"publish","type":"page","link":"https:\/\/semaine-federale.ffvelo.fr\/2026\/se-divertir\/","title":{"rendered":"Se divertir"},"content":{"rendered":"\n<div class=\"wp-block-cover alignfull is-light wp-elements-bba863096577a2802e4b38271d035255\" style=\"margin-bottom:var(--wp--preset--spacing--50);padding-top:var(--wp--preset--spacing--70);padding-bottom:var(--wp--preset--spacing--70)\"><img loading=\"lazy\" decoding=\"async\" width=\"1441\" height=\"2160\" class=\"wp-block-cover__image-background wp-image-13 size-full\" alt=\"Ecluse de la benatre\" src=\"https:\/\/semaine-federale.ffvelo.fr\/2026\/wp-content\/uploads\/sites\/3\/2025\/07\/Ecluse-de-la-Benatre.webp\" data-object-fit=\"cover\" srcset=\"https:\/\/semaine-federale.ffvelo.fr\/2026\/wp-content\/uploads\/sites\/3\/2025\/07\/Ecluse-de-la-Benatre.webp 1441w, https:\/\/semaine-federale.ffvelo.fr\/2026\/wp-content\/uploads\/sites\/3\/2025\/07\/Ecluse-de-la-Benatre-200x300.webp 200w, https:\/\/semaine-federale.ffvelo.fr\/2026\/wp-content\/uploads\/sites\/3\/2025\/07\/Ecluse-de-la-Benatre-683x1024.webp 683w, https:\/\/semaine-federale.ffvelo.fr\/2026\/wp-content\/uploads\/sites\/3\/2025\/07\/Ecluse-de-la-Benatre-768x1151.webp 768w, https:\/\/semaine-federale.ffvelo.fr\/2026\/wp-content\/uploads\/sites\/3\/2025\/07\/Ecluse-de-la-Benatre-1025x1536.webp 1025w, https:\/\/semaine-federale.ffvelo.fr\/2026\/wp-content\/uploads\/sites\/3\/2025\/07\/Ecluse-de-la-Benatre-1366x2048.webp 1366w\" sizes=\"auto, (max-width: 1441px) 100vw, 1441px\" \/><span aria-hidden=\"true\" class=\"wp-block-cover__background has-beige-background-color has-background-dim-60 has-background-dim\"><\/span><div class=\"wp-block-cover__inner-container has-global-padding is-layout-constrained wp-block-cover-is-layout-constrained\">\n<div class=\"wp-block-group has-global-padding is-content-justification-left is-layout-constrained wp-container-core-group-is-layout-12dd3699 wp-block-group-is-layout-constrained\"><h1 class=\"has-text-align-center wp-block-post-title\">Se divertir<\/h1><\/div>\n<\/div><\/div>\n\n\n\n<div class=\"wp-block-columns are-vertically-aligned-center is-layout-flex wp-container-core-columns-is-layout-28f84493 wp-block-columns-is-layout-flex\">\n<div class=\"wp-block-column is-vertically-aligned-center is-layout-flow wp-block-column-is-layout-flow\">\n<figure class=\"wp-block-image size-large\"><img loading=\"lazy\" decoding=\"async\" width=\"1024\" height=\"683\" src=\"https:\/\/semaine-federale.ffvelo.fr\/2026\/wp-content\/uploads\/sites\/3\/2025\/11\/La-mine-bleue-1024x683.jpg\" alt=\"\" class=\"wp-image-252\" srcset=\"https:\/\/semaine-federale.ffvelo.fr\/2026\/wp-content\/uploads\/sites\/3\/2025\/11\/La-mine-bleue-1024x683.jpg 1024w, https:\/\/semaine-federale.ffvelo.fr\/2026\/wp-content\/uploads\/sites\/3\/2025\/11\/La-mine-bleue-300x200.jpg 300w, https:\/\/semaine-federale.ffvelo.fr\/2026\/wp-content\/uploads\/sites\/3\/2025\/11\/La-mine-bleue-768x512.jpg 768w, https:\/\/semaine-federale.ffvelo.fr\/2026\/wp-content\/uploads\/sites\/3\/2025\/11\/La-mine-bleue-1536x1024.jpg 1536w, https:\/\/semaine-federale.ffvelo.fr\/2026\/wp-content\/uploads\/sites\/3\/2025\/11\/La-mine-bleue.jpg 1620w\" sizes=\"auto, (max-width: 1024px) 100vw, 1024px\" \/><\/figure>\n<\/div>\n\n\n\n<div class=\"wp-block-column is-vertically-aligned-center is-layout-flow wp-block-column-is-layout-flow\">\n<h2 class=\"wp-block-heading\">Folklore local<\/h2>\n\n\n\n<p>D\u00e9couvrez le folklore local. Du patrimoine aux visites en passant par la gastronomie, vous d\u00e9couvrirez La Mayenne sous un nouvel angle sur cette page.<br>N&rsquo;h\u00e9sitez plus, venez d\u00e9couvrir notre magnifique d\u00e9partement !<\/p>\n\n\n\n<div class=\"wp-block-buttons is-layout-flex wp-block-buttons-is-layout-flex\">\n<div class=\"wp-block-button\"><a class=\"wp-block-button__link wp-element-button\" href=\"https:\/\/semaine-federale.ffvelo.fr\/2026\/se-divertir\/folklore-local\/\">D\u00e9couvrir la page<\/a><\/div>\n<\/div>\n<\/div>\n<\/div>\n\n\n\n<div style=\"height:20px\" aria-hidden=\"true\" class=\"wp-block-spacer\"><\/div>\n\n\n\n<div class=\"wp-block-columns are-vertically-aligned-center is-layout-flex wp-container-core-columns-is-layout-28f84493 wp-block-columns-is-layout-flex\">\n<div class=\"wp-block-column is-vertically-aligned-center is-layout-flow wp-block-column-is-layout-flow\">\n<h2 class=\"wp-block-heading\">Village et camping f\u00e9d\u00e9ral<\/h2>\n\n\n\n<p>Lors de cette magnifique semaine, nous vous proposerons un village f\u00e9d\u00e9ral anim\u00e9. Ce village pourra rythmer vos journ\u00e9es au rythme de ses animations.<br>De plus, si vous le souhaitez, vous pourrez s\u00e9journer au camping f\u00e9d\u00e9ral. Nous vous garantissons la bonne ambiance et toutes les joies de la vie en communaut\u00e9.<\/p>\n\n\n\n<div class=\"wp-block-buttons is-layout-flex wp-block-buttons-is-layout-flex\">\n<div class=\"wp-block-button\"><a class=\"wp-block-button__link wp-element-button\" href=\"https:\/\/semaine-federale.ffvelo.fr\/2026\/se-divertir\/le-village-federal\/\">D\u00e9couvrir la page<\/a><\/div>\n<\/div>\n<\/div>\n\n\n\n<div class=\"wp-block-column is-vertically-aligned-center is-layout-flow wp-block-column-is-layout-flow\">\n<figure class=\"wp-block-image size-large\"><img loading=\"lazy\" decoding=\"async\" width=\"1024\" height=\"683\" src=\"https:\/\/semaine-federale.ffvelo.fr\/2026\/wp-content\/uploads\/sites\/3\/2025\/07\/Centre-ville-Chateau-Gontier-1024x683.webp\" alt=\"Centre ville ch\u00e2teau gontier\" class=\"wp-image-24\" srcset=\"https:\/\/semaine-federale.ffvelo.fr\/2026\/wp-content\/uploads\/sites\/3\/2025\/07\/Centre-ville-Chateau-Gontier-1024x683.webp 1024w, https:\/\/semaine-federale.ffvelo.fr\/2026\/wp-content\/uploads\/sites\/3\/2025\/07\/Centre-ville-Chateau-Gontier-300x200.webp 300w, https:\/\/semaine-federale.ffvelo.fr\/2026\/wp-content\/uploads\/sites\/3\/2025\/07\/Centre-ville-Chateau-Gontier-768x512.webp 768w, https:\/\/semaine-federale.ffvelo.fr\/2026\/wp-content\/uploads\/sites\/3\/2025\/07\/Centre-ville-Chateau-Gontier-1536x1024.webp 1536w, https:\/\/semaine-federale.ffvelo.fr\/2026\/wp-content\/uploads\/sites\/3\/2025\/07\/Centre-ville-Chateau-Gontier.webp 1920w\" sizes=\"auto, (max-width: 1024px) 100vw, 1024px\" \/><\/figure>\n<\/div>\n<\/div>\n\n\n\n<div style=\"height:20px\" aria-hidden=\"true\" class=\"wp-block-spacer\"><\/div>\n\n\n\n<div class=\"wp-block-columns are-vertically-aligned-center is-layout-flex wp-container-core-columns-is-layout-28f84493 wp-block-columns-is-layout-flex\">\n<div class=\"wp-block-column is-vertically-aligned-center is-layout-flow wp-block-column-is-layout-flow\">\n<figure class=\"wp-block-image size-full\"><img loading=\"lazy\" decoding=\"async\" width=\"686\" height=\"532\" src=\"https:\/\/semaine-federale.ffvelo.fr\/2026\/wp-content\/uploads\/sites\/3\/2025\/07\/Special-jeunes-2.webp\" alt=\"Sp\u00e9cial jeunes 2\" class=\"wp-image-30\" srcset=\"https:\/\/semaine-federale.ffvelo.fr\/2026\/wp-content\/uploads\/sites\/3\/2025\/07\/Special-jeunes-2.webp 686w, https:\/\/semaine-federale.ffvelo.fr\/2026\/wp-content\/uploads\/sites\/3\/2025\/07\/Special-jeunes-2-300x233.webp 300w\" sizes=\"auto, (max-width: 686px) 100vw, 686px\" \/><\/figure>\n<\/div>\n\n\n\n<div class=\"wp-block-column is-vertically-aligned-center is-layout-flow wp-block-column-is-layout-flow\">\n<h2 class=\"wp-block-heading\">Sp\u00e9cial jeunes<\/h2>\n\n\n\n<p>Notre Festival est \u00e0 destination de tous. Les jeunes, vous trouverez tous une activit\u00e9 \u00e0 faire tous les jours.<br>Le Festival de cyclotourisme se tourne r\u00e9solument vers les plus jeunes avec le festival <strong>Bike To Ch\u00e2teau-Gontier<\/strong>.<\/p>\n\n\n\n<div class=\"wp-block-buttons is-layout-flex wp-block-buttons-is-layout-flex\">\n<div class=\"wp-block-button\"><a class=\"wp-block-button__link wp-element-button\" href=\"https:\/\/semaine-federale.ffvelo.fr\/2026\/se-divertir\/special-jeunes\/\">D\u00e9couvrir la page<\/a><\/div>\n<\/div>\n<\/div>\n<\/div>\n\n\n\n<div style=\"height:40px\" aria-hidden=\"true\" class=\"wp-block-spacer\"><\/div>\n","protected":false},"excerpt":{"rendered":"<p>Folklore local D\u00e9couvrez le folklore local. Du patrimoine aux visites en passant par la gastronomie, vous d\u00e9couvrirez La Mayenne sous un nouvel angle sur cette page.N&rsquo;h\u00e9sitez plus, venez d\u00e9couvrir notre magnifique d\u00e9partement ! Village et camping f\u00e9d\u00e9ral Lors de cette magnifique semaine, nous vous proposerons un village f\u00e9d\u00e9ral anim\u00e9. Ce village pourra rythmer vos journ\u00e9es [&hellip;]<\/p>\n","protected":false},"author":4,"featured_media":0,"parent":0,"menu_order":0,"comment_status":"closed","ping_status":"closed","template":"","meta":{"slim_seo":{"title":"Se divertir - Semaine F\u00e9d\u00e9rale Cyclotourisme 2026 - Ch\u00e2teau-Gontier sur Mayenne","description":"Folklore local D\u00e9couvrez le folklore local. Du patrimoine aux visites en passant par la gastronomie, vous d\u00e9couvrirez La Mayenne sous un nouvel angle sur cette"},"footnotes":""},"class_list":["post-279","page","type-page","status-publish","hentry"],"_links":{"self":[{"href":"https:\/\/semaine-federale.ffvelo.fr\/2026\/wp-json\/wp\/v2\/pages\/279","targetHints":{"allow":["GET"]}}],"collection":[{"href":"https:\/\/semaine-federale.ffvelo.fr\/2026\/wp-json\/wp\/v2\/pages"}],"about":[{"href":"https:\/\/semaine-federale.ffvelo.fr\/2026\/wp-json\/wp\/v2\/types\/page"}],"author":[{"embeddable":true,"href":"https:\/\/semaine-federale.ffvelo.fr\/2026\/wp-json\/wp\/v2\/users\/4"}],"replies":[{"embeddable":true,"href":"https:\/\/semaine-federale.ffvelo.fr\/2026\/wp-json\/wp\/v2\/comments?post=279"}],"version-history":[{"count":9,"href":"https:\/\/semaine-federale.ffvelo.fr\/2026\/wp-json\/wp\/v2\/pages\/279\/revisions"}],"predecessor-version":[{"id":1745,"href":"https:\/\/semaine-federale.ffvelo.fr\/2026\/wp-json\/wp\/v2\/pages\/279\/revisions\/1745"}],"wp:attachment":[{"href":"https:\/\/semaine-federale.ffvelo.fr\/2026\/wp-json\/wp\/v2\/media?parent=279"}],"curies":[{"name":"wp","href":"https:\/\/api.w.org\/{rel}","templated":true}]}}

<div class="wp-block-cover alignfull is-light wp-elements-bba863096577a2802e4b38271d035255" style="margin-bottom:var(--wp--preset--spacing--50);padding-top:var(--wp--preset--spacing--70);padding-bottom:var(--wp--preset--spacing--70)"><img loading="lazy" decoding="async" width="1441" height="2160" class="wp-block-cover__image-background wp-image-13 size-full" alt="Ecluse de la benatre" src="https://semaine-federale.ffvelo.fr/2026/wp-content/uploads/sites/3/2025/07/Ecluse-de-la-Benatre.webp" data-object-fit="cover" srcset="https://semaine-federale.ffvelo.fr/2026/wp-content/uploads/sites/3/2025/07/Ecluse-de-la-Benatre.webp 1441w, https://semaine-federale.ffvelo.fr/2026/wp-content/uploads/sites/3/2025/07/Ecluse-de-la-Benatre-200x300.webp 200w, https://semaine-federale.ffvelo.fr/2026/wp-content/uploads/sites/3/2025/07/Ecluse-de-la-Benatre-683x1024.webp 683w, https://semaine-federale.ffvelo.fr/2026/wp-content/uploads/sites/3/2025/07/Ecluse-de-la-Benatre-768x1151.webp 768w, https://semaine-federale.ffvelo.fr/2026/wp-content/uploads/sites/3/2025/07/Ecluse-de-la-Benatre-1025x1536.webp 1025w, https://semaine-federale.ffvelo.fr/2026/wp-content/uploads/sites/3/2025/07/Ecluse-de-la-Benatre-1366x2048.webp 1366w" sizes="auto, (max-width: 1441px) 100vw, 1441px" /><span aria-hidden="true" class="wp-block-cover__background has-beige-background-color has-background-dim-60 has-background-dim"></span><div class="wp-block-cover__inner-container has-global-padding is-layout-constrained wp-block-cover-is-layout-constrained">
<div class="wp-block-group has-global-padding is-content-justification-left is-layout-constrained wp-container-core-group-is-layout-12dd3699 wp-block-group-is-layout-constrained"><h1 class="has-text-align-center wp-block-post-title">Se divertir</h1></div>
</div></div>



<div class="wp-block-columns are-vertically-aligned-center is-layout-flex wp-container-core-columns-is-layout-28f84493 wp-block-columns-is-layout-flex">
<div class="wp-block-column is-vertically-aligned-center is-layout-flow wp-block-column-is-layout-flow">
<figure class="wp-block-image size-large"><img loading="lazy" decoding="async" width="1024" height="683" src="https://semaine-federale.ffvelo.fr/2026/wp-content/uploads/sites/3/2025/11/La-mine-bleue-1024x683.jpg" alt="" class="wp-image-252" srcset="https://semaine-federale.ffvelo.fr/2026/wp-content/uploads/sites/3/2025/11/La-mine-bleue-1024x683.jpg 1024w, https://semaine-federale.ffvelo.fr/2026/wp-content/uploads/sites/3/2025/11/La-mine-bleue-300x200.jpg 300w, https://semaine-federale.ffvelo.fr/2026/wp-content/uploads/sites/3/2025/11/La-mine-bleue-768x512.jpg 768w, https://semaine-federale.ffvelo.fr/2026/wp-content/uploads/sites/3/2025/11/La-mine-bleue-1536x1024.jpg 1536w, https://semaine-federale.ffvelo.fr/2026/wp-content/uploads/sites/3/2025/11/La-mine-bleue.jpg 1620w" sizes="auto, (max-width: 1024px) 100vw, 1024px" /></figure>
</div>



<div class="wp-block-column is-vertically-aligned-center is-layout-flow wp-block-column-is-layout-flow">
<h2 class="wp-block-heading">Folklore local</h2>



<p>Découvrez le folklore local. Du patrimoine aux visites en passant par la gastronomie, vous découvrirez La Mayenne sous un nouvel angle sur cette page.<br>N&rsquo;hésitez plus, venez découvrir notre magnifique département !</p>



<div class="wp-block-buttons is-layout-flex wp-block-buttons-is-layout-flex">
<div class="wp-block-button"><a class="wp-block-button__link wp-element-button" href="https://semaine-federale.ffvelo.fr/2026/se-divertir/folklore-local/">Découvrir la page</a></div>
</div>
</div>
</div>



<div style="height:20px" aria-hidden="true" class="wp-block-spacer"></div>



<div class="wp-block-columns are-vertically-aligned-center is-layout-flex wp-container-core-columns-is-layout-28f84493 wp-block-columns-is-layout-flex">
<div class="wp-block-column is-vertically-aligned-center is-layout-flow wp-block-column-is-layout-flow">
<h2 class="wp-block-heading">Village et camping fédéral</h2>



<p>Lors de cette magnifique semaine, nous vous proposerons un village fédéral animé. Ce village pourra rythmer vos journées au rythme de ses animations.<br>De plus, si vous le souhaitez, vous pourrez séjourner au camping fédéral. Nous vous garantissons la bonne ambiance et toutes les joies de la vie en communauté.</p>



<div class="wp-block-buttons is-layout-flex wp-block-buttons-is-layout-flex">
<div class="wp-block-button"><a class="wp-block-button__link wp-element-button" href="https://semaine-federale.ffvelo.fr/2026/se-divertir/le-village-federal/">Découvrir la page</a></div>
</div>
</div>



<div class="wp-block-column is-vertically-aligned-center is-layout-flow wp-block-column-is-layout-flow">
<figure class="wp-block-image size-large"><img loading="lazy" decoding="async" width="1024" height="683" src="https://semaine-federale.ffvelo.fr/2026/wp-content/uploads/sites/3/2025/07/Centre-ville-Chateau-Gontier-1024x683.webp" alt="Centre ville château gontier" class="wp-image-24" srcset="https://semaine-federale.ffvelo.fr/2026/wp-content/uploads/sites/3/2025/07/Centre-ville-Chateau-Gontier-1024x683.webp 1024w, https://semaine-federale.ffvelo.fr/2026/wp-content/uploads/sites/3/2025/07/Centre-ville-Chateau-Gontier-300x200.webp 300w, https://semaine-federale.ffvelo.fr/2026/wp-content/uploads/sites/3/2025/07/Centre-ville-Chateau-Gontier-768x512.webp 768w, https://semaine-federale.ffvelo.fr/2026/wp-content/uploads/sites/3/2025/07/Centre-ville-Chateau-Gontier-1536x1024.webp 1536w, https://semaine-federale.ffvelo.fr/2026/wp-content/uploads/sites/3/2025/07/Centre-ville-Chateau-Gontier.webp 1920w" sizes="auto, (max-width: 1024px) 100vw, 1024px" /></figure>
</div>
</div>



<div style="height:20px" aria-hidden="true" class="wp-block-spacer"></div>



<div class="wp-block-columns are-vertically-aligned-center is-layout-flex wp-container-core-columns-is-layout-28f84493 wp-block-columns-is-layout-flex">
<div class="wp-block-column is-vertically-aligned-center is-layout-flow wp-block-column-is-layout-flow">
<figure class="wp-block-image size-full"><img loading="lazy" decoding="async" width="686" height="532" src="https://semaine-federale.ffvelo.fr/2026/wp-content/uploads/sites/3/2025/07/Special-jeunes-2.webp" alt="Spécial jeunes 2" class="wp-image-30" srcset="https://semaine-federale.ffvelo.fr/2026/wp-content/uploads/sites/3/2025/07/Special-jeunes-2.webp 686w, https://semaine-federale.ffvelo.fr/2026/wp-content/uploads/sites/3/2025/07/Special-jeunes-2-300x233.webp 300w" sizes="auto, (max-width: 686px) 100vw, 686px" /></figure>
</div>



<div class="wp-block-column is-vertically-aligned-center is-layout-flow wp-block-column-is-layout-flow">
<h2 class="wp-block-heading">Spécial jeunes</h2>



<p>Notre Festival est à destination de tous. Les jeunes, vous trouverez tous une activité à faire tous les jours.<br>Le Festival de cyclotourisme se tourne résolument vers les plus jeunes avec le festival <strong>Bike To Château-Gontier</strong>.</p>



<div class="wp-block-buttons is-layout-flex wp-block-buttons-is-layout-flex">
<div class="wp-block-button"><a class="wp-block-button__link wp-element-button" href="https://semaine-federale.ffvelo.fr/2026/se-divertir/special-jeunes/">Découvrir la page</a></div>
</div>
</div>
</div>



<div style="height:40px" aria-hidden="true" class="wp-block-spacer"></div>

<p>Folklore local Découvrez le folklore local. Du patrimoine aux visites en passant par la gastronomie, vous découvrirez La Mayenne sous un nouvel angle sur cette page.N&rsquo;hésitez plus, venez découvrir notre magnifique département ! Village et camping fédéral Lors de cette magnifique semaine, nous vous proposerons un village fédéral animé. Ce village pourra rythmer vos journées [&hellip;]</p>

Se divertir - Semaine Fédérale Cyclotourisme 2026 - Château-Gontier sur Mayenne

Folklore local Découvrez le folklore local. Du patrimoine aux visites en passant par la gastronomie, vous découvrirez La Mayenne sous un nouvel angle sur cette
