{"id":281,"date":"2025-12-19T14:56:40","date_gmt":"2025-12-19T13:56:40","guid":{"rendered":"https:\/\/semaine-federale.ffvelo.fr\/2026\/?page_id=281"},"modified":"2026-01-28T22:22:44","modified_gmt":"2026-01-28T21:22:44","slug":"le-village-federal","status":"publish","type":"page","link":"https:\/\/semaine-federale.ffvelo.fr\/2026\/se-divertir\/le-village-federal\/","title":{"rendered":"Le village et le camping f\u00e9d\u00e9ral"},"content":{"rendered":"\n<div class=\"wp-block-cover alignfull is-light wp-elements-1dbe70aedbb6f73abc69daccca21c369\" style=\"margin-bottom:var(--wp--preset--spacing--50);padding-top:var(--wp--preset--spacing--70);padding-bottom:var(--wp--preset--spacing--70)\"><img loading=\"lazy\" decoding=\"async\" width=\"1024\" height=\"683\" class=\"wp-block-cover__image-background wp-image-24 size-large\" alt=\"Centre ville ch\u00e2teau gontier\" src=\"https:\/\/semaine-federale.ffvelo.fr\/2026\/wp-content\/uploads\/sites\/3\/2025\/07\/Centre-ville-Chateau-Gontier-1024x683.webp\" data-object-fit=\"cover\" srcset=\"https:\/\/semaine-federale.ffvelo.fr\/2026\/wp-content\/uploads\/sites\/3\/2025\/07\/Centre-ville-Chateau-Gontier-1024x683.webp 1024w, https:\/\/semaine-federale.ffvelo.fr\/2026\/wp-content\/uploads\/sites\/3\/2025\/07\/Centre-ville-Chateau-Gontier-300x200.webp 300w, https:\/\/semaine-federale.ffvelo.fr\/2026\/wp-content\/uploads\/sites\/3\/2025\/07\/Centre-ville-Chateau-Gontier-768x512.webp 768w, https:\/\/semaine-federale.ffvelo.fr\/2026\/wp-content\/uploads\/sites\/3\/2025\/07\/Centre-ville-Chateau-Gontier-1536x1024.webp 1536w, https:\/\/semaine-federale.ffvelo.fr\/2026\/wp-content\/uploads\/sites\/3\/2025\/07\/Centre-ville-Chateau-Gontier.webp 1920w\" sizes=\"auto, (max-width: 1024px) 100vw, 1024px\" \/><span aria-hidden=\"true\" class=\"wp-block-cover__background has-beige-background-color has-background-dim-60 has-background-dim\"><\/span><div class=\"wp-block-cover__inner-container has-global-padding is-layout-constrained wp-block-cover-is-layout-constrained\">\n<div class=\"wp-block-group alignfull has-global-padding is-layout-constrained wp-block-group-is-layout-constrained\" style=\"padding-bottom:var(--wp--preset--spacing--40)\"><h1 class=\"has-text-align-center wp-block-post-title\">Le village et le camping f\u00e9d\u00e9ral<\/h1><\/div>\n<\/div><\/div>\n\n\n\n<figure data-wp-context=\"{&quot;imageId&quot;:&quot;69efb3303eb81&quot;}\" data-wp-interactive=\"core\/image\" data-wp-key=\"69efb3303eb81\" class=\"wp-block-image aligncenter size-large wp-lightbox-container\"><img loading=\"lazy\" decoding=\"async\" width=\"1024\" height=\"729\" data-wp-class--hide=\"state.isContentHidden\" data-wp-class--show=\"state.isContentVisible\" data-wp-init=\"callbacks.setButtonStyles\" data-wp-on--click=\"actions.showLightbox\" data-wp-on--load=\"callbacks.setButtonStyles\" data-wp-on-window--resize=\"callbacks.setButtonStyles\" src=\"https:\/\/semaine-federale.ffvelo.fr\/2026\/wp-content\/uploads\/sites\/3\/2025\/11\/Capture-decran-2025-11-14-164857-1024x729.png\" alt=\"\" class=\"wp-image-313\" srcset=\"https:\/\/semaine-federale.ffvelo.fr\/2026\/wp-content\/uploads\/sites\/3\/2025\/11\/Capture-decran-2025-11-14-164857-1024x729.png 1024w, https:\/\/semaine-federale.ffvelo.fr\/2026\/wp-content\/uploads\/sites\/3\/2025\/11\/Capture-decran-2025-11-14-164857-300x213.png 300w, https:\/\/semaine-federale.ffvelo.fr\/2026\/wp-content\/uploads\/sites\/3\/2025\/11\/Capture-decran-2025-11-14-164857-768x546.png 768w, https:\/\/semaine-federale.ffvelo.fr\/2026\/wp-content\/uploads\/sites\/3\/2025\/11\/Capture-decran-2025-11-14-164857.png 1116w\" sizes=\"auto, (max-width: 1024px) 100vw, 1024px\" \/><button\n\t\t\tclass=\"lightbox-trigger\"\n\t\t\ttype=\"button\"\n\t\t\taria-haspopup=\"dialog\"\n\t\t\taria-label=\"Agrandir\"\n\t\t\tdata-wp-init=\"callbacks.initTriggerButton\"\n\t\t\tdata-wp-on--click=\"actions.showLightbox\"\n\t\t\tdata-wp-style--right=\"state.imageButtonRight\"\n\t\t\tdata-wp-style--top=\"state.imageButtonTop\"\n\t\t>\n\t\t\t<svg xmlns=\"http:\/\/www.w3.org\/2000\/svg\" width=\"12\" height=\"12\" fill=\"none\" viewBox=\"0 0 12 12\">\n\t\t\t\t<path fill=\"#fff\" d=\"M2 0a2 2 0 0 0-2 2v2h1.5V2a.5.5 0 0 1 .5-.5h2V0H2Zm2 10.5H2a.5.5 0 0 1-.5-.5V8H0v2a2 2 0 0 0 2 2h2v-1.5ZM8 12v-1.5h2a.5.5 0 0 0 .5-.5V8H12v2a2 2 0 0 1-2 2H8Zm2-12a2 2 0 0 1 2 2v2h-1.5V2a.5.5 0 0 0-.5-.5H8V0h2Z\" \/>\n\t\t\t<\/svg>\n\t\t<\/button><\/figure>\n\n\n\n<div class=\"wp-block-buttons is-content-justification-center is-layout-flex wp-container-core-buttons-is-layout-a89b3969 wp-block-buttons-is-layout-flex\">\n<div class=\"wp-block-button\"><a class=\"wp-block-button__link wp-element-button\" href=\"https:\/\/semaine-federale.ffvelo.fr\/2026\/wp-content\/uploads\/sites\/3\/2025\/11\/plan-du-village-et-du-camping.pdf\">T\u00e9l\u00e9charger le plan en PDF<\/a><\/div>\n<\/div>\n\n\n\n<div style=\"height:40px\" aria-hidden=\"true\" class=\"wp-block-spacer\"><\/div>\n","protected":false},"excerpt":{"rendered":"","protected":false},"author":4,"featured_media":0,"parent":279,"menu_order":0,"comment_status":"closed","ping_status":"closed","template":"","meta":{"slim_seo":{"title":"Le village et le camping f\u00e9d\u00e9ral - Semaine F\u00e9d\u00e9rale Cyclotourisme 2026 - Ch\u00e2teau-Gontier sur Mayenne","description":""},"footnotes":""},"class_list":["post-281","page","type-page","status-publish","hentry"],"_links":{"self":[{"href":"https:\/\/semaine-federale.ffvelo.fr\/2026\/wp-json\/wp\/v2\/pages\/281","targetHints":{"allow":["GET"]}}],"collection":[{"href":"https:\/\/semaine-federale.ffvelo.fr\/2026\/wp-json\/wp\/v2\/pages"}],"about":[{"href":"https:\/\/semaine-federale.ffvelo.fr\/2026\/wp-json\/wp\/v2\/types\/page"}],"author":[{"embeddable":true,"href":"https:\/\/semaine-federale.ffvelo.fr\/2026\/wp-json\/wp\/v2\/users\/4"}],"replies":[{"embeddable":true,"href":"https:\/\/semaine-federale.ffvelo.fr\/2026\/wp-json\/wp\/v2\/comments?post=281"}],"version-history":[{"count":4,"href":"https:\/\/semaine-federale.ffvelo.fr\/2026\/wp-json\/wp\/v2\/pages\/281\/revisions"}],"predecessor-version":[{"id":1538,"href":"https:\/\/semaine-federale.ffvelo.fr\/2026\/wp-json\/wp\/v2\/pages\/281\/revisions\/1538"}],"up":[{"embeddable":true,"href":"https:\/\/semaine-federale.ffvelo.fr\/2026\/wp-json\/wp\/v2\/pages\/279"}],"wp:attachment":[{"href":"https:\/\/semaine-federale.ffvelo.fr\/2026\/wp-json\/wp\/v2\/media?parent=281"}],"curies":[{"name":"wp","href":"https:\/\/api.w.org\/{rel}","templated":true}]}}

Le village et le camping fédéral

<div class="wp-block-cover alignfull is-light wp-elements-1dbe70aedbb6f73abc69daccca21c369" style="margin-bottom:var(--wp--preset--spacing--50);padding-top:var(--wp--preset--spacing--70);padding-bottom:var(--wp--preset--spacing--70)"><img loading="lazy" decoding="async" width="1024" height="683" class="wp-block-cover__image-background wp-image-24 size-large" alt="Centre ville château gontier" src="https://semaine-federale.ffvelo.fr/2026/wp-content/uploads/sites/3/2025/07/Centre-ville-Chateau-Gontier-1024x683.webp" data-object-fit="cover" srcset="https://semaine-federale.ffvelo.fr/2026/wp-content/uploads/sites/3/2025/07/Centre-ville-Chateau-Gontier-1024x683.webp 1024w, https://semaine-federale.ffvelo.fr/2026/wp-content/uploads/sites/3/2025/07/Centre-ville-Chateau-Gontier-300x200.webp 300w, https://semaine-federale.ffvelo.fr/2026/wp-content/uploads/sites/3/2025/07/Centre-ville-Chateau-Gontier-768x512.webp 768w, https://semaine-federale.ffvelo.fr/2026/wp-content/uploads/sites/3/2025/07/Centre-ville-Chateau-Gontier-1536x1024.webp 1536w, https://semaine-federale.ffvelo.fr/2026/wp-content/uploads/sites/3/2025/07/Centre-ville-Chateau-Gontier.webp 1920w" sizes="auto, (max-width: 1024px) 100vw, 1024px" /><span aria-hidden="true" class="wp-block-cover__background has-beige-background-color has-background-dim-60 has-background-dim"></span><div class="wp-block-cover__inner-container has-global-padding is-layout-constrained wp-block-cover-is-layout-constrained">
<div class="wp-block-group alignfull has-global-padding is-layout-constrained wp-block-group-is-layout-constrained" style="padding-bottom:var(--wp--preset--spacing--40)"><h1 class="has-text-align-center wp-block-post-title">Le village et le camping fédéral</h1></div>
</div></div>



<figure data-wp-context="{&quot;imageId&quot;:&quot;69efb3303eb81&quot;}" data-wp-interactive="core/image" data-wp-key="69efb3303eb81" class="wp-block-image aligncenter size-large wp-lightbox-container"><img loading="lazy" decoding="async" width="1024" height="729" data-wp-class--hide="state.isContentHidden" data-wp-class--show="state.isContentVisible" data-wp-init="callbacks.setButtonStyles" data-wp-on--click="actions.showLightbox" data-wp-on--load="callbacks.setButtonStyles" data-wp-on-window--resize="callbacks.setButtonStyles" src="https://semaine-federale.ffvelo.fr/2026/wp-content/uploads/sites/3/2025/11/Capture-decran-2025-11-14-164857-1024x729.png" alt="" class="wp-image-313" srcset="https://semaine-federale.ffvelo.fr/2026/wp-content/uploads/sites/3/2025/11/Capture-decran-2025-11-14-164857-1024x729.png 1024w, https://semaine-federale.ffvelo.fr/2026/wp-content/uploads/sites/3/2025/11/Capture-decran-2025-11-14-164857-300x213.png 300w, https://semaine-federale.ffvelo.fr/2026/wp-content/uploads/sites/3/2025/11/Capture-decran-2025-11-14-164857-768x546.png 768w, https://semaine-federale.ffvelo.fr/2026/wp-content/uploads/sites/3/2025/11/Capture-decran-2025-11-14-164857.png 1116w" sizes="auto, (max-width: 1024px) 100vw, 1024px" /><button
			class="lightbox-trigger"
			type="button"
			aria-haspopup="dialog"
			aria-label="Agrandir"
			data-wp-init="callbacks.initTriggerButton"
			data-wp-on--click="actions.showLightbox"
			data-wp-style--right="state.imageButtonRight"
			data-wp-style--top="state.imageButtonTop"
		>
			<svg xmlns="http://www.w3.org/2000/svg" width="12" height="12" fill="none" viewBox="0 0 12 12">
				<path fill="#fff" d="M2 0a2 2 0 0 0-2 2v2h1.5V2a.5.5 0 0 1 .5-.5h2V0H2Zm2 10.5H2a.5.5 0 0 1-.5-.5V8H0v2a2 2 0 0 0 2 2h2v-1.5ZM8 12v-1.5h2a.5.5 0 0 0 .5-.5V8H12v2a2 2 0 0 1-2 2H8Zm2-12a2 2 0 0 1 2 2v2h-1.5V2a.5.5 0 0 0-.5-.5H8V0h2Z" />
			</svg>
		</button></figure>



<div class="wp-block-buttons is-content-justification-center is-layout-flex wp-container-core-buttons-is-layout-a89b3969 wp-block-buttons-is-layout-flex">
<div class="wp-block-button"><a class="wp-block-button__link wp-element-button" href="https://semaine-federale.ffvelo.fr/2026/wp-content/uploads/sites/3/2025/11/plan-du-village-et-du-camping.pdf">Télécharger le plan en PDF</a></div>
</div>



<div style="height:40px" aria-hidden="true" class="wp-block-spacer"></div>

Le village et le camping fédéral - Semaine Fédérale Cyclotourisme 2026 - Château-Gontier sur Mayenne
