{"id":381,"date":"2025-12-19T14:56:40","date_gmt":"2025-12-19T13:56:40","guid":{"rendered":"https:\/\/semaine-federale.ffvelo.fr\/2026\/?page_id=381"},"modified":"2026-04-23T10:05:58","modified_gmt":"2026-04-23T08:05:58","slug":"special-jeunes","status":"publish","type":"page","link":"https:\/\/semaine-federale.ffvelo.fr\/2026\/se-divertir\/special-jeunes\/","title":{"rendered":"Sp\u00e9cial jeunes"},"content":{"rendered":"\n<div class=\"wp-block-cover alignfull is-light wp-elements-8c1b42840c3bfc597264cf7aa6ab39df\" style=\"margin-bottom:var(--wp--preset--spacing--50);padding-top:var(--wp--preset--spacing--70);padding-bottom:var(--wp--preset--spacing--70)\"><img loading=\"lazy\" decoding=\"async\" width=\"897\" height=\"900\" class=\"wp-block-cover__image-background wp-image-31 size-full\" alt=\"Sp\u00e9cial jeunes 3\" src=\"https:\/\/semaine-federale.ffvelo.fr\/2026\/wp-content\/uploads\/sites\/3\/2025\/07\/Special-jeunes-3.webp\" data-object-fit=\"cover\" srcset=\"https:\/\/semaine-federale.ffvelo.fr\/2026\/wp-content\/uploads\/sites\/3\/2025\/07\/Special-jeunes-3.webp 897w, https:\/\/semaine-federale.ffvelo.fr\/2026\/wp-content\/uploads\/sites\/3\/2025\/07\/Special-jeunes-3-300x300.webp 300w, https:\/\/semaine-federale.ffvelo.fr\/2026\/wp-content\/uploads\/sites\/3\/2025\/07\/Special-jeunes-3-150x150.webp 150w, https:\/\/semaine-federale.ffvelo.fr\/2026\/wp-content\/uploads\/sites\/3\/2025\/07\/Special-jeunes-3-768x771.webp 768w\" sizes=\"auto, (max-width: 897px) 100vw, 897px\" \/><span aria-hidden=\"true\" class=\"wp-block-cover__background has-beige-background-color has-background-dim-60 has-background-dim\"><\/span><div class=\"wp-block-cover__inner-container has-global-padding is-layout-constrained wp-block-cover-is-layout-constrained\">\n<div class=\"wp-block-group has-global-padding is-content-justification-left is-layout-constrained wp-container-core-group-is-layout-12dd3699 wp-block-group-is-layout-constrained\"><h1 class=\"has-text-align-center wp-block-post-title\">Sp\u00e9cial jeunes<\/h1><\/div>\n<\/div><\/div>\n\n\n\n<h2 class=\"wp-block-heading\">Festival 2026 sp\u00e9cial jeunes&#8230; Bike to Ch\u00e2teau-Gontier !<\/h2>\n\n\n\n<p>Accueillir des jeunes \u00e0 la plus importante manifestation de la f\u00e9d\u00e9ration, un d\u00e9fi ?<br>Super ! Les d\u00e9fis nous aimons\u2026 <\/p>\n\n\n\n<p>Participer au festival c\u2019est :<\/p>\n\n\n\n<ul class=\"wp-block-list\">\n<li>L\u2019opportunit\u00e9 de pratiquer des activit\u00e9s un peu folles dans un village r\u00e9serv\u00e9.<\/li>\n\n\n\n<li>Se lancer des d\u00e9fis seul ou en \u00e9quipe.<\/li>\n\n\n\n<li>Vivre une aventure cool dans un espace ouvert et s\u00e9curis\u00e9.<\/li>\n\n\n\n<li>La possibilit\u00e9 de pratiquer le v\u00e9lo sur des sites connus et myst\u00e9rieux !<\/li>\n<\/ul>\n\n\n\n<p class=\"has-orange-color has-gray-background-color has-text-color has-background has-link-color wp-elements-44332dd64b0dbb7c11f1b896e215eec2\">VELOCACHING, RANDURO, RALLYE RAID,\u2026 Un bouquet de d\u00e9fis, des rencontres et des r\u00e9compenses !<\/p>\n\n\n\n<p>\u00c0 toi maintenant de lancer le d\u00e9fi \u00e0 tes parents, \u00e0 tes \u00e9ducateurs pour venir participer au Festival 2026 <strong>BIKE TO CH\u00c2TEAU-GONTIER<\/strong>.<br><br><strong>BIKE TO CH\u00c2TEAU-GONTIER<\/strong> est propos\u00e9 par la commission jeunes du COSFIC aux familles, aux \u00e9coles fran\u00e7aises de v\u00e9lo, aux d\u00e9l\u00e9gu\u00e9s jeunes d\u00e9partementaux ou aux d\u00e9l\u00e9gu\u00e9s jeunes r\u00e9gionaux. <br><br>Le Festival accueillera les courageux bikeurs de la <strong>BIKE AVENTURE (1)<\/strong> lors de la c\u00e9r\u00e9monie d\u2019ouverture et proposera un espace de vie pour les jeunes avec des activit\u00e9s, des d\u00e9fis pendant tout le Festival de Cyclotourisme 2026. <br><br>Les inscriptions sont ouvertes, nous t\u2019attendons au Festival de Cyclotourisme <strong>BIKE TO CH\u00c2TEAU-GONTIER<\/strong>, vivement !<br><br><br><br><strong>(1) BIKE AVENTURE<\/strong> est une proposition de voyage itin\u00e9rant par la Commission g\u00e9n\u00e9ration jeunes et avenir de la FFCT.<\/p>\n\n\n\n<div style=\"height:40px\" aria-hidden=\"true\" class=\"wp-block-spacer\"><\/div>\n","protected":false},"excerpt":{"rendered":"<p>Festival 2026 sp\u00e9cial jeunes&#8230; Bike to Ch\u00e2teau-Gontier ! Accueillir des jeunes \u00e0 la plus importante manifestation de la f\u00e9d\u00e9ration, un d\u00e9fi ?Super ! Les d\u00e9fis nous aimons\u2026 Participer au festival c\u2019est : VELOCACHING, RANDURO, RALLYE RAID,\u2026 Un bouquet de d\u00e9fis, des rencontres et des r\u00e9compenses ! \u00c0 toi maintenant de lancer le d\u00e9fi \u00e0 tes [&hellip;]<\/p>\n","protected":false},"author":4,"featured_media":0,"parent":279,"menu_order":0,"comment_status":"closed","ping_status":"closed","template":"","meta":{"slim_seo":{"title":"Sp\u00e9cial jeunes - Semaine F\u00e9d\u00e9rale Cyclotourisme 2026 - Ch\u00e2teau-Gontier sur Mayenne","description":"Festival 2026 sp\u00e9cial jeunes... Bike to Ch\u00e2teau-Gontier ! Accueillir des jeunes \u00e0 la plus importante manifestation de la f\u00e9d\u00e9ration, un d\u00e9fi ? Super ! Les d\u00e9fis"},"footnotes":""},"class_list":["post-381","page","type-page","status-publish","hentry"],"_links":{"self":[{"href":"https:\/\/semaine-federale.ffvelo.fr\/2026\/wp-json\/wp\/v2\/pages\/381","targetHints":{"allow":["GET"]}}],"collection":[{"href":"https:\/\/semaine-federale.ffvelo.fr\/2026\/wp-json\/wp\/v2\/pages"}],"about":[{"href":"https:\/\/semaine-federale.ffvelo.fr\/2026\/wp-json\/wp\/v2\/types\/page"}],"author":[{"embeddable":true,"href":"https:\/\/semaine-federale.ffvelo.fr\/2026\/wp-json\/wp\/v2\/users\/4"}],"replies":[{"embeddable":true,"href":"https:\/\/semaine-federale.ffvelo.fr\/2026\/wp-json\/wp\/v2\/comments?post=381"}],"version-history":[{"count":4,"href":"https:\/\/semaine-federale.ffvelo.fr\/2026\/wp-json\/wp\/v2\/pages\/381\/revisions"}],"predecessor-version":[{"id":1749,"href":"https:\/\/semaine-federale.ffvelo.fr\/2026\/wp-json\/wp\/v2\/pages\/381\/revisions\/1749"}],"up":[{"embeddable":true,"href":"https:\/\/semaine-federale.ffvelo.fr\/2026\/wp-json\/wp\/v2\/pages\/279"}],"wp:attachment":[{"href":"https:\/\/semaine-federale.ffvelo.fr\/2026\/wp-json\/wp\/v2\/media?parent=381"}],"curies":[{"name":"wp","href":"https:\/\/api.w.org\/{rel}","templated":true}]}}

Spécial jeunes

<div class="wp-block-cover alignfull is-light wp-elements-8c1b42840c3bfc597264cf7aa6ab39df" style="margin-bottom:var(--wp--preset--spacing--50);padding-top:var(--wp--preset--spacing--70);padding-bottom:var(--wp--preset--spacing--70)"><img loading="lazy" decoding="async" width="897" height="900" class="wp-block-cover__image-background wp-image-31 size-full" alt="Spécial jeunes 3" src="https://semaine-federale.ffvelo.fr/2026/wp-content/uploads/sites/3/2025/07/Special-jeunes-3.webp" data-object-fit="cover" srcset="https://semaine-federale.ffvelo.fr/2026/wp-content/uploads/sites/3/2025/07/Special-jeunes-3.webp 897w, https://semaine-federale.ffvelo.fr/2026/wp-content/uploads/sites/3/2025/07/Special-jeunes-3-300x300.webp 300w, https://semaine-federale.ffvelo.fr/2026/wp-content/uploads/sites/3/2025/07/Special-jeunes-3-150x150.webp 150w, https://semaine-federale.ffvelo.fr/2026/wp-content/uploads/sites/3/2025/07/Special-jeunes-3-768x771.webp 768w" sizes="auto, (max-width: 897px) 100vw, 897px" /><span aria-hidden="true" class="wp-block-cover__background has-beige-background-color has-background-dim-60 has-background-dim"></span><div class="wp-block-cover__inner-container has-global-padding is-layout-constrained wp-block-cover-is-layout-constrained">
<div class="wp-block-group has-global-padding is-content-justification-left is-layout-constrained wp-container-core-group-is-layout-12dd3699 wp-block-group-is-layout-constrained"><h1 class="has-text-align-center wp-block-post-title">Spécial jeunes</h1></div>
</div></div>



<h2 class="wp-block-heading">Festival 2026 spécial jeunes&#8230; Bike to Château-Gontier !</h2>



<p>Accueillir des jeunes à la plus importante manifestation de la fédération, un défi ?<br>Super ! Les défis nous aimons… </p>



<p>Participer au festival c’est :</p>



<ul class="wp-block-list">
<li>L’opportunité de pratiquer des activités un peu folles dans un village réservé.</li>



<li>Se lancer des défis seul ou en équipe.</li>



<li>Vivre une aventure cool dans un espace ouvert et sécurisé.</li>



<li>La possibilité de pratiquer le vélo sur des sites connus et mystérieux !</li>
</ul>



<p class="has-orange-color has-gray-background-color has-text-color has-background has-link-color wp-elements-44332dd64b0dbb7c11f1b896e215eec2">VELOCACHING, RANDURO, RALLYE RAID,… Un bouquet de défis, des rencontres et des récompenses !</p>



<p>À toi maintenant de lancer le défi à tes parents, à tes éducateurs pour venir participer au Festival 2026 <strong>BIKE TO CHÂTEAU-GONTIER</strong>.<br><br><strong>BIKE TO CHÂTEAU-GONTIER</strong> est proposé par la commission jeunes du COSFIC aux familles, aux écoles françaises de vélo, aux délégués jeunes départementaux ou aux délégués jeunes régionaux. <br><br>Le Festival accueillera les courageux bikeurs de la <strong>BIKE AVENTURE (1)</strong> lors de la cérémonie d’ouverture et proposera un espace de vie pour les jeunes avec des activités, des défis pendant tout le Festival de Cyclotourisme 2026. <br><br>Les inscriptions sont ouvertes, nous t’attendons au Festival de Cyclotourisme <strong>BIKE TO CHÂTEAU-GONTIER</strong>, vivement !<br><br><br><br><strong>(1) BIKE AVENTURE</strong> est une proposition de voyage itinérant par la Commission génération jeunes et avenir de la FFCT.</p>



<div style="height:40px" aria-hidden="true" class="wp-block-spacer"></div>

<p>Festival 2026 spécial jeunes&#8230; Bike to Château-Gontier ! Accueillir des jeunes à la plus importante manifestation de la fédération, un défi ?Super ! Les défis nous aimons… Participer au festival c’est : VELOCACHING, RANDURO, RALLYE RAID,… Un bouquet de défis, des rencontres et des récompenses ! À toi maintenant de lancer le défi à tes [&hellip;]</p>

Spécial jeunes - Semaine Fédérale Cyclotourisme 2026 - Château-Gontier sur Mayenne

Festival 2026 spécial jeunes... Bike to Château-Gontier ! Accueillir des jeunes à la plus importante manifestation de la fédération, un défi ? Super ! Les défis
