{"id":383,"date":"2025-11-17T17:07:24","date_gmt":"2025-11-17T16:07:24","guid":{"rendered":"https:\/\/semaine-federale.ffvelo.fr\/2026\/?page_id=383"},"modified":"2026-02-20T15:51:31","modified_gmt":"2026-02-20T14:51:31","slug":"ceremonie-douverture","status":"publish","type":"page","link":"https:\/\/semaine-federale.ffvelo.fr\/2026\/le-programme\/les-parcours\/ceremonie-douverture\/","title":{"rendered":"C\u00e9r\u00e9monie d&rsquo;ouverture"},"content":{"rendered":"\n<div class=\"wp-block-cover alignfull is-light wp-elements-9dd3d1b40b86aee5977e3fc1c36ad7bc\" style=\"margin-bottom:var(--wp--preset--spacing--50);padding-top:var(--wp--preset--spacing--70);padding-bottom:var(--wp--preset--spacing--70)\"><img loading=\"lazy\" decoding=\"async\" width=\"1024\" height=\"282\" class=\"wp-block-cover__image-background wp-image-26 size-large\" alt=\"Chateau gontier vue du pont de l'europe\" src=\"https:\/\/semaine-federale.ffvelo.fr\/2026\/wp-content\/uploads\/sites\/3\/2025\/07\/Chateau-Gontier-vue-du-pont-de-leurope-1024x282.webp\" data-object-fit=\"cover\" srcset=\"https:\/\/semaine-federale.ffvelo.fr\/2026\/wp-content\/uploads\/sites\/3\/2025\/07\/Chateau-Gontier-vue-du-pont-de-leurope-1024x282.webp 1024w, https:\/\/semaine-federale.ffvelo.fr\/2026\/wp-content\/uploads\/sites\/3\/2025\/07\/Chateau-Gontier-vue-du-pont-de-leurope-300x83.webp 300w, https:\/\/semaine-federale.ffvelo.fr\/2026\/wp-content\/uploads\/sites\/3\/2025\/07\/Chateau-Gontier-vue-du-pont-de-leurope-768x211.webp 768w, https:\/\/semaine-federale.ffvelo.fr\/2026\/wp-content\/uploads\/sites\/3\/2025\/07\/Chateau-Gontier-vue-du-pont-de-leurope-1536x422.webp 1536w, https:\/\/semaine-federale.ffvelo.fr\/2026\/wp-content\/uploads\/sites\/3\/2025\/07\/Chateau-Gontier-vue-du-pont-de-leurope.webp 2000w\" sizes=\"auto, (max-width: 1024px) 100vw, 1024px\" \/><span aria-hidden=\"true\" class=\"wp-block-cover__background has-beige-background-color has-background-dim-60 has-background-dim\"><\/span><div class=\"wp-block-cover__inner-container has-global-padding is-layout-constrained wp-block-cover-is-layout-constrained\">\n<div class=\"wp-block-group has-global-padding is-content-justification-left is-layout-constrained wp-container-core-group-is-layout-12dd3699 wp-block-group-is-layout-constrained\"><h1 class=\"has-text-align-center wp-block-post-title\">C\u00e9r\u00e9monie d&rsquo;ouverture<\/h1><\/div>\n<\/div><\/div>\n\n\n\n<h2 class=\"wp-block-heading has-pink-color has-text-color has-link-color wp-elements-63a0b8ed00139bda4c504472f5de0675\"><em>Bienvenue en Mayenne ! \u00c7a va pulser !<\/em><\/h2>\n\n\n\n<p>Cette premi\u00e8re journ\u00e9e d\u2019ouverture va assur\u00e9ment lancer le rythme. Le <strong>spectacle sur l\u2019eau<\/strong> vous proposera d\u2019entr\u00e9e un moment magique.<br><br>Puis le <strong>pot d\u2019accueil<\/strong>, r\u00e9solument plac\u00e9 sous le signe de la convivialit\u00e9, et les <strong>discours de nos repr\u00e9sentants<\/strong> donneront le top d\u00e9part de cette semaine festive pleine de d\u00e9couvertes.<br><br>Sans oublier les <strong>jeunes<\/strong>, qui seront largement mis \u00e0 l\u2019honneur avec \u00ab Bike to Ch\u00e2teau-Gontier \u00bb.<br><br>Nous vous attendons tr\u00e8s nombreux sur les bords de la Mayenne pour lancer ce beau Festival du cyclotourisme 2026.<br><\/p>\n\n\n\n<p class=\"has-orange-color has-text-color has-link-color wp-elements-b062c28579de3fc7c95f7777612143a1\">\u00ab <em>C\u2019est parce que le v\u00e9lo est un v\u00e9ritable engin de perception du monde que le cyclotourisme est une source d\u2019enrichissement perp\u00e9tuel. <\/em>\u00bb &#8211; Jacques Vicart<\/p>\n\n\n\n<div style=\"height:40px\" aria-hidden=\"true\" class=\"wp-block-spacer\"><\/div>\n\n\n\n<p><\/p>\n","protected":false},"excerpt":{"rendered":"<p>Bienvenue en Mayenne ! \u00c7a va pulser ! Cette premi\u00e8re journ\u00e9e d\u2019ouverture va assur\u00e9ment lancer le rythme. Le spectacle sur l\u2019eau vous proposera d\u2019entr\u00e9e un moment magique. Puis le pot d\u2019accueil, r\u00e9solument plac\u00e9 sous le signe de la convivialit\u00e9, et les discours de nos repr\u00e9sentants donneront le top d\u00e9part de cette semaine festive pleine de [&hellip;]<\/p>\n","protected":false},"author":4,"featured_media":0,"parent":277,"menu_order":-1,"comment_status":"closed","ping_status":"closed","template":"","meta":{"slim_seo":{"title":"C\u00e9r\u00e9monie d'ouverture - Semaine F\u00e9d\u00e9rale Cyclotourisme 2026 - Ch\u00e2teau-Gontier sur Mayenne","description":"Bienvenue en Mayenne ! \u00c7a va pulser ! Cette premi\u00e8re journ\u00e9e d\u2019ouverture va assur\u00e9ment lancer le rythme. Le spectacle sur l\u2019eau vous proposera d\u2019entr\u00e9e un momen"},"footnotes":""},"class_list":["post-383","page","type-page","status-publish","hentry"],"_links":{"self":[{"href":"https:\/\/semaine-federale.ffvelo.fr\/2026\/wp-json\/wp\/v2\/pages\/383","targetHints":{"allow":["GET"]}}],"collection":[{"href":"https:\/\/semaine-federale.ffvelo.fr\/2026\/wp-json\/wp\/v2\/pages"}],"about":[{"href":"https:\/\/semaine-federale.ffvelo.fr\/2026\/wp-json\/wp\/v2\/types\/page"}],"author":[{"embeddable":true,"href":"https:\/\/semaine-federale.ffvelo.fr\/2026\/wp-json\/wp\/v2\/users\/4"}],"replies":[{"embeddable":true,"href":"https:\/\/semaine-federale.ffvelo.fr\/2026\/wp-json\/wp\/v2\/comments?post=383"}],"version-history":[{"count":2,"href":"https:\/\/semaine-federale.ffvelo.fr\/2026\/wp-json\/wp\/v2\/pages\/383\/revisions"}],"predecessor-version":[{"id":1498,"href":"https:\/\/semaine-federale.ffvelo.fr\/2026\/wp-json\/wp\/v2\/pages\/383\/revisions\/1498"}],"up":[{"embeddable":true,"href":"https:\/\/semaine-federale.ffvelo.fr\/2026\/wp-json\/wp\/v2\/pages\/277"}],"wp:attachment":[{"href":"https:\/\/semaine-federale.ffvelo.fr\/2026\/wp-json\/wp\/v2\/media?parent=383"}],"curies":[{"name":"wp","href":"https:\/\/api.w.org\/{rel}","templated":true}]}}

Cérémonie d&rsquo;ouverture

<div class="wp-block-cover alignfull is-light wp-elements-9dd3d1b40b86aee5977e3fc1c36ad7bc" style="margin-bottom:var(--wp--preset--spacing--50);padding-top:var(--wp--preset--spacing--70);padding-bottom:var(--wp--preset--spacing--70)"><img loading="lazy" decoding="async" width="1024" height="282" class="wp-block-cover__image-background wp-image-26 size-large" alt="Chateau gontier vue du pont de l'europe" src="https://semaine-federale.ffvelo.fr/2026/wp-content/uploads/sites/3/2025/07/Chateau-Gontier-vue-du-pont-de-leurope-1024x282.webp" data-object-fit="cover" srcset="https://semaine-federale.ffvelo.fr/2026/wp-content/uploads/sites/3/2025/07/Chateau-Gontier-vue-du-pont-de-leurope-1024x282.webp 1024w, https://semaine-federale.ffvelo.fr/2026/wp-content/uploads/sites/3/2025/07/Chateau-Gontier-vue-du-pont-de-leurope-300x83.webp 300w, https://semaine-federale.ffvelo.fr/2026/wp-content/uploads/sites/3/2025/07/Chateau-Gontier-vue-du-pont-de-leurope-768x211.webp 768w, https://semaine-federale.ffvelo.fr/2026/wp-content/uploads/sites/3/2025/07/Chateau-Gontier-vue-du-pont-de-leurope-1536x422.webp 1536w, https://semaine-federale.ffvelo.fr/2026/wp-content/uploads/sites/3/2025/07/Chateau-Gontier-vue-du-pont-de-leurope.webp 2000w" sizes="auto, (max-width: 1024px) 100vw, 1024px" /><span aria-hidden="true" class="wp-block-cover__background has-beige-background-color has-background-dim-60 has-background-dim"></span><div class="wp-block-cover__inner-container has-global-padding is-layout-constrained wp-block-cover-is-layout-constrained">
<div class="wp-block-group has-global-padding is-content-justification-left is-layout-constrained wp-container-core-group-is-layout-12dd3699 wp-block-group-is-layout-constrained"><h1 class="has-text-align-center wp-block-post-title">Cérémonie d&rsquo;ouverture</h1></div>
</div></div>



<h2 class="wp-block-heading has-pink-color has-text-color has-link-color wp-elements-63a0b8ed00139bda4c504472f5de0675"><em>Bienvenue en Mayenne ! Ça va pulser !</em></h2>



<p>Cette première journée d’ouverture va assurément lancer le rythme. Le <strong>spectacle sur l’eau</strong> vous proposera d’entrée un moment magique.<br><br>Puis le <strong>pot d’accueil</strong>, résolument placé sous le signe de la convivialité, et les <strong>discours de nos représentants</strong> donneront le top départ de cette semaine festive pleine de découvertes.<br><br>Sans oublier les <strong>jeunes</strong>, qui seront largement mis à l’honneur avec « Bike to Château-Gontier ».<br><br>Nous vous attendons très nombreux sur les bords de la Mayenne pour lancer ce beau Festival du cyclotourisme 2026.<br></p>



<p class="has-orange-color has-text-color has-link-color wp-elements-b062c28579de3fc7c95f7777612143a1">« <em>C’est parce que le vélo est un véritable engin de perception du monde que le cyclotourisme est une source d’enrichissement perpétuel. </em>» &#8211; Jacques Vicart</p>



<div style="height:40px" aria-hidden="true" class="wp-block-spacer"></div>



<p></p>

<p>Bienvenue en Mayenne ! Ça va pulser ! Cette première journée d’ouverture va assurément lancer le rythme. Le spectacle sur l’eau vous proposera d’entrée un moment magique. Puis le pot d’accueil, résolument placé sous le signe de la convivialité, et les discours de nos représentants donneront le top départ de cette semaine festive pleine de [&hellip;]</p>

Cérémonie d'ouverture - Semaine Fédérale Cyclotourisme 2026 - Château-Gontier sur Mayenne

Bienvenue en Mayenne ! Ça va pulser ! Cette première journée d’ouverture va assurément lancer le rythme. Le spectacle sur l’eau vous proposera d’entrée un momen
