{"id":398,"date":"2025-11-17T17:31:29","date_gmt":"2025-11-17T16:31:29","guid":{"rendered":"https:\/\/semaine-federale.ffvelo.fr\/2026\/?page_id=398"},"modified":"2025-12-19T14:55:53","modified_gmt":"2025-12-19T13:55:53","slug":"vers-la-vallee-de-la-sarthe-lundi-3-aout","status":"publish","type":"page","link":"https:\/\/semaine-federale.ffvelo.fr\/2026\/le-programme\/les-parcours\/vers-la-vallee-de-la-sarthe-lundi-3-aout\/","title":{"rendered":"Vers la vall\u00e9e de la Sarthe &#8211; Lundi 3 ao\u00fbt"},"content":{"rendered":"\n<div class=\"wp-block-cover alignfull is-light wp-elements-1b8461ee4e0d703ce197492c89621c16\" style=\"margin-bottom:var(--wp--preset--spacing--50);padding-top:var(--wp--preset--spacing--70);padding-bottom:var(--wp--preset--spacing--70)\"><span aria-hidden=\"true\" class=\"wp-block-cover__background has-beige-background-color has-background-dim-60 has-background-dim\"><\/span><img loading=\"lazy\" decoding=\"async\" width=\"2560\" height=\"1716\" src=\"https:\/\/semaine-federale.ffvelo.fr\/2026\/wp-content\/uploads\/sites\/3\/2025\/11\/Valleedelasarthe-solesmes-abbaye-8-scaled.jpg\" class=\"wp-block-cover__image-background wp-post-image\" alt=\"\" data-object-fit=\"cover\" data-object-position=\"50% 30%\" style=\"object-position:50% 30%;\" srcset=\"https:\/\/semaine-federale.ffvelo.fr\/2026\/wp-content\/uploads\/sites\/3\/2025\/11\/Valleedelasarthe-solesmes-abbaye-8-scaled.jpg 2560w, https:\/\/semaine-federale.ffvelo.fr\/2026\/wp-content\/uploads\/sites\/3\/2025\/11\/Valleedelasarthe-solesmes-abbaye-8-300x201.jpg 300w, https:\/\/semaine-federale.ffvelo.fr\/2026\/wp-content\/uploads\/sites\/3\/2025\/11\/Valleedelasarthe-solesmes-abbaye-8-1024x686.jpg 1024w, https:\/\/semaine-federale.ffvelo.fr\/2026\/wp-content\/uploads\/sites\/3\/2025\/11\/Valleedelasarthe-solesmes-abbaye-8-768x515.jpg 768w, https:\/\/semaine-federale.ffvelo.fr\/2026\/wp-content\/uploads\/sites\/3\/2025\/11\/Valleedelasarthe-solesmes-abbaye-8-1536x1029.jpg 1536w, https:\/\/semaine-federale.ffvelo.fr\/2026\/wp-content\/uploads\/sites\/3\/2025\/11\/Valleedelasarthe-solesmes-abbaye-8-2048x1373.jpg 2048w\" sizes=\"auto, (max-width: 2560px) 100vw, 2560px\" \/><div class=\"wp-block-cover__inner-container has-global-padding is-layout-constrained wp-block-cover-is-layout-constrained\">\n<div class=\"wp-block-group has-global-padding is-content-justification-left is-layout-constrained wp-container-core-group-is-layout-12dd3699 wp-block-group-is-layout-constrained\"><h1 class=\"has-text-align-center wp-block-post-title\">Vers la vall\u00e9e de la Sarthe &#8211; Lundi 3 ao\u00fbt<\/h1><\/div>\n<\/div><\/div>\n\n\n\n<h2 class=\"wp-block-heading has-blue-light-color has-text-color has-link-color has-large-font-size wp-elements-1d39ca4d163a77f4d384a0f2551a0763\"><em>5 parcours de 50 \u00e0 166 km<\/em><\/h2>\n\n\n\n<figure class=\"wp-block-image size-large\"><img loading=\"lazy\" decoding=\"async\" width=\"1024\" height=\"443\" src=\"https:\/\/semaine-federale.ffvelo.fr\/2026\/wp-content\/uploads\/sites\/3\/2025\/11\/PARCOURS_J2-1024x443.png\" alt=\"\" class=\"wp-image-401\" srcset=\"https:\/\/semaine-federale.ffvelo.fr\/2026\/wp-content\/uploads\/sites\/3\/2025\/11\/PARCOURS_J2-1024x443.png 1024w, https:\/\/semaine-federale.ffvelo.fr\/2026\/wp-content\/uploads\/sites\/3\/2025\/11\/PARCOURS_J2-300x130.png 300w, https:\/\/semaine-federale.ffvelo.fr\/2026\/wp-content\/uploads\/sites\/3\/2025\/11\/PARCOURS_J2-768x332.png 768w, https:\/\/semaine-federale.ffvelo.fr\/2026\/wp-content\/uploads\/sites\/3\/2025\/11\/PARCOURS_J2-1536x665.png 1536w, https:\/\/semaine-federale.ffvelo.fr\/2026\/wp-content\/uploads\/sites\/3\/2025\/11\/PARCOURS_J2-2048x886.png 2048w\" sizes=\"auto, (max-width: 1024px) 100vw, 1024px\" \/><\/figure>\n\n\n\n<p>Ce parcours \u00e0 v\u00e9lo vous emm\u00e8ne \u00e0 la d\u00e9couverte des Petites Cit\u00e9s de Caract\u00e8re\u00ae de la Sarthe et de la Mayenne, entre patrimoine m\u00e9di\u00e9val, nature et villages pittoresques.<br><br>Bienvenue \u00e0 <strong>Saint-Denis-d\u2019Anjou<\/strong> avec ses venelles fleuries, ses halles datant du XVI\u00e8me si\u00e8cle et son charme architectural.<br><br>L\u2019itin\u00e9raire se dirige vers <strong>Sabl\u00e9-sur-Sarthe<\/strong>, o\u00f9 le ch\u00e2teau domine majestueusement la confluence des rivi\u00e8res.<br><br>Il se poursuit \u00e0 <strong>Solesmes<\/strong>, c\u00e9l\u00e8bre pour son abbaye et son cadre apaisant, avant d\u2019explorer <strong>Malicorne-sur-Sarthe<\/strong>, son univers pour la fa\u00efence et son ch\u00e2teau du XVIII\u00e8me si\u00e8cle qui est en partie inscrit au titre des monuments historiques.<br><br>En longeant la Sarthe, vous rejoindrez <strong>Parc\u00e9-sur-Sarthe<\/strong>, Petite Cit\u00e9 de Caract\u00e8re\u00ae, t\u00e9moin de l\u2019histoire m\u00e9di\u00e9vale et la guerre de Cent Ans, avant de terminer \u00e0 <strong>Asni\u00e8res-sur-V\u00e8gre<\/strong>, Petite Cit\u00e9 de Caract\u00e8re\u00ae \u00e9galement vous invitant \u00e0 une immersion dans l\u2019histoire et le patrimoine local.<br><br>Ce v\u00e9ritable joyau au patrimoine architectural riche vous transportera \u00e0 travers les \u00e9poques pour une exp\u00e9rience aussi enrichissante que d\u00e9paysante.<\/p>\n\n\n\n<div style=\"height:40px\" aria-hidden=\"true\" class=\"wp-block-spacer\"><\/div>\n","protected":false},"excerpt":{"rendered":"<p>5 parcours de 50 \u00e0 166 km Ce parcours \u00e0 v\u00e9lo vous emm\u00e8ne \u00e0 la d\u00e9couverte des Petites Cit\u00e9s de Caract\u00e8re\u00ae de la Sarthe et de la Mayenne, entre patrimoine m\u00e9di\u00e9val, nature et villages pittoresques. Bienvenue \u00e0 Saint-Denis-d\u2019Anjou avec ses venelles fleuries, ses halles datant du XVI\u00e8me si\u00e8cle et son charme architectural. L\u2019itin\u00e9raire se dirige [&hellip;]<\/p>\n","protected":false},"author":4,"featured_media":370,"parent":277,"menu_order":2,"comment_status":"closed","ping_status":"closed","template":"","meta":{"slim_seo":{"title":"Vers la vall\u00e9e de la Sarthe - Lundi 3 ao\u00fbt - Semaine F\u00e9d\u00e9rale Cyclotourisme 2026 - Ch\u00e2teau-Gontier sur Mayenne","description":"5 parcours de 50 \u00e0 166 km Ce parcours \u00e0 v\u00e9lo vous emm\u00e8ne \u00e0 la d\u00e9couverte des Petites Cit\u00e9s de Caract\u00e8re\u00ae de la Sarthe et de la Mayenne, entre patrimoine m\u00e9di\u00e9va"},"footnotes":""},"class_list":["post-398","page","type-page","status-publish","has-post-thumbnail","hentry"],"_links":{"self":[{"href":"https:\/\/semaine-federale.ffvelo.fr\/2026\/wp-json\/wp\/v2\/pages\/398","targetHints":{"allow":["GET"]}}],"collection":[{"href":"https:\/\/semaine-federale.ffvelo.fr\/2026\/wp-json\/wp\/v2\/pages"}],"about":[{"href":"https:\/\/semaine-federale.ffvelo.fr\/2026\/wp-json\/wp\/v2\/types\/page"}],"author":[{"embeddable":true,"href":"https:\/\/semaine-federale.ffvelo.fr\/2026\/wp-json\/wp\/v2\/users\/4"}],"replies":[{"embeddable":true,"href":"https:\/\/semaine-federale.ffvelo.fr\/2026\/wp-json\/wp\/v2\/comments?post=398"}],"version-history":[{"count":1,"href":"https:\/\/semaine-federale.ffvelo.fr\/2026\/wp-json\/wp\/v2\/pages\/398\/revisions"}],"predecessor-version":[{"id":402,"href":"https:\/\/semaine-federale.ffvelo.fr\/2026\/wp-json\/wp\/v2\/pages\/398\/revisions\/402"}],"up":[{"embeddable":true,"href":"https:\/\/semaine-federale.ffvelo.fr\/2026\/wp-json\/wp\/v2\/pages\/277"}],"wp:featuredmedia":[{"embeddable":true,"href":"https:\/\/semaine-federale.ffvelo.fr\/2026\/wp-json\/wp\/v2\/media\/370"}],"wp:attachment":[{"href":"https:\/\/semaine-federale.ffvelo.fr\/2026\/wp-json\/wp\/v2\/media?parent=398"}],"curies":[{"name":"wp","href":"https:\/\/api.w.org\/{rel}","templated":true}]}}

Vers la vallée de la Sarthe &#8211; Lundi 3 août

<div class="wp-block-cover alignfull is-light wp-elements-1b8461ee4e0d703ce197492c89621c16" style="margin-bottom:var(--wp--preset--spacing--50);padding-top:var(--wp--preset--spacing--70);padding-bottom:var(--wp--preset--spacing--70)"><span aria-hidden="true" class="wp-block-cover__background has-beige-background-color has-background-dim-60 has-background-dim"></span><img loading="lazy" decoding="async" width="2560" height="1716" src="https://semaine-federale.ffvelo.fr/2026/wp-content/uploads/sites/3/2025/11/Valleedelasarthe-solesmes-abbaye-8-scaled.jpg" class="wp-block-cover__image-background wp-post-image" alt="" data-object-fit="cover" data-object-position="50% 30%" style="object-position:50% 30%;" srcset="https://semaine-federale.ffvelo.fr/2026/wp-content/uploads/sites/3/2025/11/Valleedelasarthe-solesmes-abbaye-8-scaled.jpg 2560w, https://semaine-federale.ffvelo.fr/2026/wp-content/uploads/sites/3/2025/11/Valleedelasarthe-solesmes-abbaye-8-300x201.jpg 300w, https://semaine-federale.ffvelo.fr/2026/wp-content/uploads/sites/3/2025/11/Valleedelasarthe-solesmes-abbaye-8-1024x686.jpg 1024w, https://semaine-federale.ffvelo.fr/2026/wp-content/uploads/sites/3/2025/11/Valleedelasarthe-solesmes-abbaye-8-768x515.jpg 768w, https://semaine-federale.ffvelo.fr/2026/wp-content/uploads/sites/3/2025/11/Valleedelasarthe-solesmes-abbaye-8-1536x1029.jpg 1536w, https://semaine-federale.ffvelo.fr/2026/wp-content/uploads/sites/3/2025/11/Valleedelasarthe-solesmes-abbaye-8-2048x1373.jpg 2048w" sizes="auto, (max-width: 2560px) 100vw, 2560px" /><div class="wp-block-cover__inner-container has-global-padding is-layout-constrained wp-block-cover-is-layout-constrained">
<div class="wp-block-group has-global-padding is-content-justification-left is-layout-constrained wp-container-core-group-is-layout-12dd3699 wp-block-group-is-layout-constrained"><h1 class="has-text-align-center wp-block-post-title">Vers la vallée de la Sarthe &#8211; Lundi 3 août</h1></div>
</div></div>



<h2 class="wp-block-heading has-blue-light-color has-text-color has-link-color has-large-font-size wp-elements-1d39ca4d163a77f4d384a0f2551a0763"><em>5 parcours de 50 à 166 km</em></h2>



<figure class="wp-block-image size-large"><img loading="lazy" decoding="async" width="1024" height="443" src="https://semaine-federale.ffvelo.fr/2026/wp-content/uploads/sites/3/2025/11/PARCOURS_J2-1024x443.png" alt="" class="wp-image-401" srcset="https://semaine-federale.ffvelo.fr/2026/wp-content/uploads/sites/3/2025/11/PARCOURS_J2-1024x443.png 1024w, https://semaine-federale.ffvelo.fr/2026/wp-content/uploads/sites/3/2025/11/PARCOURS_J2-300x130.png 300w, https://semaine-federale.ffvelo.fr/2026/wp-content/uploads/sites/3/2025/11/PARCOURS_J2-768x332.png 768w, https://semaine-federale.ffvelo.fr/2026/wp-content/uploads/sites/3/2025/11/PARCOURS_J2-1536x665.png 1536w, https://semaine-federale.ffvelo.fr/2026/wp-content/uploads/sites/3/2025/11/PARCOURS_J2-2048x886.png 2048w" sizes="auto, (max-width: 1024px) 100vw, 1024px" /></figure>



<p>Ce parcours à vélo vous emmène à la découverte des Petites Cités de Caractère® de la Sarthe et de la Mayenne, entre patrimoine médiéval, nature et villages pittoresques.<br><br>Bienvenue à <strong>Saint-Denis-d’Anjou</strong> avec ses venelles fleuries, ses halles datant du XVIème siècle et son charme architectural.<br><br>L’itinéraire se dirige vers <strong>Sablé-sur-Sarthe</strong>, où le château domine majestueusement la confluence des rivières.<br><br>Il se poursuit à <strong>Solesmes</strong>, célèbre pour son abbaye et son cadre apaisant, avant d’explorer <strong>Malicorne-sur-Sarthe</strong>, son univers pour la faïence et son château du XVIIIème siècle qui est en partie inscrit au titre des monuments historiques.<br><br>En longeant la Sarthe, vous rejoindrez <strong>Parcé-sur-Sarthe</strong>, Petite Cité de Caractère®, témoin de l’histoire médiévale et la guerre de Cent Ans, avant de terminer à <strong>Asnières-sur-Vègre</strong>, Petite Cité de Caractère® également vous invitant à une immersion dans l’histoire et le patrimoine local.<br><br>Ce véritable joyau au patrimoine architectural riche vous transportera à travers les époques pour une expérience aussi enrichissante que dépaysante.</p>



<div style="height:40px" aria-hidden="true" class="wp-block-spacer"></div>

<p>5 parcours de 50 à 166 km Ce parcours à vélo vous emmène à la découverte des Petites Cités de Caractère® de la Sarthe et de la Mayenne, entre patrimoine médiéval, nature et villages pittoresques. Bienvenue à Saint-Denis-d’Anjou avec ses venelles fleuries, ses halles datant du XVIème siècle et son charme architectural. L’itinéraire se dirige [&hellip;]</p>

Vers la vallée de la Sarthe - Lundi 3 août - Semaine Fédérale Cyclotourisme 2026 - Château-Gontier sur Mayenne

5 parcours de 50 à 166 km Ce parcours à vélo vous emmène à la découverte des Petites Cités de Caractère® de la Sarthe et de la Mayenne, entre patrimoine médiéva
