{"id":404,"date":"2025-11-17T17:36:39","date_gmt":"2025-11-17T16:36:39","guid":{"rendered":"https:\/\/semaine-federale.ffvelo.fr\/2026\/?page_id=404"},"modified":"2025-12-19T14:56:02","modified_gmt":"2025-12-19T13:56:02","slug":"vers-lanjou-bleu-mardi-4-aout","status":"publish","type":"page","link":"https:\/\/semaine-federale.ffvelo.fr\/2026\/le-programme\/les-parcours\/vers-lanjou-bleu-mardi-4-aout\/","title":{"rendered":"Vers l&rsquo;Anjou Bleu &#8211; Mardi 4 ao\u00fbt"},"content":{"rendered":"\n<div class=\"wp-block-cover alignfull is-light wp-elements-fd7ad83debed820eefb54454628dd86e\" style=\"margin-bottom:var(--wp--preset--spacing--50);padding-top:var(--wp--preset--spacing--70);padding-bottom:var(--wp--preset--spacing--70)\"><span aria-hidden=\"true\" class=\"wp-block-cover__background has-beige-background-color has-background-dim-60 has-background-dim\"><\/span><img loading=\"lazy\" decoding=\"async\" width=\"2560\" height=\"1702\" src=\"https:\/\/semaine-federale.ffvelo.fr\/2026\/wp-content\/uploads\/sites\/3\/2025\/11\/CHATEAU-CHALLAIN-LA-POTHERIE-2014-\u00a9OTAB-3-scaled.jpg\" class=\"wp-block-cover__image-background wp-post-image\" alt=\"\" data-object-fit=\"cover\" data-object-position=\"49% 68%\" style=\"object-position:49% 68%;\" srcset=\"https:\/\/semaine-federale.ffvelo.fr\/2026\/wp-content\/uploads\/sites\/3\/2025\/11\/CHATEAU-CHALLAIN-LA-POTHERIE-2014-\u00a9OTAB-3-scaled.jpg 2560w, https:\/\/semaine-federale.ffvelo.fr\/2026\/wp-content\/uploads\/sites\/3\/2025\/11\/CHATEAU-CHALLAIN-LA-POTHERIE-2014-\u00a9OTAB-3-300x199.jpg 300w, https:\/\/semaine-federale.ffvelo.fr\/2026\/wp-content\/uploads\/sites\/3\/2025\/11\/CHATEAU-CHALLAIN-LA-POTHERIE-2014-\u00a9OTAB-3-1024x681.jpg 1024w, https:\/\/semaine-federale.ffvelo.fr\/2026\/wp-content\/uploads\/sites\/3\/2025\/11\/CHATEAU-CHALLAIN-LA-POTHERIE-2014-\u00a9OTAB-3-768x511.jpg 768w, https:\/\/semaine-federale.ffvelo.fr\/2026\/wp-content\/uploads\/sites\/3\/2025\/11\/CHATEAU-CHALLAIN-LA-POTHERIE-2014-\u00a9OTAB-3-1536x1021.jpg 1536w, https:\/\/semaine-federale.ffvelo.fr\/2026\/wp-content\/uploads\/sites\/3\/2025\/11\/CHATEAU-CHALLAIN-LA-POTHERIE-2014-\u00a9OTAB-3-2048x1361.jpg 2048w\" sizes=\"auto, (max-width: 2560px) 100vw, 2560px\" \/><div class=\"wp-block-cover__inner-container has-global-padding is-layout-constrained wp-block-cover-is-layout-constrained\">\n<div class=\"wp-block-group has-global-padding is-content-justification-left is-layout-constrained wp-container-core-group-is-layout-12dd3699 wp-block-group-is-layout-constrained\"><h1 class=\"has-text-align-center wp-block-post-title\">Vers l&rsquo;Anjou Bleu &#8211; Mardi 4 ao\u00fbt<\/h1><\/div>\n<\/div><\/div>\n\n\n\n<h2 class=\"wp-block-heading has-blue-light-color has-text-color has-link-color has-large-font-size wp-elements-131dd7683f9c613679a7b4a6543a6451\"><em>4 parcours de 63 \u00e0 150 km<\/em><\/h2>\n\n\n\n<figure class=\"wp-block-image size-large\"><img loading=\"lazy\" decoding=\"async\" width=\"1024\" height=\"444\" src=\"https:\/\/semaine-federale.ffvelo.fr\/2026\/wp-content\/uploads\/sites\/3\/2025\/11\/PARCOURS_J3-1024x444.png\" alt=\"\" class=\"wp-image-405\" srcset=\"https:\/\/semaine-federale.ffvelo.fr\/2026\/wp-content\/uploads\/sites\/3\/2025\/11\/PARCOURS_J3-1024x444.png 1024w, https:\/\/semaine-federale.ffvelo.fr\/2026\/wp-content\/uploads\/sites\/3\/2025\/11\/PARCOURS_J3-300x130.png 300w, https:\/\/semaine-federale.ffvelo.fr\/2026\/wp-content\/uploads\/sites\/3\/2025\/11\/PARCOURS_J3-768x333.png 768w, https:\/\/semaine-federale.ffvelo.fr\/2026\/wp-content\/uploads\/sites\/3\/2025\/11\/PARCOURS_J3-1536x666.png 1536w, https:\/\/semaine-federale.ffvelo.fr\/2026\/wp-content\/uploads\/sites\/3\/2025\/11\/PARCOURS_J3-2048x888.png 2048w\" sizes=\"auto, (max-width: 1024px) 100vw, 1024px\" \/><\/figure>\n\n\n\n<p>Entre paysages vallonn\u00e9s, villages pittoresques et tr\u00e9sors du patrimoine, cette boucle vers l\u2019Anjou Bleu promet une immersion totale dans l\u2019histoire et les richesses naturelles du territoire. Le parcours entame son premier tron\u00e7on en direction de <strong>Chemaz\u00e9<\/strong>, o\u00f9 se dresse fi\u00e8rement l\u2019\u00e9glise de Moli\u00e8res. Cet \u00e9difice, t\u00e9moin d\u2019une architecture \u00e9l\u00e9gante et sobre, invite \u00e0 un moment de contemplation avant de poursuivre vers <strong>Renaz\u00e9<\/strong>, ville au pass\u00e9 industriel marqu\u00e9 par l\u2019extraction de l\u2019ardoise.<br><br>L\u2019itin\u00e9raire continue vers <strong>Noyant-la-Gravoy\u00e8re<\/strong>, autrefois un centre n\u00e9vralgique de l\u2019industrie mini\u00e8re. La commune abrite une ancienne mine de fer, vestige d\u2019un pass\u00e9 ouvrier qui a marqu\u00e9 le paysage et la m\u00e9moire locale. Ensuite, direction Renaz\u00e9 longtemps connue pour l\u2019extraction de l\u2019ardoise et aujourd\u2019hui pour son mus\u00e9e d\u00e9di\u00e9 \u00e0 cette activit\u00e9.<br><br>En poursuivant la route, vous rejoindrez <strong>Challain-la-Potherie<\/strong>, surnomm\u00e9 le \u00ab petit Chambord de l\u2019Anjou \u00bb, pour son ch\u00e2teau n\u00e9ogothique. Cette majestueuse demeure, entour\u00e9e d\u2019un parc verdoyant, offre un cadre digne des contes de f\u00e9es. <br><br>Enfin, vous reprendrez la route vers <strong>Ch\u00e2teau-Gontier sur Mayenne<\/strong>, bouclant ainsi une journ\u00e9e riche en d\u00e9couvertes et \u00e9merveillement.<\/p>\n\n\n\n<div style=\"height:40px\" aria-hidden=\"true\" class=\"wp-block-spacer\"><\/div>\n","protected":false},"excerpt":{"rendered":"<p>4 parcours de 63 \u00e0 150 km Entre paysages vallonn\u00e9s, villages pittoresques et tr\u00e9sors du patrimoine, cette boucle vers l\u2019Anjou Bleu promet une immersion totale dans l\u2019histoire et les richesses naturelles du territoire. Le parcours entame son premier tron\u00e7on en direction de Chemaz\u00e9, o\u00f9 se dresse fi\u00e8rement l\u2019\u00e9glise de Moli\u00e8res. Cet \u00e9difice, t\u00e9moin d\u2019une architecture [&hellip;]<\/p>\n","protected":false},"author":4,"featured_media":372,"parent":277,"menu_order":3,"comment_status":"closed","ping_status":"closed","template":"","meta":{"slim_seo":{"title":"Vers l'Anjou Bleu - Mardi 4 ao\u00fbt - Semaine F\u00e9d\u00e9rale Cyclotourisme 2026 - Ch\u00e2teau-Gontier sur Mayenne","description":"4 parcours de 63 \u00e0 150 km Entre paysages vallonn\u00e9s, villages pittoresques et tr\u00e9sors du patrimoine, cette boucle vers l\u2019Anjou Bleu promet une immersion totale d"},"footnotes":""},"class_list":["post-404","page","type-page","status-publish","has-post-thumbnail","hentry"],"_links":{"self":[{"href":"https:\/\/semaine-federale.ffvelo.fr\/2026\/wp-json\/wp\/v2\/pages\/404","targetHints":{"allow":["GET"]}}],"collection":[{"href":"https:\/\/semaine-federale.ffvelo.fr\/2026\/wp-json\/wp\/v2\/pages"}],"about":[{"href":"https:\/\/semaine-federale.ffvelo.fr\/2026\/wp-json\/wp\/v2\/types\/page"}],"author":[{"embeddable":true,"href":"https:\/\/semaine-federale.ffvelo.fr\/2026\/wp-json\/wp\/v2\/users\/4"}],"replies":[{"embeddable":true,"href":"https:\/\/semaine-federale.ffvelo.fr\/2026\/wp-json\/wp\/v2\/comments?post=404"}],"version-history":[{"count":1,"href":"https:\/\/semaine-federale.ffvelo.fr\/2026\/wp-json\/wp\/v2\/pages\/404\/revisions"}],"predecessor-version":[{"id":406,"href":"https:\/\/semaine-federale.ffvelo.fr\/2026\/wp-json\/wp\/v2\/pages\/404\/revisions\/406"}],"up":[{"embeddable":true,"href":"https:\/\/semaine-federale.ffvelo.fr\/2026\/wp-json\/wp\/v2\/pages\/277"}],"wp:featuredmedia":[{"embeddable":true,"href":"https:\/\/semaine-federale.ffvelo.fr\/2026\/wp-json\/wp\/v2\/media\/372"}],"wp:attachment":[{"href":"https:\/\/semaine-federale.ffvelo.fr\/2026\/wp-json\/wp\/v2\/media?parent=404"}],"curies":[{"name":"wp","href":"https:\/\/api.w.org\/{rel}","templated":true}]}}

Vers l&rsquo;Anjou Bleu &#8211; Mardi 4 août

<div class="wp-block-cover alignfull is-light wp-elements-fd7ad83debed820eefb54454628dd86e" style="margin-bottom:var(--wp--preset--spacing--50);padding-top:var(--wp--preset--spacing--70);padding-bottom:var(--wp--preset--spacing--70)"><span aria-hidden="true" class="wp-block-cover__background has-beige-background-color has-background-dim-60 has-background-dim"></span><img loading="lazy" decoding="async" width="2560" height="1702" src="https://semaine-federale.ffvelo.fr/2026/wp-content/uploads/sites/3/2025/11/CHATEAU-CHALLAIN-LA-POTHERIE-2014-©OTAB-3-scaled.jpg" class="wp-block-cover__image-background wp-post-image" alt="" data-object-fit="cover" data-object-position="49% 68%" style="object-position:49% 68%;" srcset="https://semaine-federale.ffvelo.fr/2026/wp-content/uploads/sites/3/2025/11/CHATEAU-CHALLAIN-LA-POTHERIE-2014-©OTAB-3-scaled.jpg 2560w, https://semaine-federale.ffvelo.fr/2026/wp-content/uploads/sites/3/2025/11/CHATEAU-CHALLAIN-LA-POTHERIE-2014-©OTAB-3-300x199.jpg 300w, https://semaine-federale.ffvelo.fr/2026/wp-content/uploads/sites/3/2025/11/CHATEAU-CHALLAIN-LA-POTHERIE-2014-©OTAB-3-1024x681.jpg 1024w, https://semaine-federale.ffvelo.fr/2026/wp-content/uploads/sites/3/2025/11/CHATEAU-CHALLAIN-LA-POTHERIE-2014-©OTAB-3-768x511.jpg 768w, https://semaine-federale.ffvelo.fr/2026/wp-content/uploads/sites/3/2025/11/CHATEAU-CHALLAIN-LA-POTHERIE-2014-©OTAB-3-1536x1021.jpg 1536w, https://semaine-federale.ffvelo.fr/2026/wp-content/uploads/sites/3/2025/11/CHATEAU-CHALLAIN-LA-POTHERIE-2014-©OTAB-3-2048x1361.jpg 2048w" sizes="auto, (max-width: 2560px) 100vw, 2560px" /><div class="wp-block-cover__inner-container has-global-padding is-layout-constrained wp-block-cover-is-layout-constrained">
<div class="wp-block-group has-global-padding is-content-justification-left is-layout-constrained wp-container-core-group-is-layout-12dd3699 wp-block-group-is-layout-constrained"><h1 class="has-text-align-center wp-block-post-title">Vers l&rsquo;Anjou Bleu &#8211; Mardi 4 août</h1></div>
</div></div>



<h2 class="wp-block-heading has-blue-light-color has-text-color has-link-color has-large-font-size wp-elements-131dd7683f9c613679a7b4a6543a6451"><em>4 parcours de 63 à 150 km</em></h2>



<figure class="wp-block-image size-large"><img loading="lazy" decoding="async" width="1024" height="444" src="https://semaine-federale.ffvelo.fr/2026/wp-content/uploads/sites/3/2025/11/PARCOURS_J3-1024x444.png" alt="" class="wp-image-405" srcset="https://semaine-federale.ffvelo.fr/2026/wp-content/uploads/sites/3/2025/11/PARCOURS_J3-1024x444.png 1024w, https://semaine-federale.ffvelo.fr/2026/wp-content/uploads/sites/3/2025/11/PARCOURS_J3-300x130.png 300w, https://semaine-federale.ffvelo.fr/2026/wp-content/uploads/sites/3/2025/11/PARCOURS_J3-768x333.png 768w, https://semaine-federale.ffvelo.fr/2026/wp-content/uploads/sites/3/2025/11/PARCOURS_J3-1536x666.png 1536w, https://semaine-federale.ffvelo.fr/2026/wp-content/uploads/sites/3/2025/11/PARCOURS_J3-2048x888.png 2048w" sizes="auto, (max-width: 1024px) 100vw, 1024px" /></figure>



<p>Entre paysages vallonnés, villages pittoresques et trésors du patrimoine, cette boucle vers l’Anjou Bleu promet une immersion totale dans l’histoire et les richesses naturelles du territoire. Le parcours entame son premier tronçon en direction de <strong>Chemazé</strong>, où se dresse fièrement l’église de Molières. Cet édifice, témoin d’une architecture élégante et sobre, invite à un moment de contemplation avant de poursuivre vers <strong>Renazé</strong>, ville au passé industriel marqué par l’extraction de l’ardoise.<br><br>L’itinéraire continue vers <strong>Noyant-la-Gravoyère</strong>, autrefois un centre névralgique de l’industrie minière. La commune abrite une ancienne mine de fer, vestige d’un passé ouvrier qui a marqué le paysage et la mémoire locale. Ensuite, direction Renazé longtemps connue pour l’extraction de l’ardoise et aujourd’hui pour son musée dédié à cette activité.<br><br>En poursuivant la route, vous rejoindrez <strong>Challain-la-Potherie</strong>, surnommé le « petit Chambord de l’Anjou », pour son château néogothique. Cette majestueuse demeure, entourée d’un parc verdoyant, offre un cadre digne des contes de fées. <br><br>Enfin, vous reprendrez la route vers <strong>Château-Gontier sur Mayenne</strong>, bouclant ainsi une journée riche en découvertes et émerveillement.</p>



<div style="height:40px" aria-hidden="true" class="wp-block-spacer"></div>

<p>4 parcours de 63 à 150 km Entre paysages vallonnés, villages pittoresques et trésors du patrimoine, cette boucle vers l’Anjou Bleu promet une immersion totale dans l’histoire et les richesses naturelles du territoire. Le parcours entame son premier tronçon en direction de Chemazé, où se dresse fièrement l’église de Molières. Cet édifice, témoin d’une architecture [&hellip;]</p>

Vers l'Anjou Bleu - Mardi 4 août - Semaine Fédérale Cyclotourisme 2026 - Château-Gontier sur Mayenne

4 parcours de 63 à 150 km Entre paysages vallonnés, villages pittoresques et trésors du patrimoine, cette boucle vers l’Anjou Bleu promet une immersion totale d
