{"id":408,"date":"2025-11-17T17:42:41","date_gmt":"2025-11-17T16:42:41","guid":{"rendered":"https:\/\/semaine-federale.ffvelo.fr\/2026\/?page_id=408"},"modified":"2025-12-19T14:56:11","modified_gmt":"2025-12-19T13:56:11","slug":"grottes-et-cites-medievales-mercredi-5-aout","status":"publish","type":"page","link":"https:\/\/semaine-federale.ffvelo.fr\/2026\/le-programme\/les-parcours\/grottes-et-cites-medievales-mercredi-5-aout\/","title":{"rendered":"Grottes et cit\u00e9s m\u00e9di\u00e9vales &#8211; Mercredi 5 ao\u00fbt"},"content":{"rendered":"\n<div class=\"wp-block-cover alignfull is-light wp-elements-e2a80d2baa1756382bbb154712be1153\" style=\"margin-bottom:var(--wp--preset--spacing--50);padding-top:var(--wp--preset--spacing--70);padding-bottom:var(--wp--preset--spacing--70)\"><span aria-hidden=\"true\" class=\"wp-block-cover__background has-beige-background-color has-background-dim-60 has-background-dim\"><\/span><img loading=\"lazy\" decoding=\"async\" width=\"2560\" height=\"1707\" src=\"https:\/\/semaine-federale.ffvelo.fr\/2026\/wp-content\/uploads\/sites\/3\/2025\/11\/SAINTE_SUZANNE_VELO-HELLOLAROUX.jpg-scaled.jpg\" class=\"wp-block-cover__image-background wp-post-image\" alt=\"\" data-object-fit=\"cover\" data-object-position=\"53% 67%\" style=\"object-position:53% 67%;\" srcset=\"https:\/\/semaine-federale.ffvelo.fr\/2026\/wp-content\/uploads\/sites\/3\/2025\/11\/SAINTE_SUZANNE_VELO-HELLOLAROUX.jpg-scaled.jpg 2560w, https:\/\/semaine-federale.ffvelo.fr\/2026\/wp-content\/uploads\/sites\/3\/2025\/11\/SAINTE_SUZANNE_VELO-HELLOLAROUX.jpg-300x200.jpg 300w, https:\/\/semaine-federale.ffvelo.fr\/2026\/wp-content\/uploads\/sites\/3\/2025\/11\/SAINTE_SUZANNE_VELO-HELLOLAROUX.jpg-1024x683.jpg 1024w, https:\/\/semaine-federale.ffvelo.fr\/2026\/wp-content\/uploads\/sites\/3\/2025\/11\/SAINTE_SUZANNE_VELO-HELLOLAROUX.jpg-768x512.jpg 768w, https:\/\/semaine-federale.ffvelo.fr\/2026\/wp-content\/uploads\/sites\/3\/2025\/11\/SAINTE_SUZANNE_VELO-HELLOLAROUX.jpg-1536x1024.jpg 1536w, https:\/\/semaine-federale.ffvelo.fr\/2026\/wp-content\/uploads\/sites\/3\/2025\/11\/SAINTE_SUZANNE_VELO-HELLOLAROUX.jpg-2048x1365.jpg 2048w\" sizes=\"auto, (max-width: 2560px) 100vw, 2560px\" \/><div class=\"wp-block-cover__inner-container has-global-padding is-layout-constrained wp-block-cover-is-layout-constrained\">\n<div class=\"wp-block-group has-global-padding is-content-justification-left is-layout-constrained wp-container-core-group-is-layout-12dd3699 wp-block-group-is-layout-constrained\"><h1 class=\"has-text-align-center wp-block-post-title\">Grottes et cit\u00e9s m\u00e9di\u00e9vales &#8211; Mercredi 5 ao\u00fbt<\/h1><\/div>\n<\/div><\/div>\n\n\n\n<h2 class=\"wp-block-heading has-blue-light-color has-text-color has-link-color has-large-font-size wp-elements-b93df2e4da451f1b5db508e40242b02f\"><em>5 parcours de 52 \u00e0 160 km<\/em><\/h2>\n\n\n\n<div class=\"wp-block-columns is-layout-flex wp-container-core-columns-is-layout-28f84493 wp-block-columns-is-layout-flex\">\n<div class=\"wp-block-column is-layout-flow wp-block-column-is-layout-flow\">\n<figure class=\"wp-block-image size-large\"><img loading=\"lazy\" decoding=\"async\" width=\"595\" height=\"1024\" src=\"https:\/\/semaine-federale.ffvelo.fr\/2026\/wp-content\/uploads\/sites\/3\/2025\/11\/PARCOURS_J4-595x1024.png\" alt=\"\" class=\"wp-image-409\" srcset=\"https:\/\/semaine-federale.ffvelo.fr\/2026\/wp-content\/uploads\/sites\/3\/2025\/11\/PARCOURS_J4-595x1024.png 595w, https:\/\/semaine-federale.ffvelo.fr\/2026\/wp-content\/uploads\/sites\/3\/2025\/11\/PARCOURS_J4-174x300.png 174w, https:\/\/semaine-federale.ffvelo.fr\/2026\/wp-content\/uploads\/sites\/3\/2025\/11\/PARCOURS_J4-768x1322.png 768w, https:\/\/semaine-federale.ffvelo.fr\/2026\/wp-content\/uploads\/sites\/3\/2025\/11\/PARCOURS_J4-893x1536.png 893w, https:\/\/semaine-federale.ffvelo.fr\/2026\/wp-content\/uploads\/sites\/3\/2025\/11\/PARCOURS_J4-1190x2048.png 1190w, https:\/\/semaine-federale.ffvelo.fr\/2026\/wp-content\/uploads\/sites\/3\/2025\/11\/PARCOURS_J4-scaled.png 1488w\" sizes=\"auto, (max-width: 595px) 100vw, 595px\" \/><\/figure>\n<\/div>\n\n\n\n<div class=\"wp-block-column is-layout-flow wp-block-column-is-layout-flow\">\n<div style=\"height:160px\" aria-hidden=\"true\" class=\"wp-block-spacer\"><\/div>\n\n\n\n<p><strong>Saint-Denis du Maine<\/strong>, vous permettra de faire une premi\u00e8re pause autour du magnifique plan d\u2019eau et son terrain de golf.<br><br>Les grottes pr\u00e9historiques de <strong>Saulges<\/strong> et ses falaises calcaires sont id\u00e9ales pour l\u2019escalade et la randonn\u00e9e.<br><br>\u00c0 <strong>Saint-Georges-sur-Erve<\/strong>, le ch\u00e2teau de Foulletorte rappelle le charme des demeures anciennes, tandis que <strong>Saint-Pierre-sur-Erve<\/strong> enchante par son cadre bucolique.<br><br><strong>Sainte-Suzanne<\/strong>, class\u00e9e parmi les Plus Beaux Villages de France\u00ae, s\u00e9duit par son ch\u00e2teau et ses ruelles pittoresques. <br><br>L\u2019itin\u00e9raire passe ensuite par <strong>Evron<\/strong>, avec la majestueuse Basilique Notre-Dame-de-l\u2019Epine. Puis, direction<strong> Bais<\/strong> et <strong>la Butte de Montaigu<\/strong>, et <strong>Jublains<\/strong>, o\u00f9 subsistent des vestiges gallo-romains importants.<br><br>\u00c0 <strong>M\u00e9zangers<\/strong>, le ch\u00e2teau du Rocher, forteresse m\u00e9di\u00e9vale entour\u00e9e de verdure, est un incontournable.<br><br>En descendant, on d\u00e9couvre le Moulin de Th\u00e9valles \u00e0 <strong>Ch\u00e9m\u00e9r\u00e9-le-Roi<\/strong>, un moulin \u00e0 eau encore en activit\u00e9.<\/p>\n<\/div>\n<\/div>\n\n\n\n<div style=\"height:40px\" aria-hidden=\"true\" class=\"wp-block-spacer\"><\/div>\n","protected":false},"excerpt":{"rendered":"<p>5 parcours de 52 \u00e0 160 km Saint-Denis du Maine, vous permettra de faire une premi\u00e8re pause autour du magnifique plan d\u2019eau et son terrain de golf. Les grottes pr\u00e9historiques de Saulges et ses falaises calcaires sont id\u00e9ales pour l\u2019escalade et la randonn\u00e9e. \u00c0 Saint-Georges-sur-Erve, le ch\u00e2teau de Foulletorte rappelle le charme des demeures anciennes, [&hellip;]<\/p>\n","protected":false},"author":4,"featured_media":267,"parent":277,"menu_order":4,"comment_status":"closed","ping_status":"closed","template":"","meta":{"slim_seo":{"title":"Grottes et cit\u00e9s m\u00e9di\u00e9vales - Mercredi 5 ao\u00fbt - Semaine F\u00e9d\u00e9rale Cyclotourisme 2026 - Ch\u00e2teau-Gontier sur Mayenne","description":"5 parcours de 52 \u00e0 160 km Saint-Denis du Maine , vous permettra de faire une premi\u00e8re pause autour du magnifique plan d\u2019eau et son terrain de golf. Les grottes"},"footnotes":""},"class_list":["post-408","page","type-page","status-publish","has-post-thumbnail","hentry"],"_links":{"self":[{"href":"https:\/\/semaine-federale.ffvelo.fr\/2026\/wp-json\/wp\/v2\/pages\/408","targetHints":{"allow":["GET"]}}],"collection":[{"href":"https:\/\/semaine-federale.ffvelo.fr\/2026\/wp-json\/wp\/v2\/pages"}],"about":[{"href":"https:\/\/semaine-federale.ffvelo.fr\/2026\/wp-json\/wp\/v2\/types\/page"}],"author":[{"embeddable":true,"href":"https:\/\/semaine-federale.ffvelo.fr\/2026\/wp-json\/wp\/v2\/users\/4"}],"replies":[{"embeddable":true,"href":"https:\/\/semaine-federale.ffvelo.fr\/2026\/wp-json\/wp\/v2\/comments?post=408"}],"version-history":[{"count":2,"href":"https:\/\/semaine-federale.ffvelo.fr\/2026\/wp-json\/wp\/v2\/pages\/408\/revisions"}],"predecessor-version":[{"id":1461,"href":"https:\/\/semaine-federale.ffvelo.fr\/2026\/wp-json\/wp\/v2\/pages\/408\/revisions\/1461"}],"up":[{"embeddable":true,"href":"https:\/\/semaine-federale.ffvelo.fr\/2026\/wp-json\/wp\/v2\/pages\/277"}],"wp:featuredmedia":[{"embeddable":true,"href":"https:\/\/semaine-federale.ffvelo.fr\/2026\/wp-json\/wp\/v2\/media\/267"}],"wp:attachment":[{"href":"https:\/\/semaine-federale.ffvelo.fr\/2026\/wp-json\/wp\/v2\/media?parent=408"}],"curies":[{"name":"wp","href":"https:\/\/api.w.org\/{rel}","templated":true}]}}

Grottes et cités médiévales &#8211; Mercredi 5 août

<div class="wp-block-cover alignfull is-light wp-elements-e2a80d2baa1756382bbb154712be1153" style="margin-bottom:var(--wp--preset--spacing--50);padding-top:var(--wp--preset--spacing--70);padding-bottom:var(--wp--preset--spacing--70)"><span aria-hidden="true" class="wp-block-cover__background has-beige-background-color has-background-dim-60 has-background-dim"></span><img loading="lazy" decoding="async" width="2560" height="1707" src="https://semaine-federale.ffvelo.fr/2026/wp-content/uploads/sites/3/2025/11/SAINTE_SUZANNE_VELO-HELLOLAROUX.jpg-scaled.jpg" class="wp-block-cover__image-background wp-post-image" alt="" data-object-fit="cover" data-object-position="53% 67%" style="object-position:53% 67%;" srcset="https://semaine-federale.ffvelo.fr/2026/wp-content/uploads/sites/3/2025/11/SAINTE_SUZANNE_VELO-HELLOLAROUX.jpg-scaled.jpg 2560w, https://semaine-federale.ffvelo.fr/2026/wp-content/uploads/sites/3/2025/11/SAINTE_SUZANNE_VELO-HELLOLAROUX.jpg-300x200.jpg 300w, https://semaine-federale.ffvelo.fr/2026/wp-content/uploads/sites/3/2025/11/SAINTE_SUZANNE_VELO-HELLOLAROUX.jpg-1024x683.jpg 1024w, https://semaine-federale.ffvelo.fr/2026/wp-content/uploads/sites/3/2025/11/SAINTE_SUZANNE_VELO-HELLOLAROUX.jpg-768x512.jpg 768w, https://semaine-federale.ffvelo.fr/2026/wp-content/uploads/sites/3/2025/11/SAINTE_SUZANNE_VELO-HELLOLAROUX.jpg-1536x1024.jpg 1536w, https://semaine-federale.ffvelo.fr/2026/wp-content/uploads/sites/3/2025/11/SAINTE_SUZANNE_VELO-HELLOLAROUX.jpg-2048x1365.jpg 2048w" sizes="auto, (max-width: 2560px) 100vw, 2560px" /><div class="wp-block-cover__inner-container has-global-padding is-layout-constrained wp-block-cover-is-layout-constrained">
<div class="wp-block-group has-global-padding is-content-justification-left is-layout-constrained wp-container-core-group-is-layout-12dd3699 wp-block-group-is-layout-constrained"><h1 class="has-text-align-center wp-block-post-title">Grottes et cités médiévales &#8211; Mercredi 5 août</h1></div>
</div></div>



<h2 class="wp-block-heading has-blue-light-color has-text-color has-link-color has-large-font-size wp-elements-b93df2e4da451f1b5db508e40242b02f"><em>5 parcours de 52 à 160 km</em></h2>



<div class="wp-block-columns is-layout-flex wp-container-core-columns-is-layout-28f84493 wp-block-columns-is-layout-flex">
<div class="wp-block-column is-layout-flow wp-block-column-is-layout-flow">
<figure class="wp-block-image size-large"><img loading="lazy" decoding="async" width="595" height="1024" src="https://semaine-federale.ffvelo.fr/2026/wp-content/uploads/sites/3/2025/11/PARCOURS_J4-595x1024.png" alt="" class="wp-image-409" srcset="https://semaine-federale.ffvelo.fr/2026/wp-content/uploads/sites/3/2025/11/PARCOURS_J4-595x1024.png 595w, https://semaine-federale.ffvelo.fr/2026/wp-content/uploads/sites/3/2025/11/PARCOURS_J4-174x300.png 174w, https://semaine-federale.ffvelo.fr/2026/wp-content/uploads/sites/3/2025/11/PARCOURS_J4-768x1322.png 768w, https://semaine-federale.ffvelo.fr/2026/wp-content/uploads/sites/3/2025/11/PARCOURS_J4-893x1536.png 893w, https://semaine-federale.ffvelo.fr/2026/wp-content/uploads/sites/3/2025/11/PARCOURS_J4-1190x2048.png 1190w, https://semaine-federale.ffvelo.fr/2026/wp-content/uploads/sites/3/2025/11/PARCOURS_J4-scaled.png 1488w" sizes="auto, (max-width: 595px) 100vw, 595px" /></figure>
</div>



<div class="wp-block-column is-layout-flow wp-block-column-is-layout-flow">
<div style="height:160px" aria-hidden="true" class="wp-block-spacer"></div>



<p><strong>Saint-Denis du Maine</strong>, vous permettra de faire une première pause autour du magnifique plan d’eau et son terrain de golf.<br><br>Les grottes préhistoriques de <strong>Saulges</strong> et ses falaises calcaires sont idéales pour l’escalade et la randonnée.<br><br>À <strong>Saint-Georges-sur-Erve</strong>, le château de Foulletorte rappelle le charme des demeures anciennes, tandis que <strong>Saint-Pierre-sur-Erve</strong> enchante par son cadre bucolique.<br><br><strong>Sainte-Suzanne</strong>, classée parmi les Plus Beaux Villages de France®, séduit par son château et ses ruelles pittoresques. <br><br>L’itinéraire passe ensuite par <strong>Evron</strong>, avec la majestueuse Basilique Notre-Dame-de-l’Epine. Puis, direction<strong> Bais</strong> et <strong>la Butte de Montaigu</strong>, et <strong>Jublains</strong>, où subsistent des vestiges gallo-romains importants.<br><br>À <strong>Mézangers</strong>, le château du Rocher, forteresse médiévale entourée de verdure, est un incontournable.<br><br>En descendant, on découvre le Moulin de Thévalles à <strong>Chéméré-le-Roi</strong>, un moulin à eau encore en activité.</p>
</div>
</div>



<div style="height:40px" aria-hidden="true" class="wp-block-spacer"></div>

<p>5 parcours de 52 à 160 km Saint-Denis du Maine, vous permettra de faire une première pause autour du magnifique plan d’eau et son terrain de golf. Les grottes préhistoriques de Saulges et ses falaises calcaires sont idéales pour l’escalade et la randonnée. À Saint-Georges-sur-Erve, le château de Foulletorte rappelle le charme des demeures anciennes, [&hellip;]</p>

Grottes et cités médiévales - Mercredi 5 août - Semaine Fédérale Cyclotourisme 2026 - Château-Gontier sur Mayenne

5 parcours de 52 à 160 km Saint-Denis du Maine , vous permettra de faire une première pause autour du magnifique plan d’eau et son terrain de golf. Les grottes
