{"id":412,"date":"2025-12-19T14:56:40","date_gmt":"2025-12-19T13:56:40","guid":{"rendered":"https:\/\/semaine-federale.ffvelo.fr\/2026\/?page_id=412"},"modified":"2025-12-19T14:56:40","modified_gmt":"2025-12-19T13:56:40","slug":"pique-nique-cyclo-festif-jeudi-6-aout","status":"publish","type":"page","link":"https:\/\/semaine-federale.ffvelo.fr\/2026\/le-programme\/les-parcours\/pique-nique-cyclo-festif-jeudi-6-aout\/","title":{"rendered":"Pique-nique cyclo festif &#8211; Jeudi 6 ao\u00fbt"},"content":{"rendered":"\n<div class=\"wp-block-cover alignfull is-light wp-elements-367b893311881a5ab88f6e6d1cc2fd4d\" style=\"margin-bottom:var(--wp--preset--spacing--50);padding-top:var(--wp--preset--spacing--70);padding-bottom:var(--wp--preset--spacing--70)\"><span aria-hidden=\"true\" class=\"wp-block-cover__background has-beige-background-color has-background-dim-60 has-background-dim\"><\/span><img loading=\"lazy\" decoding=\"async\" width=\"2160\" height=\"1439\" src=\"https:\/\/semaine-federale.ffvelo.fr\/2026\/wp-content\/uploads\/sites\/3\/2025\/07\/Chateau-de-Craon.webp\" class=\"wp-block-cover__image-background wp-post-image\" alt=\"Ch\u00e2teau de craon\" data-object-fit=\"cover\" data-object-position=\"53% 42%\" style=\"object-position:53% 42%;\" srcset=\"https:\/\/semaine-federale.ffvelo.fr\/2026\/wp-content\/uploads\/sites\/3\/2025\/07\/Chateau-de-Craon.webp 2160w, https:\/\/semaine-federale.ffvelo.fr\/2026\/wp-content\/uploads\/sites\/3\/2025\/07\/Chateau-de-Craon-300x200.webp 300w, https:\/\/semaine-federale.ffvelo.fr\/2026\/wp-content\/uploads\/sites\/3\/2025\/07\/Chateau-de-Craon-1024x682.webp 1024w, https:\/\/semaine-federale.ffvelo.fr\/2026\/wp-content\/uploads\/sites\/3\/2025\/07\/Chateau-de-Craon-768x512.webp 768w, https:\/\/semaine-federale.ffvelo.fr\/2026\/wp-content\/uploads\/sites\/3\/2025\/07\/Chateau-de-Craon-1536x1023.webp 1536w, https:\/\/semaine-federale.ffvelo.fr\/2026\/wp-content\/uploads\/sites\/3\/2025\/07\/Chateau-de-Craon-2048x1364.webp 2048w\" sizes=\"auto, (max-width: 2160px) 100vw, 2160px\" \/><div class=\"wp-block-cover__inner-container has-global-padding is-layout-constrained wp-block-cover-is-layout-constrained\">\n<div class=\"wp-block-group has-global-padding is-content-justification-left is-layout-constrained wp-container-core-group-is-layout-12dd3699 wp-block-group-is-layout-constrained\"><h1 class=\"has-text-align-center wp-block-post-title\">Pique-nique cyclo festif &#8211; Jeudi 6 ao\u00fbt<\/h1><\/div>\n<\/div><\/div>\n\n\n\n<h2 class=\"wp-block-heading has-blue-light-color has-text-color has-link-color has-large-font-size wp-elements-0437feb1375d8e019f14685e187f54a2\"><em>Hippodrome de Craon<\/em><\/h2>\n\n\n\n<figure class=\"wp-block-image size-large\"><img loading=\"lazy\" decoding=\"async\" width=\"1024\" height=\"444\" src=\"https:\/\/semaine-federale.ffvelo.fr\/2026\/wp-content\/uploads\/sites\/3\/2025\/11\/PARCOURS_J5-1024x444.png\" alt=\"\" class=\"wp-image-413\" srcset=\"https:\/\/semaine-federale.ffvelo.fr\/2026\/wp-content\/uploads\/sites\/3\/2025\/11\/PARCOURS_J5-1024x444.png 1024w, https:\/\/semaine-federale.ffvelo.fr\/2026\/wp-content\/uploads\/sites\/3\/2025\/11\/PARCOURS_J5-300x130.png 300w, https:\/\/semaine-federale.ffvelo.fr\/2026\/wp-content\/uploads\/sites\/3\/2025\/11\/PARCOURS_J5-768x333.png 768w, https:\/\/semaine-federale.ffvelo.fr\/2026\/wp-content\/uploads\/sites\/3\/2025\/11\/PARCOURS_J5-1536x667.png 1536w, https:\/\/semaine-federale.ffvelo.fr\/2026\/wp-content\/uploads\/sites\/3\/2025\/11\/PARCOURS_J5-2048x889.png 2048w\" sizes=\"auto, (max-width: 1024px) 100vw, 1024px\" \/><\/figure>\n\n\n\n<p>Au d\u00e9part de cette journ\u00e9e, vous emprunterez les lacets du viaduc pour rejoindre <strong>Craon<\/strong>, une ville r\u00e9put\u00e9e pour ses courses hippiques et son patrimoine exceptionnel o\u00f9 se m\u00ealent charme historique et nature pr\u00e9serv\u00e9e.<br><br>L\u2019un des joyaux de la ville est sans conteste le Ch\u00e2teau, v\u00e9ritable perle du XVIII\u00e8me si\u00e8cle, surnomm\u00e9 \u00ab Le Petit Versailles Mayennais \u00bb. Entour\u00e9 d\u2019un somptueux parc de 47 hectares, il offre un cadre idyllique pour une pause contemplative.<br><br>Dans le centre-ville, vous contemplerez l\u2019\u00e9glise Saint-Nicolas ainsi que ses vitraux, t\u00e9moignant de plusieurs si\u00e8cles d\u2019histoire religieuse. Les magnifiques Halles retiendront \u00e9galement toute votre attention.<br><br>La ville de Craon est homologable au label Petites Cit\u00e9s de Caract\u00e8re\u00ae, ce qui t\u00e9moigne d&rsquo;une reconnaissance bien m\u00e9rit\u00e9e pour la mise en valeur du patrimoine et l&rsquo;engagement \u00e0 pr\u00e9server son authenticit\u00e9.<br><br>Apr\u00e8s cette immersion dans l\u2019histoire et l\u2019\u00e9l\u00e9gance de Craon, vous reprendrez la route en direction de <strong>Ch\u00e2teau-Gontier sur Mayenne<\/strong>, des images plein les yeux et le sentiment d\u2019avoir travers\u00e9 une ville o\u00f9 le temps semble suspendu.<\/p>\n\n\n\n<div style=\"height:40px\" aria-hidden=\"true\" class=\"wp-block-spacer\"><\/div>\n","protected":false},"excerpt":{"rendered":"<p>Hippodrome de Craon Au d\u00e9part de cette journ\u00e9e, vous emprunterez les lacets du viaduc pour rejoindre Craon, une ville r\u00e9put\u00e9e pour ses courses hippiques et son patrimoine exceptionnel o\u00f9 se m\u00ealent charme historique et nature pr\u00e9serv\u00e9e. L\u2019un des joyaux de la ville est sans conteste le Ch\u00e2teau, v\u00e9ritable perle du XVIII\u00e8me si\u00e8cle, surnomm\u00e9 \u00ab Le [&hellip;]<\/p>\n","protected":false},"author":4,"featured_media":38,"parent":277,"menu_order":5,"comment_status":"closed","ping_status":"closed","template":"","meta":{"slim_seo":{"title":"Pique-nique cyclo festif - Jeudi 6 ao\u00fbt - Semaine F\u00e9d\u00e9rale Cyclotourisme 2026 - Ch\u00e2teau-Gontier sur Mayenne","description":"Hippodrome de Craon Au d\u00e9part de cette journ\u00e9e, vous emprunterez les lacets du viaduc pour rejoindre Craon , une ville r\u00e9put\u00e9e pour ses courses hippiques et son"},"footnotes":""},"class_list":["post-412","page","type-page","status-publish","has-post-thumbnail","hentry"],"_links":{"self":[{"href":"https:\/\/semaine-federale.ffvelo.fr\/2026\/wp-json\/wp\/v2\/pages\/412","targetHints":{"allow":["GET"]}}],"collection":[{"href":"https:\/\/semaine-federale.ffvelo.fr\/2026\/wp-json\/wp\/v2\/pages"}],"about":[{"href":"https:\/\/semaine-federale.ffvelo.fr\/2026\/wp-json\/wp\/v2\/types\/page"}],"author":[{"embeddable":true,"href":"https:\/\/semaine-federale.ffvelo.fr\/2026\/wp-json\/wp\/v2\/users\/4"}],"replies":[{"embeddable":true,"href":"https:\/\/semaine-federale.ffvelo.fr\/2026\/wp-json\/wp\/v2\/comments?post=412"}],"version-history":[{"count":2,"href":"https:\/\/semaine-federale.ffvelo.fr\/2026\/wp-json\/wp\/v2\/pages\/412\/revisions"}],"predecessor-version":[{"id":440,"href":"https:\/\/semaine-federale.ffvelo.fr\/2026\/wp-json\/wp\/v2\/pages\/412\/revisions\/440"}],"up":[{"embeddable":true,"href":"https:\/\/semaine-federale.ffvelo.fr\/2026\/wp-json\/wp\/v2\/pages\/277"}],"wp:featuredmedia":[{"embeddable":true,"href":"https:\/\/semaine-federale.ffvelo.fr\/2026\/wp-json\/wp\/v2\/media\/38"}],"wp:attachment":[{"href":"https:\/\/semaine-federale.ffvelo.fr\/2026\/wp-json\/wp\/v2\/media?parent=412"}],"curies":[{"name":"wp","href":"https:\/\/api.w.org\/{rel}","templated":true}]}}

Pique-nique cyclo festif &#8211; Jeudi 6 août

<div class="wp-block-cover alignfull is-light wp-elements-367b893311881a5ab88f6e6d1cc2fd4d" style="margin-bottom:var(--wp--preset--spacing--50);padding-top:var(--wp--preset--spacing--70);padding-bottom:var(--wp--preset--spacing--70)"><span aria-hidden="true" class="wp-block-cover__background has-beige-background-color has-background-dim-60 has-background-dim"></span><img loading="lazy" decoding="async" width="2160" height="1439" src="https://semaine-federale.ffvelo.fr/2026/wp-content/uploads/sites/3/2025/07/Chateau-de-Craon.webp" class="wp-block-cover__image-background wp-post-image" alt="Château de craon" data-object-fit="cover" data-object-position="53% 42%" style="object-position:53% 42%;" srcset="https://semaine-federale.ffvelo.fr/2026/wp-content/uploads/sites/3/2025/07/Chateau-de-Craon.webp 2160w, https://semaine-federale.ffvelo.fr/2026/wp-content/uploads/sites/3/2025/07/Chateau-de-Craon-300x200.webp 300w, https://semaine-federale.ffvelo.fr/2026/wp-content/uploads/sites/3/2025/07/Chateau-de-Craon-1024x682.webp 1024w, https://semaine-federale.ffvelo.fr/2026/wp-content/uploads/sites/3/2025/07/Chateau-de-Craon-768x512.webp 768w, https://semaine-federale.ffvelo.fr/2026/wp-content/uploads/sites/3/2025/07/Chateau-de-Craon-1536x1023.webp 1536w, https://semaine-federale.ffvelo.fr/2026/wp-content/uploads/sites/3/2025/07/Chateau-de-Craon-2048x1364.webp 2048w" sizes="auto, (max-width: 2160px) 100vw, 2160px" /><div class="wp-block-cover__inner-container has-global-padding is-layout-constrained wp-block-cover-is-layout-constrained">
<div class="wp-block-group has-global-padding is-content-justification-left is-layout-constrained wp-container-core-group-is-layout-12dd3699 wp-block-group-is-layout-constrained"><h1 class="has-text-align-center wp-block-post-title">Pique-nique cyclo festif &#8211; Jeudi 6 août</h1></div>
</div></div>



<h2 class="wp-block-heading has-blue-light-color has-text-color has-link-color has-large-font-size wp-elements-0437feb1375d8e019f14685e187f54a2"><em>Hippodrome de Craon</em></h2>



<figure class="wp-block-image size-large"><img loading="lazy" decoding="async" width="1024" height="444" src="https://semaine-federale.ffvelo.fr/2026/wp-content/uploads/sites/3/2025/11/PARCOURS_J5-1024x444.png" alt="" class="wp-image-413" srcset="https://semaine-federale.ffvelo.fr/2026/wp-content/uploads/sites/3/2025/11/PARCOURS_J5-1024x444.png 1024w, https://semaine-federale.ffvelo.fr/2026/wp-content/uploads/sites/3/2025/11/PARCOURS_J5-300x130.png 300w, https://semaine-federale.ffvelo.fr/2026/wp-content/uploads/sites/3/2025/11/PARCOURS_J5-768x333.png 768w, https://semaine-federale.ffvelo.fr/2026/wp-content/uploads/sites/3/2025/11/PARCOURS_J5-1536x667.png 1536w, https://semaine-federale.ffvelo.fr/2026/wp-content/uploads/sites/3/2025/11/PARCOURS_J5-2048x889.png 2048w" sizes="auto, (max-width: 1024px) 100vw, 1024px" /></figure>



<p>Au départ de cette journée, vous emprunterez les lacets du viaduc pour rejoindre <strong>Craon</strong>, une ville réputée pour ses courses hippiques et son patrimoine exceptionnel où se mêlent charme historique et nature préservée.<br><br>L’un des joyaux de la ville est sans conteste le Château, véritable perle du XVIIIème siècle, surnommé « Le Petit Versailles Mayennais ». Entouré d’un somptueux parc de 47 hectares, il offre un cadre idyllique pour une pause contemplative.<br><br>Dans le centre-ville, vous contemplerez l’église Saint-Nicolas ainsi que ses vitraux, témoignant de plusieurs siècles d’histoire religieuse. Les magnifiques Halles retiendront également toute votre attention.<br><br>La ville de Craon est homologable au label Petites Cités de Caractère®, ce qui témoigne d&rsquo;une reconnaissance bien méritée pour la mise en valeur du patrimoine et l&rsquo;engagement à préserver son authenticité.<br><br>Après cette immersion dans l’histoire et l’élégance de Craon, vous reprendrez la route en direction de <strong>Château-Gontier sur Mayenne</strong>, des images plein les yeux et le sentiment d’avoir traversé une ville où le temps semble suspendu.</p>



<div style="height:40px" aria-hidden="true" class="wp-block-spacer"></div>

<p>Hippodrome de Craon Au départ de cette journée, vous emprunterez les lacets du viaduc pour rejoindre Craon, une ville réputée pour ses courses hippiques et son patrimoine exceptionnel où se mêlent charme historique et nature préservée. L’un des joyaux de la ville est sans conteste le Château, véritable perle du XVIIIème siècle, surnommé « Le [&hellip;]</p>

Pique-nique cyclo festif - Jeudi 6 août - Semaine Fédérale Cyclotourisme 2026 - Château-Gontier sur Mayenne

Hippodrome de Craon Au départ de cette journée, vous emprunterez les lacets du viaduc pour rejoindre Craon , une ville réputée pour ses courses hippiques et son
