{"id":416,"date":"2025-12-19T14:56:40","date_gmt":"2025-12-19T13:56:40","guid":{"rendered":"https:\/\/semaine-federale.ffvelo.fr\/2026\/?page_id=416"},"modified":"2025-12-19T14:56:40","modified_gmt":"2025-12-19T13:56:40","slug":"velo-francette-chateaux-et-vergers-vendredi-7-aout","status":"publish","type":"page","link":"https:\/\/semaine-federale.ffvelo.fr\/2026\/le-programme\/les-parcours\/velo-francette-chateaux-et-vergers-vendredi-7-aout\/","title":{"rendered":"V\u00e9lo Francette\u00ae Ch\u00e2teaux et Vergers &#8211; Vendredi 7 ao\u00fbt"},"content":{"rendered":"\n<div class=\"wp-block-cover alignfull is-light wp-elements-bae61c724341fd505dc49e6ffb7323b0\" style=\"margin-bottom:var(--wp--preset--spacing--50);padding-top:var(--wp--preset--spacing--70);padding-bottom:var(--wp--preset--spacing--70)\"><span aria-hidden=\"true\" class=\"wp-block-cover__background has-beige-background-color has-background-dim-60 has-background-dim\"><\/span><img loading=\"lazy\" decoding=\"async\" width=\"1920\" height=\"1280\" src=\"https:\/\/semaine-federale.ffvelo.fr\/2026\/wp-content\/uploads\/sites\/3\/2025\/11\/Chateau_du_Plessis-Bourre-cSebastien_GAUDARD-5646-AnjouTourisme-1920px.jpg\" class=\"wp-block-cover__image-background wp-post-image\" alt=\"\" data-object-fit=\"cover\" data-object-position=\"52% 65%\" style=\"object-position:52% 65%;\" srcset=\"https:\/\/semaine-federale.ffvelo.fr\/2026\/wp-content\/uploads\/sites\/3\/2025\/11\/Chateau_du_Plessis-Bourre-cSebastien_GAUDARD-5646-AnjouTourisme-1920px.jpg 1920w, https:\/\/semaine-federale.ffvelo.fr\/2026\/wp-content\/uploads\/sites\/3\/2025\/11\/Chateau_du_Plessis-Bourre-cSebastien_GAUDARD-5646-AnjouTourisme-1920px-300x200.jpg 300w, https:\/\/semaine-federale.ffvelo.fr\/2026\/wp-content\/uploads\/sites\/3\/2025\/11\/Chateau_du_Plessis-Bourre-cSebastien_GAUDARD-5646-AnjouTourisme-1920px-1024x683.jpg 1024w, https:\/\/semaine-federale.ffvelo.fr\/2026\/wp-content\/uploads\/sites\/3\/2025\/11\/Chateau_du_Plessis-Bourre-cSebastien_GAUDARD-5646-AnjouTourisme-1920px-768x512.jpg 768w, https:\/\/semaine-federale.ffvelo.fr\/2026\/wp-content\/uploads\/sites\/3\/2025\/11\/Chateau_du_Plessis-Bourre-cSebastien_GAUDARD-5646-AnjouTourisme-1920px-1536x1024.jpg 1536w\" sizes=\"auto, (max-width: 1920px) 100vw, 1920px\" \/><div class=\"wp-block-cover__inner-container has-global-padding is-layout-constrained wp-block-cover-is-layout-constrained\">\n<div class=\"wp-block-group has-global-padding is-content-justification-left is-layout-constrained wp-container-core-group-is-layout-12dd3699 wp-block-group-is-layout-constrained\"><h1 class=\"has-text-align-center wp-block-post-title\">V\u00e9lo Francette\u00ae Ch\u00e2teaux et Vergers &#8211; Vendredi 7 ao\u00fbt<\/h1><\/div>\n<\/div><\/div>\n\n\n\n<h2 class=\"wp-block-heading has-blue-light-color has-text-color has-link-color has-large-font-size wp-elements-7596868f25cc494a3da6dac1b3e30e86\"><em>4 parcours de 70 \u00e0 165 km<\/em><\/h2>\n\n\n\n<div class=\"wp-block-columns is-layout-flex wp-container-core-columns-is-layout-28f84493 wp-block-columns-is-layout-flex\">\n<div class=\"wp-block-column is-layout-flow wp-block-column-is-layout-flow\">\n<figure class=\"wp-block-image size-large\"><img loading=\"lazy\" decoding=\"async\" width=\"615\" height=\"1024\" src=\"https:\/\/semaine-federale.ffvelo.fr\/2026\/wp-content\/uploads\/sites\/3\/2025\/11\/PARCOURS_J6-615x1024.png\" alt=\"\" class=\"wp-image-417\" srcset=\"https:\/\/semaine-federale.ffvelo.fr\/2026\/wp-content\/uploads\/sites\/3\/2025\/11\/PARCOURS_J6-615x1024.png 615w, https:\/\/semaine-federale.ffvelo.fr\/2026\/wp-content\/uploads\/sites\/3\/2025\/11\/PARCOURS_J6-180x300.png 180w, https:\/\/semaine-federale.ffvelo.fr\/2026\/wp-content\/uploads\/sites\/3\/2025\/11\/PARCOURS_J6-768x1279.png 768w, https:\/\/semaine-federale.ffvelo.fr\/2026\/wp-content\/uploads\/sites\/3\/2025\/11\/PARCOURS_J6-922x1536.png 922w, https:\/\/semaine-federale.ffvelo.fr\/2026\/wp-content\/uploads\/sites\/3\/2025\/11\/PARCOURS_J6-1230x2048.png 1230w, https:\/\/semaine-federale.ffvelo.fr\/2026\/wp-content\/uploads\/sites\/3\/2025\/11\/PARCOURS_J6-scaled.png 1537w\" sizes=\"auto, (max-width: 615px) 100vw, 615px\" \/><\/figure>\n<\/div>\n\n\n\n<div class=\"wp-block-column is-layout-flow wp-block-column-is-layout-flow\">\n<div style=\"height:160px\" aria-hidden=\"true\" class=\"wp-block-spacer\"><\/div>\n\n\n\n<p>Apr\u00e8s le passage au charmant village de <strong>Grez-Neuville<\/strong>, bienvenue au <strong>Lion-d\u2019Angers<\/strong>, aux abords de l\u2019Isle Briand, magnifique hippodrome empreint d\u2019une atmosph\u00e8re particuli\u00e8re qui borde la rivi\u00e8re.<br><br>Le parcours se poursuit ensuite vers<strong> Ecuill\u00e9<\/strong> et son magnifique ch\u00e2teau du Plessis-Bourr\u00e9 datant du XV\u00e8me si\u00e8cle qui offre une riche histoire et une belle architecture. Cette forteresse m\u00e9di\u00e9vale, class\u00e9e monument historique, offre un cadre enchanteur.<br><strong><br>Chenill\u00e9-Chang\u00e9<\/strong>, tr\u00e8s agr\u00e9able petit village nich\u00e9 sur les bords de La Mayenne et domin\u00e9 par une statue de la Sainte Vierge, a su garder son aspect d\u2019antan. L\u2019\u00e9glise conserve des vestiges du XI\u00e8me si\u00e8cle et abrite en son sein une statue class\u00e9e de Saint-Jacques.<br><br>Vous pourrez y d\u00e9couvrir \u00e9galement le moulin \u00e0 eau toujours en activit\u00e9 avec sa vieille roue \u00e0 aube, le jardin potager du ch\u00e2teau des Rues avec sa fontaine et ses bassins.<br><br>Le retour se poursuit en longeant La Mayenne par <strong>Chambellay<\/strong>, <strong>Daon<\/strong> puis <strong>M\u00e9nil <\/strong>avec son bac.<\/p>\n<\/div>\n<\/div>\n\n\n\n<div style=\"height:40px\" aria-hidden=\"true\" class=\"wp-block-spacer\"><\/div>\n","protected":false},"excerpt":{"rendered":"<p>4 parcours de 70 \u00e0 165 km Apr\u00e8s le passage au charmant village de Grez-Neuville, bienvenue au Lion-d\u2019Angers, aux abords de l\u2019Isle Briand, magnifique hippodrome empreint d\u2019une atmosph\u00e8re particuli\u00e8re qui borde la rivi\u00e8re. Le parcours se poursuit ensuite vers Ecuill\u00e9 et son magnifique ch\u00e2teau du Plessis-Bourr\u00e9 datant du XV\u00e8me si\u00e8cle qui offre une riche histoire [&hellip;]<\/p>\n","protected":false},"author":4,"featured_media":373,"parent":277,"menu_order":6,"comment_status":"closed","ping_status":"closed","template":"","meta":{"slim_seo":{"title":"V\u00e9lo Francette\u00ae Ch\u00e2teaux et Vergers - Vendredi 7 ao\u00fbt - Semaine F\u00e9d\u00e9rale Cyclotourisme 2026 - Ch\u00e2teau-Gontier sur Mayenne","description":"4 parcours de 70 \u00e0 165 km Apr\u00e8s le passage au charmant village de Grez-Neuville , bienvenue au Lion-d\u2019Angers , aux abords de l\u2019Isle Briand, magnifique hippodrom"},"footnotes":""},"class_list":["post-416","page","type-page","status-publish","has-post-thumbnail","hentry"],"_links":{"self":[{"href":"https:\/\/semaine-federale.ffvelo.fr\/2026\/wp-json\/wp\/v2\/pages\/416","targetHints":{"allow":["GET"]}}],"collection":[{"href":"https:\/\/semaine-federale.ffvelo.fr\/2026\/wp-json\/wp\/v2\/pages"}],"about":[{"href":"https:\/\/semaine-federale.ffvelo.fr\/2026\/wp-json\/wp\/v2\/types\/page"}],"author":[{"embeddable":true,"href":"https:\/\/semaine-federale.ffvelo.fr\/2026\/wp-json\/wp\/v2\/users\/4"}],"replies":[{"embeddable":true,"href":"https:\/\/semaine-federale.ffvelo.fr\/2026\/wp-json\/wp\/v2\/comments?post=416"}],"version-history":[{"count":2,"href":"https:\/\/semaine-federale.ffvelo.fr\/2026\/wp-json\/wp\/v2\/pages\/416\/revisions"}],"predecessor-version":[{"id":1460,"href":"https:\/\/semaine-federale.ffvelo.fr\/2026\/wp-json\/wp\/v2\/pages\/416\/revisions\/1460"}],"up":[{"embeddable":true,"href":"https:\/\/semaine-federale.ffvelo.fr\/2026\/wp-json\/wp\/v2\/pages\/277"}],"wp:featuredmedia":[{"embeddable":true,"href":"https:\/\/semaine-federale.ffvelo.fr\/2026\/wp-json\/wp\/v2\/media\/373"}],"wp:attachment":[{"href":"https:\/\/semaine-federale.ffvelo.fr\/2026\/wp-json\/wp\/v2\/media?parent=416"}],"curies":[{"name":"wp","href":"https:\/\/api.w.org\/{rel}","templated":true}]}}

Vélo Francette® Châteaux et Vergers &#8211; Vendredi 7 août

<div class="wp-block-cover alignfull is-light wp-elements-bae61c724341fd505dc49e6ffb7323b0" style="margin-bottom:var(--wp--preset--spacing--50);padding-top:var(--wp--preset--spacing--70);padding-bottom:var(--wp--preset--spacing--70)"><span aria-hidden="true" class="wp-block-cover__background has-beige-background-color has-background-dim-60 has-background-dim"></span><img loading="lazy" decoding="async" width="1920" height="1280" src="https://semaine-federale.ffvelo.fr/2026/wp-content/uploads/sites/3/2025/11/Chateau_du_Plessis-Bourre-cSebastien_GAUDARD-5646-AnjouTourisme-1920px.jpg" class="wp-block-cover__image-background wp-post-image" alt="" data-object-fit="cover" data-object-position="52% 65%" style="object-position:52% 65%;" srcset="https://semaine-federale.ffvelo.fr/2026/wp-content/uploads/sites/3/2025/11/Chateau_du_Plessis-Bourre-cSebastien_GAUDARD-5646-AnjouTourisme-1920px.jpg 1920w, https://semaine-federale.ffvelo.fr/2026/wp-content/uploads/sites/3/2025/11/Chateau_du_Plessis-Bourre-cSebastien_GAUDARD-5646-AnjouTourisme-1920px-300x200.jpg 300w, https://semaine-federale.ffvelo.fr/2026/wp-content/uploads/sites/3/2025/11/Chateau_du_Plessis-Bourre-cSebastien_GAUDARD-5646-AnjouTourisme-1920px-1024x683.jpg 1024w, https://semaine-federale.ffvelo.fr/2026/wp-content/uploads/sites/3/2025/11/Chateau_du_Plessis-Bourre-cSebastien_GAUDARD-5646-AnjouTourisme-1920px-768x512.jpg 768w, https://semaine-federale.ffvelo.fr/2026/wp-content/uploads/sites/3/2025/11/Chateau_du_Plessis-Bourre-cSebastien_GAUDARD-5646-AnjouTourisme-1920px-1536x1024.jpg 1536w" sizes="auto, (max-width: 1920px) 100vw, 1920px" /><div class="wp-block-cover__inner-container has-global-padding is-layout-constrained wp-block-cover-is-layout-constrained">
<div class="wp-block-group has-global-padding is-content-justification-left is-layout-constrained wp-container-core-group-is-layout-12dd3699 wp-block-group-is-layout-constrained"><h1 class="has-text-align-center wp-block-post-title">Vélo Francette® Châteaux et Vergers &#8211; Vendredi 7 août</h1></div>
</div></div>



<h2 class="wp-block-heading has-blue-light-color has-text-color has-link-color has-large-font-size wp-elements-7596868f25cc494a3da6dac1b3e30e86"><em>4 parcours de 70 à 165 km</em></h2>



<div class="wp-block-columns is-layout-flex wp-container-core-columns-is-layout-28f84493 wp-block-columns-is-layout-flex">
<div class="wp-block-column is-layout-flow wp-block-column-is-layout-flow">
<figure class="wp-block-image size-large"><img loading="lazy" decoding="async" width="615" height="1024" src="https://semaine-federale.ffvelo.fr/2026/wp-content/uploads/sites/3/2025/11/PARCOURS_J6-615x1024.png" alt="" class="wp-image-417" srcset="https://semaine-federale.ffvelo.fr/2026/wp-content/uploads/sites/3/2025/11/PARCOURS_J6-615x1024.png 615w, https://semaine-federale.ffvelo.fr/2026/wp-content/uploads/sites/3/2025/11/PARCOURS_J6-180x300.png 180w, https://semaine-federale.ffvelo.fr/2026/wp-content/uploads/sites/3/2025/11/PARCOURS_J6-768x1279.png 768w, https://semaine-federale.ffvelo.fr/2026/wp-content/uploads/sites/3/2025/11/PARCOURS_J6-922x1536.png 922w, https://semaine-federale.ffvelo.fr/2026/wp-content/uploads/sites/3/2025/11/PARCOURS_J6-1230x2048.png 1230w, https://semaine-federale.ffvelo.fr/2026/wp-content/uploads/sites/3/2025/11/PARCOURS_J6-scaled.png 1537w" sizes="auto, (max-width: 615px) 100vw, 615px" /></figure>
</div>



<div class="wp-block-column is-layout-flow wp-block-column-is-layout-flow">
<div style="height:160px" aria-hidden="true" class="wp-block-spacer"></div>



<p>Après le passage au charmant village de <strong>Grez-Neuville</strong>, bienvenue au <strong>Lion-d’Angers</strong>, aux abords de l’Isle Briand, magnifique hippodrome empreint d’une atmosphère particulière qui borde la rivière.<br><br>Le parcours se poursuit ensuite vers<strong> Ecuillé</strong> et son magnifique château du Plessis-Bourré datant du XVème siècle qui offre une riche histoire et une belle architecture. Cette forteresse médiévale, classée monument historique, offre un cadre enchanteur.<br><strong><br>Chenillé-Changé</strong>, très agréable petit village niché sur les bords de La Mayenne et dominé par une statue de la Sainte Vierge, a su garder son aspect d’antan. L’église conserve des vestiges du XIème siècle et abrite en son sein une statue classée de Saint-Jacques.<br><br>Vous pourrez y découvrir également le moulin à eau toujours en activité avec sa vieille roue à aube, le jardin potager du château des Rues avec sa fontaine et ses bassins.<br><br>Le retour se poursuit en longeant La Mayenne par <strong>Chambellay</strong>, <strong>Daon</strong> puis <strong>Ménil </strong>avec son bac.</p>
</div>
</div>



<div style="height:40px" aria-hidden="true" class="wp-block-spacer"></div>

<p>4 parcours de 70 à 165 km Après le passage au charmant village de Grez-Neuville, bienvenue au Lion-d’Angers, aux abords de l’Isle Briand, magnifique hippodrome empreint d’une atmosphère particulière qui borde la rivière. Le parcours se poursuit ensuite vers Ecuillé et son magnifique château du Plessis-Bourré datant du XVème siècle qui offre une riche histoire [&hellip;]</p>

Vélo Francette® Châteaux et Vergers - Vendredi 7 août - Semaine Fédérale Cyclotourisme 2026 - Château-Gontier sur Mayenne

4 parcours de 70 à 165 km Après le passage au charmant village de Grez-Neuville , bienvenue au Lion-d’Angers , aux abords de l’Isle Briand, magnifique hippodrom
