{"id":420,"date":"2025-12-19T14:56:40","date_gmt":"2025-12-19T13:56:40","guid":{"rendered":"https:\/\/semaine-federale.ffvelo.fr\/2026\/?page_id=420"},"modified":"2026-01-19T17:07:36","modified_gmt":"2026-01-19T16:07:36","slug":"la-haute-mayenne-et-ses-toiles-samedi-8-aout","status":"publish","type":"page","link":"https:\/\/semaine-federale.ffvelo.fr\/2026\/le-programme\/les-parcours\/la-haute-mayenne-et-ses-toiles-samedi-8-aout\/","title":{"rendered":"La Haute Mayenne &#8211; Samedi 8 ao\u00fbt"},"content":{"rendered":"\n<div class=\"wp-block-cover alignfull is-light wp-elements-03e4be4953877a6f318042f7cd6c566a\" style=\"margin-bottom:var(--wp--preset--spacing--50);padding-top:var(--wp--preset--spacing--70);padding-bottom:var(--wp--preset--spacing--70)\"><span aria-hidden=\"true\" class=\"wp-block-cover__background has-beige-background-color has-background-dim-60 has-background-dim\"><\/span><img loading=\"lazy\" decoding=\"async\" width=\"2560\" height=\"1707\" src=\"https:\/\/semaine-federale.ffvelo.fr\/2026\/wp-content\/uploads\/sites\/3\/2025\/11\/Fontaine-Daniel-Lezbroz-Teddy-Verneuil-3-.jpg-scaled.jpg\" class=\"wp-block-cover__image-background wp-post-image\" alt=\"\" data-object-fit=\"cover\" data-object-position=\"52% 39%\" style=\"object-position:52% 39%;\" srcset=\"https:\/\/semaine-federale.ffvelo.fr\/2026\/wp-content\/uploads\/sites\/3\/2025\/11\/Fontaine-Daniel-Lezbroz-Teddy-Verneuil-3-.jpg-scaled.jpg 2560w, https:\/\/semaine-federale.ffvelo.fr\/2026\/wp-content\/uploads\/sites\/3\/2025\/11\/Fontaine-Daniel-Lezbroz-Teddy-Verneuil-3-.jpg-300x200.jpg 300w, https:\/\/semaine-federale.ffvelo.fr\/2026\/wp-content\/uploads\/sites\/3\/2025\/11\/Fontaine-Daniel-Lezbroz-Teddy-Verneuil-3-.jpg-1024x683.jpg 1024w, https:\/\/semaine-federale.ffvelo.fr\/2026\/wp-content\/uploads\/sites\/3\/2025\/11\/Fontaine-Daniel-Lezbroz-Teddy-Verneuil-3-.jpg-768x512.jpg 768w, https:\/\/semaine-federale.ffvelo.fr\/2026\/wp-content\/uploads\/sites\/3\/2025\/11\/Fontaine-Daniel-Lezbroz-Teddy-Verneuil-3-.jpg-1536x1024.jpg 1536w, https:\/\/semaine-federale.ffvelo.fr\/2026\/wp-content\/uploads\/sites\/3\/2025\/11\/Fontaine-Daniel-Lezbroz-Teddy-Verneuil-3-.jpg-2048x1365.jpg 2048w\" sizes=\"auto, (max-width: 2560px) 100vw, 2560px\" \/><div class=\"wp-block-cover__inner-container has-global-padding is-layout-constrained wp-block-cover-is-layout-constrained\">\n<div class=\"wp-block-group has-global-padding is-content-justification-left is-layout-constrained wp-container-core-group-is-layout-12dd3699 wp-block-group-is-layout-constrained\"><h1 class=\"has-text-align-center wp-block-post-title\">La Haute Mayenne &#8211; Samedi 8 ao\u00fbt<\/h1><\/div>\n<\/div><\/div>\n\n\n\n<h2 class=\"wp-block-heading has-blue-light-color has-text-color has-link-color has-large-font-size wp-elements-a0e875603c123b7aaf43e33686b53d7c\"><em>4 parcours de 43 \u00e0 153 km<\/em><\/h2>\n\n\n\n<div class=\"wp-block-columns is-layout-flex wp-container-core-columns-is-layout-28f84493 wp-block-columns-is-layout-flex\">\n<div class=\"wp-block-column is-layout-flow wp-block-column-is-layout-flow\">\n<figure class=\"wp-block-image size-large\"><img loading=\"lazy\" decoding=\"async\" width=\"594\" height=\"1024\" src=\"https:\/\/semaine-federale.ffvelo.fr\/2026\/wp-content\/uploads\/sites\/3\/2026\/01\/PARCOURS_J7-594x1024.png\" alt=\"\" class=\"wp-image-1509\" srcset=\"https:\/\/semaine-federale.ffvelo.fr\/2026\/wp-content\/uploads\/sites\/3\/2026\/01\/PARCOURS_J7-594x1024.png 594w, https:\/\/semaine-federale.ffvelo.fr\/2026\/wp-content\/uploads\/sites\/3\/2026\/01\/PARCOURS_J7-174x300.png 174w, https:\/\/semaine-federale.ffvelo.fr\/2026\/wp-content\/uploads\/sites\/3\/2026\/01\/PARCOURS_J7-768x1323.png 768w, https:\/\/semaine-federale.ffvelo.fr\/2026\/wp-content\/uploads\/sites\/3\/2026\/01\/PARCOURS_J7-891x1536.png 891w, https:\/\/semaine-federale.ffvelo.fr\/2026\/wp-content\/uploads\/sites\/3\/2026\/01\/PARCOURS_J7-1188x2048.png 1188w, https:\/\/semaine-federale.ffvelo.fr\/2026\/wp-content\/uploads\/sites\/3\/2026\/01\/PARCOURS_J7-scaled.png 1486w\" sizes=\"auto, (max-width: 594px) 100vw, 594px\" \/><\/figure>\n<\/div>\n\n\n\n<div class=\"wp-block-column is-layout-flow wp-block-column-is-layout-flow\">\n<div style=\"height:160px\" aria-hidden=\"true\" class=\"wp-block-spacer\"><\/div>\n\n\n\n<p>Prenez la route vers <strong>Entrammes<\/strong>, ce parcours v\u00e9lo vous fera voyager \u00e0 travers l\u2019\u00e9poque gallo-romaine avec la d\u00e9couverte des thermes antiques remarquablement conserv\u00e9s.<br><br>L\u2019itin\u00e9raire se poursuit ensuite vers <strong>Argentr\u00e9<\/strong>, avec la d\u00e9couverte du ch\u00e2teau d\u2019Hauterives qui trouve son origine \u00e0 l\u2019\u00e9poque m\u00e9di\u00e9vale avec ses magnifiques jardins \u00e0 la fran\u00e7aise ainsi que son \u00e9glise fond\u00e9e \u00e0 la fin du IV\u00e8me si\u00e8cle par Saint-Thuribe et Saint-Pavace.<br><br>Puis vous d\u00e9couvrirez le petit village de caract\u00e8re de <strong>Fontaine-Daniel<\/strong>, berceau des Toiles de Mayenne, o\u00f9 l\u2019histoire ouvri\u00e8re et le cadre enchanteur du village invitent \u00e0 la d\u00e9couverte.<br><br>La derni\u00e8re \u00e9tape m\u00e8ne \u00e0 <strong>Parn\u00e9-sur-Roc<\/strong>, Petite Cit\u00e9 de Caract\u00e8re\u00ae nich\u00e9e sur un promontoire rocheux, o\u00f9 la pierre et l\u2019eau ont fa\u00e7onn\u00e9 le patrimoine architectural remarquable, notamment son \u00e9glise romane, avec sa nef du XI\u00e8me et son clocher-porche du XII\u00e8me couronn\u00e9 d\u2019une fl\u00e8che en pierre. L\u2019\u00e9difice marque la fondation du bourg et renferme des peintures polychromes et une descente de croix du XVII\u00e8me si\u00e8cle. Un voyage entre nature et patrimoine, \u00e0 travers les \u00e9poques.<\/p>\n<\/div>\n<\/div>\n\n\n\n<div style=\"height:40px\" aria-hidden=\"true\" class=\"wp-block-spacer\"><\/div>\n","protected":false},"excerpt":{"rendered":"<p>4 parcours de 43 \u00e0 153 km Prenez la route vers Entrammes, ce parcours v\u00e9lo vous fera voyager \u00e0 travers l\u2019\u00e9poque gallo-romaine avec la d\u00e9couverte des thermes antiques remarquablement conserv\u00e9s. L\u2019itin\u00e9raire se poursuit ensuite vers Argentr\u00e9, avec la d\u00e9couverte du ch\u00e2teau d\u2019Hauterives qui trouve son origine \u00e0 l\u2019\u00e9poque m\u00e9di\u00e9vale avec ses magnifiques jardins \u00e0 la [&hellip;]<\/p>\n","protected":false},"author":4,"featured_media":374,"parent":277,"menu_order":7,"comment_status":"closed","ping_status":"closed","template":"","meta":{"slim_seo":{"title":"La Haute Mayenne - Samedi 8 ao\u00fbt - Semaine F\u00e9d\u00e9rale Cyclotourisme 2026 - Ch\u00e2teau-Gontier sur Mayenne","description":"4 parcours de 43 \u00e0 153 km Prenez la route vers Entrammes , ce parcours v\u00e9lo vous fera voyager \u00e0 travers l\u2019\u00e9poque gallo-romaine avec la d\u00e9couverte des thermes an"},"footnotes":""},"class_list":["post-420","page","type-page","status-publish","has-post-thumbnail","hentry"],"_links":{"self":[{"href":"https:\/\/semaine-federale.ffvelo.fr\/2026\/wp-json\/wp\/v2\/pages\/420","targetHints":{"allow":["GET"]}}],"collection":[{"href":"https:\/\/semaine-federale.ffvelo.fr\/2026\/wp-json\/wp\/v2\/pages"}],"about":[{"href":"https:\/\/semaine-federale.ffvelo.fr\/2026\/wp-json\/wp\/v2\/types\/page"}],"author":[{"embeddable":true,"href":"https:\/\/semaine-federale.ffvelo.fr\/2026\/wp-json\/wp\/v2\/users\/4"}],"replies":[{"embeddable":true,"href":"https:\/\/semaine-federale.ffvelo.fr\/2026\/wp-json\/wp\/v2\/comments?post=420"}],"version-history":[{"count":4,"href":"https:\/\/semaine-federale.ffvelo.fr\/2026\/wp-json\/wp\/v2\/pages\/420\/revisions"}],"predecessor-version":[{"id":1514,"href":"https:\/\/semaine-federale.ffvelo.fr\/2026\/wp-json\/wp\/v2\/pages\/420\/revisions\/1514"}],"up":[{"embeddable":true,"href":"https:\/\/semaine-federale.ffvelo.fr\/2026\/wp-json\/wp\/v2\/pages\/277"}],"wp:featuredmedia":[{"embeddable":true,"href":"https:\/\/semaine-federale.ffvelo.fr\/2026\/wp-json\/wp\/v2\/media\/374"}],"wp:attachment":[{"href":"https:\/\/semaine-federale.ffvelo.fr\/2026\/wp-json\/wp\/v2\/media?parent=420"}],"curies":[{"name":"wp","href":"https:\/\/api.w.org\/{rel}","templated":true}]}}

La Haute Mayenne &#8211; Samedi 8 août

<div class="wp-block-cover alignfull is-light wp-elements-03e4be4953877a6f318042f7cd6c566a" style="margin-bottom:var(--wp--preset--spacing--50);padding-top:var(--wp--preset--spacing--70);padding-bottom:var(--wp--preset--spacing--70)"><span aria-hidden="true" class="wp-block-cover__background has-beige-background-color has-background-dim-60 has-background-dim"></span><img loading="lazy" decoding="async" width="2560" height="1707" src="https://semaine-federale.ffvelo.fr/2026/wp-content/uploads/sites/3/2025/11/Fontaine-Daniel-Lezbroz-Teddy-Verneuil-3-.jpg-scaled.jpg" class="wp-block-cover__image-background wp-post-image" alt="" data-object-fit="cover" data-object-position="52% 39%" style="object-position:52% 39%;" srcset="https://semaine-federale.ffvelo.fr/2026/wp-content/uploads/sites/3/2025/11/Fontaine-Daniel-Lezbroz-Teddy-Verneuil-3-.jpg-scaled.jpg 2560w, https://semaine-federale.ffvelo.fr/2026/wp-content/uploads/sites/3/2025/11/Fontaine-Daniel-Lezbroz-Teddy-Verneuil-3-.jpg-300x200.jpg 300w, https://semaine-federale.ffvelo.fr/2026/wp-content/uploads/sites/3/2025/11/Fontaine-Daniel-Lezbroz-Teddy-Verneuil-3-.jpg-1024x683.jpg 1024w, https://semaine-federale.ffvelo.fr/2026/wp-content/uploads/sites/3/2025/11/Fontaine-Daniel-Lezbroz-Teddy-Verneuil-3-.jpg-768x512.jpg 768w, https://semaine-federale.ffvelo.fr/2026/wp-content/uploads/sites/3/2025/11/Fontaine-Daniel-Lezbroz-Teddy-Verneuil-3-.jpg-1536x1024.jpg 1536w, https://semaine-federale.ffvelo.fr/2026/wp-content/uploads/sites/3/2025/11/Fontaine-Daniel-Lezbroz-Teddy-Verneuil-3-.jpg-2048x1365.jpg 2048w" sizes="auto, (max-width: 2560px) 100vw, 2560px" /><div class="wp-block-cover__inner-container has-global-padding is-layout-constrained wp-block-cover-is-layout-constrained">
<div class="wp-block-group has-global-padding is-content-justification-left is-layout-constrained wp-container-core-group-is-layout-12dd3699 wp-block-group-is-layout-constrained"><h1 class="has-text-align-center wp-block-post-title">La Haute Mayenne &#8211; Samedi 8 août</h1></div>
</div></div>



<h2 class="wp-block-heading has-blue-light-color has-text-color has-link-color has-large-font-size wp-elements-a0e875603c123b7aaf43e33686b53d7c"><em>4 parcours de 43 à 153 km</em></h2>



<div class="wp-block-columns is-layout-flex wp-container-core-columns-is-layout-28f84493 wp-block-columns-is-layout-flex">
<div class="wp-block-column is-layout-flow wp-block-column-is-layout-flow">
<figure class="wp-block-image size-large"><img loading="lazy" decoding="async" width="594" height="1024" src="https://semaine-federale.ffvelo.fr/2026/wp-content/uploads/sites/3/2026/01/PARCOURS_J7-594x1024.png" alt="" class="wp-image-1509" srcset="https://semaine-federale.ffvelo.fr/2026/wp-content/uploads/sites/3/2026/01/PARCOURS_J7-594x1024.png 594w, https://semaine-federale.ffvelo.fr/2026/wp-content/uploads/sites/3/2026/01/PARCOURS_J7-174x300.png 174w, https://semaine-federale.ffvelo.fr/2026/wp-content/uploads/sites/3/2026/01/PARCOURS_J7-768x1323.png 768w, https://semaine-federale.ffvelo.fr/2026/wp-content/uploads/sites/3/2026/01/PARCOURS_J7-891x1536.png 891w, https://semaine-federale.ffvelo.fr/2026/wp-content/uploads/sites/3/2026/01/PARCOURS_J7-1188x2048.png 1188w, https://semaine-federale.ffvelo.fr/2026/wp-content/uploads/sites/3/2026/01/PARCOURS_J7-scaled.png 1486w" sizes="auto, (max-width: 594px) 100vw, 594px" /></figure>
</div>



<div class="wp-block-column is-layout-flow wp-block-column-is-layout-flow">
<div style="height:160px" aria-hidden="true" class="wp-block-spacer"></div>



<p>Prenez la route vers <strong>Entrammes</strong>, ce parcours vélo vous fera voyager à travers l’époque gallo-romaine avec la découverte des thermes antiques remarquablement conservés.<br><br>L’itinéraire se poursuit ensuite vers <strong>Argentré</strong>, avec la découverte du château d’Hauterives qui trouve son origine à l’époque médiévale avec ses magnifiques jardins à la française ainsi que son église fondée à la fin du IVème siècle par Saint-Thuribe et Saint-Pavace.<br><br>Puis vous découvrirez le petit village de caractère de <strong>Fontaine-Daniel</strong>, berceau des Toiles de Mayenne, où l’histoire ouvrière et le cadre enchanteur du village invitent à la découverte.<br><br>La dernière étape mène à <strong>Parné-sur-Roc</strong>, Petite Cité de Caractère® nichée sur un promontoire rocheux, où la pierre et l’eau ont façonné le patrimoine architectural remarquable, notamment son église romane, avec sa nef du XIème et son clocher-porche du XIIème couronné d’une flèche en pierre. L’édifice marque la fondation du bourg et renferme des peintures polychromes et une descente de croix du XVIIème siècle. Un voyage entre nature et patrimoine, à travers les époques.</p>
</div>
</div>



<div style="height:40px" aria-hidden="true" class="wp-block-spacer"></div>

<p>4 parcours de 43 à 153 km Prenez la route vers Entrammes, ce parcours vélo vous fera voyager à travers l’époque gallo-romaine avec la découverte des thermes antiques remarquablement conservés. L’itinéraire se poursuit ensuite vers Argentré, avec la découverte du château d’Hauterives qui trouve son origine à l’époque médiévale avec ses magnifiques jardins à la [&hellip;]</p>

La Haute Mayenne - Samedi 8 août - Semaine Fédérale Cyclotourisme 2026 - Château-Gontier sur Mayenne

4 parcours de 43 à 153 km Prenez la route vers Entrammes , ce parcours vélo vous fera voyager à travers l’époque gallo-romaine avec la découverte des thermes an
