{"id":423,"date":"2025-12-19T14:56:40","date_gmt":"2025-12-19T13:56:40","guid":{"rendered":"https:\/\/semaine-federale.ffvelo.fr\/2026\/?page_id=423"},"modified":"2026-01-15T20:01:28","modified_gmt":"2026-01-15T19:01:28","slug":"ceremonie-de-cloture","status":"publish","type":"page","link":"https:\/\/semaine-federale.ffvelo.fr\/2026\/le-programme\/les-parcours\/ceremonie-de-cloture\/","title":{"rendered":"C\u00e9r\u00e9monie de cl\u00f4ture"},"content":{"rendered":"\n<div class=\"wp-block-cover alignfull is-light wp-elements-81658947c7ffbe5e455f6034e0aaf2ac\" style=\"margin-bottom:var(--wp--preset--spacing--50);padding-top:var(--wp--preset--spacing--70);padding-bottom:var(--wp--preset--spacing--70)\"><span aria-hidden=\"true\" class=\"wp-block-cover__background has-beige-background-color has-background-dim-60 has-background-dim\"><\/span><img loading=\"lazy\" decoding=\"async\" width=\"2560\" height=\"1702\" src=\"https:\/\/semaine-federale.ffvelo.fr\/2026\/wp-content\/uploads\/sites\/3\/2025\/11\/Espace-Saint-Fiacre-2-scaled.jpg\" class=\"wp-block-cover__image-background wp-post-image\" alt=\"\" data-object-fit=\"cover\" data-object-position=\"53% 40%\" style=\"object-position:53% 40%;\" srcset=\"https:\/\/semaine-federale.ffvelo.fr\/2026\/wp-content\/uploads\/sites\/3\/2025\/11\/Espace-Saint-Fiacre-2-scaled.jpg 2560w, https:\/\/semaine-federale.ffvelo.fr\/2026\/wp-content\/uploads\/sites\/3\/2025\/11\/Espace-Saint-Fiacre-2-300x199.jpg 300w, https:\/\/semaine-federale.ffvelo.fr\/2026\/wp-content\/uploads\/sites\/3\/2025\/11\/Espace-Saint-Fiacre-2-1024x681.jpg 1024w, https:\/\/semaine-federale.ffvelo.fr\/2026\/wp-content\/uploads\/sites\/3\/2025\/11\/Espace-Saint-Fiacre-2-768x511.jpg 768w, https:\/\/semaine-federale.ffvelo.fr\/2026\/wp-content\/uploads\/sites\/3\/2025\/11\/Espace-Saint-Fiacre-2-1536x1021.jpg 1536w, https:\/\/semaine-federale.ffvelo.fr\/2026\/wp-content\/uploads\/sites\/3\/2025\/11\/Espace-Saint-Fiacre-2-2048x1361.jpg 2048w\" sizes=\"auto, (max-width: 2560px) 100vw, 2560px\" \/><div class=\"wp-block-cover__inner-container has-global-padding is-layout-constrained wp-block-cover-is-layout-constrained\">\n<div class=\"wp-block-group has-global-padding is-content-justification-left is-layout-constrained wp-container-core-group-is-layout-12dd3699 wp-block-group-is-layout-constrained\"><h1 class=\"has-text-align-center wp-block-post-title\">C\u00e9r\u00e9monie de cl\u00f4ture<\/h1><\/div>\n<\/div><\/div>\n\n\n\n<h2 class=\"wp-block-heading has-pink-color has-text-color has-link-color wp-elements-caa046c1dd8cedfe3e634e3bc63541be\"><em>Le fin de l&rsquo;\u00e9dition 2026 du Festival \u00e0 ne pas rater !<\/em><\/h2>\n\n\n\n<p>Pour cette journ\u00e9e du <strong>baisser de rideau<\/strong> sur la grande f\u00eate du cyclotourisme, venez vivre en direct le <strong>d\u00e9fil\u00e9 de cl\u00f4ture<\/strong>, v\u00e9ritable palette vivante de couleurs qui feront vibrer les rues de Ch\u00e2teau-Gontier Sur Mayenne.<\/p>\n\n\n\n<ul class=\"wp-block-list\">\n<li>Transmission de la \u00ab <strong>rame<\/strong> \u00bb<\/li>\n\n\n\n<li>Tirage du <strong>Gros Lot<\/strong> de notre tombola \u00ab un petit truc en plus \u00bb<\/li>\n\n\n\n<li><strong>Grand d\u00e9fil\u00e9<\/strong> de cl\u00f4ture \u00e0 travers Ch\u00e2teau-Gontier-sur-Mayenne<\/li>\n<\/ul>\n\n\n\n<p>Enfin, rendez-vous \u00e0 l\u2019<strong>Espace Saint-Fiacre<\/strong> pour un ultime moment de convivialit\u00e9, avec tous nos b\u00e9n\u00e9voles qui auront rendu ce rendez-vous possible.<\/p>\n\n\n\n<p class=\"has-orange-color has-text-color has-link-color has-large-font-size wp-elements-8a1ba91f1192c3cee70fa7c8b8edbd82\"><strong>Venez participer et partager avec nous cet aurevoir festif !<\/strong><\/p>\n\n\n\n<div style=\"height:40px\" aria-hidden=\"true\" class=\"wp-block-spacer\"><\/div>\n\n\n\n<p><\/p>\n","protected":false},"excerpt":{"rendered":"<p>Le fin de l&rsquo;\u00e9dition 2026 du Festival \u00e0 ne pas rater ! Pour cette journ\u00e9e du baisser de rideau sur la grande f\u00eate du cyclotourisme, venez vivre en direct le d\u00e9fil\u00e9 de cl\u00f4ture, v\u00e9ritable palette vivante de couleurs qui feront vibrer les rues de Ch\u00e2teau-Gontier Sur Mayenne. Enfin, rendez-vous \u00e0 l\u2019Espace Saint-Fiacre pour un ultime [&hellip;]<\/p>\n","protected":false},"author":4,"featured_media":376,"parent":277,"menu_order":10,"comment_status":"closed","ping_status":"closed","template":"","meta":{"slim_seo":{"title":"C\u00e9r\u00e9monie de cl\u00f4ture - Semaine F\u00e9d\u00e9rale Cyclotourisme 2026 - Ch\u00e2teau-Gontier sur Mayenne","description":"Le fin de l'\u00e9dition 2026 du Festival \u00e0 ne pas rater ! Pour cette journ\u00e9e du baisser de rideau sur la grande f\u00eate du cyclotourisme, venez vivre en direct le d\u00e9fi"},"footnotes":""},"class_list":["post-423","page","type-page","status-publish","has-post-thumbnail","hentry"],"_links":{"self":[{"href":"https:\/\/semaine-federale.ffvelo.fr\/2026\/wp-json\/wp\/v2\/pages\/423","targetHints":{"allow":["GET"]}}],"collection":[{"href":"https:\/\/semaine-federale.ffvelo.fr\/2026\/wp-json\/wp\/v2\/pages"}],"about":[{"href":"https:\/\/semaine-federale.ffvelo.fr\/2026\/wp-json\/wp\/v2\/types\/page"}],"author":[{"embeddable":true,"href":"https:\/\/semaine-federale.ffvelo.fr\/2026\/wp-json\/wp\/v2\/users\/4"}],"replies":[{"embeddable":true,"href":"https:\/\/semaine-federale.ffvelo.fr\/2026\/wp-json\/wp\/v2\/comments?post=423"}],"version-history":[{"count":2,"href":"https:\/\/semaine-federale.ffvelo.fr\/2026\/wp-json\/wp\/v2\/pages\/423\/revisions"}],"predecessor-version":[{"id":1500,"href":"https:\/\/semaine-federale.ffvelo.fr\/2026\/wp-json\/wp\/v2\/pages\/423\/revisions\/1500"}],"up":[{"embeddable":true,"href":"https:\/\/semaine-federale.ffvelo.fr\/2026\/wp-json\/wp\/v2\/pages\/277"}],"wp:featuredmedia":[{"embeddable":true,"href":"https:\/\/semaine-federale.ffvelo.fr\/2026\/wp-json\/wp\/v2\/media\/376"}],"wp:attachment":[{"href":"https:\/\/semaine-federale.ffvelo.fr\/2026\/wp-json\/wp\/v2\/media?parent=423"}],"curies":[{"name":"wp","href":"https:\/\/api.w.org\/{rel}","templated":true}]}}

Cérémonie de clôture

<div class="wp-block-cover alignfull is-light wp-elements-81658947c7ffbe5e455f6034e0aaf2ac" style="margin-bottom:var(--wp--preset--spacing--50);padding-top:var(--wp--preset--spacing--70);padding-bottom:var(--wp--preset--spacing--70)"><span aria-hidden="true" class="wp-block-cover__background has-beige-background-color has-background-dim-60 has-background-dim"></span><img loading="lazy" decoding="async" width="2560" height="1702" src="https://semaine-federale.ffvelo.fr/2026/wp-content/uploads/sites/3/2025/11/Espace-Saint-Fiacre-2-scaled.jpg" class="wp-block-cover__image-background wp-post-image" alt="" data-object-fit="cover" data-object-position="53% 40%" style="object-position:53% 40%;" srcset="https://semaine-federale.ffvelo.fr/2026/wp-content/uploads/sites/3/2025/11/Espace-Saint-Fiacre-2-scaled.jpg 2560w, https://semaine-federale.ffvelo.fr/2026/wp-content/uploads/sites/3/2025/11/Espace-Saint-Fiacre-2-300x199.jpg 300w, https://semaine-federale.ffvelo.fr/2026/wp-content/uploads/sites/3/2025/11/Espace-Saint-Fiacre-2-1024x681.jpg 1024w, https://semaine-federale.ffvelo.fr/2026/wp-content/uploads/sites/3/2025/11/Espace-Saint-Fiacre-2-768x511.jpg 768w, https://semaine-federale.ffvelo.fr/2026/wp-content/uploads/sites/3/2025/11/Espace-Saint-Fiacre-2-1536x1021.jpg 1536w, https://semaine-federale.ffvelo.fr/2026/wp-content/uploads/sites/3/2025/11/Espace-Saint-Fiacre-2-2048x1361.jpg 2048w" sizes="auto, (max-width: 2560px) 100vw, 2560px" /><div class="wp-block-cover__inner-container has-global-padding is-layout-constrained wp-block-cover-is-layout-constrained">
<div class="wp-block-group has-global-padding is-content-justification-left is-layout-constrained wp-container-core-group-is-layout-12dd3699 wp-block-group-is-layout-constrained"><h1 class="has-text-align-center wp-block-post-title">Cérémonie de clôture</h1></div>
</div></div>



<h2 class="wp-block-heading has-pink-color has-text-color has-link-color wp-elements-caa046c1dd8cedfe3e634e3bc63541be"><em>Le fin de l&rsquo;édition 2026 du Festival à ne pas rater !</em></h2>



<p>Pour cette journée du <strong>baisser de rideau</strong> sur la grande fête du cyclotourisme, venez vivre en direct le <strong>défilé de clôture</strong>, véritable palette vivante de couleurs qui feront vibrer les rues de Château-Gontier Sur Mayenne.</p>



<ul class="wp-block-list">
<li>Transmission de la « <strong>rame</strong> »</li>



<li>Tirage du <strong>Gros Lot</strong> de notre tombola « un petit truc en plus »</li>



<li><strong>Grand défilé</strong> de clôture à travers Château-Gontier-sur-Mayenne</li>
</ul>



<p>Enfin, rendez-vous à l’<strong>Espace Saint-Fiacre</strong> pour un ultime moment de convivialité, avec tous nos bénévoles qui auront rendu ce rendez-vous possible.</p>



<p class="has-orange-color has-text-color has-link-color has-large-font-size wp-elements-8a1ba91f1192c3cee70fa7c8b8edbd82"><strong>Venez participer et partager avec nous cet aurevoir festif !</strong></p>



<div style="height:40px" aria-hidden="true" class="wp-block-spacer"></div>



<p></p>

<p>Le fin de l&rsquo;édition 2026 du Festival à ne pas rater ! Pour cette journée du baisser de rideau sur la grande fête du cyclotourisme, venez vivre en direct le défilé de clôture, véritable palette vivante de couleurs qui feront vibrer les rues de Château-Gontier Sur Mayenne. Enfin, rendez-vous à l’Espace Saint-Fiacre pour un ultime [&hellip;]</p>

Cérémonie de clôture - Semaine Fédérale Cyclotourisme 2026 - Château-Gontier sur Mayenne

Le fin de l'édition 2026 du Festival à ne pas rater ! Pour cette journée du baisser de rideau sur la grande fête du cyclotourisme, venez vivre en direct le défi
