{"id":427,"date":"2025-12-19T14:56:40","date_gmt":"2025-12-19T13:56:40","guid":{"rendered":"https:\/\/semaine-federale.ffvelo.fr\/2026\/?page_id=427"},"modified":"2026-04-23T09:55:58","modified_gmt":"2026-04-23T07:55:58","slug":"le-programme","status":"publish","type":"page","link":"https:\/\/semaine-federale.ffvelo.fr\/2026\/le-programme\/","title":{"rendered":"Le programme"},"content":{"rendered":"\n<div class=\"wp-block-cover alignfull is-light wp-elements-38efd71d24e6c4c09e9bea3e6eb73937\" style=\"margin-bottom:var(--wp--preset--spacing--50);padding-top:var(--wp--preset--spacing--70);padding-bottom:var(--wp--preset--spacing--70)\"><span aria-hidden=\"true\" class=\"wp-block-cover__background has-beige-background-color has-background-dim-60 has-background-dim\"><\/span><img loading=\"lazy\" decoding=\"async\" width=\"2160\" height=\"1620\" src=\"https:\/\/semaine-federale.ffvelo.fr\/2026\/wp-content\/uploads\/sites\/3\/2025\/07\/VTT-Gravel.webp\" class=\"wp-block-cover__image-background wp-post-image\" alt=\"Vtt gravel\" data-object-fit=\"cover\" data-object-position=\"57% 38%\" style=\"object-position:57% 38%;\" srcset=\"https:\/\/semaine-federale.ffvelo.fr\/2026\/wp-content\/uploads\/sites\/3\/2025\/07\/VTT-Gravel.webp 2160w, https:\/\/semaine-federale.ffvelo.fr\/2026\/wp-content\/uploads\/sites\/3\/2025\/07\/VTT-Gravel-300x225.webp 300w, https:\/\/semaine-federale.ffvelo.fr\/2026\/wp-content\/uploads\/sites\/3\/2025\/07\/VTT-Gravel-1024x768.webp 1024w, https:\/\/semaine-federale.ffvelo.fr\/2026\/wp-content\/uploads\/sites\/3\/2025\/07\/VTT-Gravel-768x576.webp 768w, https:\/\/semaine-federale.ffvelo.fr\/2026\/wp-content\/uploads\/sites\/3\/2025\/07\/VTT-Gravel-1536x1152.webp 1536w, https:\/\/semaine-federale.ffvelo.fr\/2026\/wp-content\/uploads\/sites\/3\/2025\/07\/VTT-Gravel-2048x1536.webp 2048w\" sizes=\"auto, (max-width: 2160px) 100vw, 2160px\" \/><div class=\"wp-block-cover__inner-container has-global-padding is-layout-constrained wp-block-cover-is-layout-constrained\">\n<div class=\"wp-block-group has-global-padding is-content-justification-left is-layout-constrained wp-container-core-group-is-layout-12dd3699 wp-block-group-is-layout-constrained\"><h1 class=\"has-text-align-center wp-block-post-title\">Le programme<\/h1><\/div>\n<\/div><\/div>\n\n\n\n<h2 class=\"wp-block-heading\">D\u00e9couvrez les parcours route !<\/h2>\n\n\n\n<p>Lors de la SF 2026, vous pourrez suivre diff\u00e9rents parcours tout au long de la semaine. Plusieurs options vous seront propos\u00e9es tous les jours avec diff\u00e9rents niveaux de difficult\u00e9.<\/p>\n\n\n\n<div class=\"wp-block-buttons is-content-justification-center is-layout-flex wp-container-core-buttons-is-layout-a89b3969 wp-block-buttons-is-layout-flex\">\n<div class=\"wp-block-button\"><a class=\"wp-block-button__link wp-element-button\" href=\"https:\/\/semaine-federale.ffvelo.fr\/2026\/le-programme\/les-parcours\/\">D\u00e9couvrir les parcours<\/a><\/div>\n<\/div>\n\n\n\n<div style=\"height:20px\" aria-hidden=\"true\" class=\"wp-block-spacer\"><\/div>\n\n\n\n<h2 class=\"wp-block-heading\">VTT\/ Gravel<\/h2>\n\n\n\n<div class=\"wp-block-columns is-layout-flex wp-container-core-columns-is-layout-28f84493 wp-block-columns-is-layout-flex\">\n<div class=\"wp-block-column is-layout-flow wp-block-column-is-layout-flow\">\n<figure class=\"wp-block-image size-large\"><img loading=\"lazy\" decoding=\"async\" width=\"1024\" height=\"768\" src=\"https:\/\/semaine-federale.ffvelo.fr\/2026\/wp-content\/uploads\/sites\/3\/2025\/11\/Randonnee-Tour-de-la-Mayenne-VTT-a-Mezangers-CP-P.Beltrami-Mayenne-Tourisme-21-.jpg-1024x768.jpg\" alt=\"\" class=\"wp-image-428\" srcset=\"https:\/\/semaine-federale.ffvelo.fr\/2026\/wp-content\/uploads\/sites\/3\/2025\/11\/Randonnee-Tour-de-la-Mayenne-VTT-a-Mezangers-CP-P.Beltrami-Mayenne-Tourisme-21-.jpg-1024x768.jpg 1024w, https:\/\/semaine-federale.ffvelo.fr\/2026\/wp-content\/uploads\/sites\/3\/2025\/11\/Randonnee-Tour-de-la-Mayenne-VTT-a-Mezangers-CP-P.Beltrami-Mayenne-Tourisme-21-.jpg-300x225.jpg 300w, https:\/\/semaine-federale.ffvelo.fr\/2026\/wp-content\/uploads\/sites\/3\/2025\/11\/Randonnee-Tour-de-la-Mayenne-VTT-a-Mezangers-CP-P.Beltrami-Mayenne-Tourisme-21-.jpg-768x576.jpg 768w, https:\/\/semaine-federale.ffvelo.fr\/2026\/wp-content\/uploads\/sites\/3\/2025\/11\/Randonnee-Tour-de-la-Mayenne-VTT-a-Mezangers-CP-P.Beltrami-Mayenne-Tourisme-21-.jpg-1536x1152.jpg 1536w, https:\/\/semaine-federale.ffvelo.fr\/2026\/wp-content\/uploads\/sites\/3\/2025\/11\/Randonnee-Tour-de-la-Mayenne-VTT-a-Mezangers-CP-P.Beltrami-Mayenne-Tourisme-21-.jpg-2048x1536.jpg 2048w\" sizes=\"auto, (max-width: 1024px) 100vw, 1024px\" \/><\/figure>\n<\/div>\n\n\n\n<div class=\"wp-block-column is-layout-flow wp-block-column-is-layout-flow\">\n<p>Une \u00e9quipe de choc, experte, pour vous proposer du vrai et du bon VTT et Gravel !<br><br><strong>Du dimanche 2 ao\u00fbt au samedi 8 ao\u00fbt 2026<\/strong>, deux \u00e0 trois parcours VTT de 40 \u00e0 80 km s\u00e9lectionn\u00e9s et balis\u00e9s par les clubs du Tour de la Mayenne VTT.<br>Depuis 1995, le Tour de la Mayenne VTT propose aux VTTistes de d\u00e9couvrir les meilleurs parcours du d\u00e9partement de la Mayenne. Ainsi, tout au long de l\u2019ann\u00e9e, les onze clubs r\u00e9unis au sein de l\u2019association organisent des randonn\u00e9es qui r\u00e9pondent \u00e0 une charte de qualit\u00e9 vous assurant des parcours de haute vol\u00e9e.<\/p>\n\n\n\n<ul class=\"wp-block-list\">\n<li>Un Parcours Gravel entre 60 et 90 km avec trace gpx<\/li>\n\n\n\n<li>Accueil aux d\u00e9parts et aux arriv\u00e9es par les b\u00e9n\u00e9voles au \u00ab Barnum VTT\/Gravel \u00bb<\/li>\n\n\n\n<li>Ravitaillements sp\u00e9cifiques VTT et Gravel sur tous les parcours<\/li>\n\n\n\n<li>Trois d\u00e9parts d\u00e9port\u00e9s sur des points d\u2019accueil \u00ab Route \u00bb avec la possibilit\u00e9 de se restaurer \u00e0 l\u2019arriv\u00e9e<\/li>\n\n\n\n<li>Inscription possible \u00e0 la journ\u00e9e pour tous (licenci\u00e9s et non licenci\u00e9s)<\/li>\n<\/ul>\n<\/div>\n<\/div>\n\n\n\n<p><strong>Bonus du festival : le Challenge des Experts<\/strong><br>\u2022 <strong>5 ao\u00fbt (17h-19h)<\/strong> : Challenge Pilotage VTT<br>\u2022 <strong>6 ao\u00fbt (17h-19h)<\/strong> : Challenge Carr\u00e9 Magique VTT<br>\u2022 <strong>7 ao\u00fbt (18h)<\/strong> : r\u00e9sultats des Challenges et remise des r\u00e9compenses<br><\/p>\n\n\n\n<p>Pour cl\u00f4turer cette semaine festive, nous vous proposerons une Nocturne le <strong>vendredi 7 ao\u00fbt avec un d\u00e9part group\u00e9 \u00e0 21 H<\/strong> sur le petit parcours de la journ\u00e9e et la soupe \u00e0 l\u2019oignon avant de rejoindre les bras de Morph\u00e9e !<\/p>\n\n\n\n<div style=\"height:20px\" aria-hidden=\"true\" class=\"wp-block-spacer\"><\/div>\n\n\n\n<h2 class=\"wp-block-heading\">Cyclo d\u00e9couverte en Mayenne<\/h2>\n\n\n\n<div class=\"wp-block-columns is-layout-flex wp-container-core-columns-is-layout-28f84493 wp-block-columns-is-layout-flex\">\n<div class=\"wp-block-column is-layout-flow wp-block-column-is-layout-flow\">\n<p>Une excellente fa\u00e7on d\u2019explorer ce d\u00e9partement \u00e0 v\u00e9lo, en alliant plaisir du sport et d\u00e9couverte du patrimoine. <strong>Chaque jour, une cyclo d\u00e9couverte sera propos\u00e9e aux amateurs souhaitant explorer la Mayenne \u00e0 un rythme mod\u00e9r\u00e9.<\/strong> Adapt\u00e9 aux cyclistes de tous niveaux, ce concept permet de parcourir des itin\u00e9raires vari\u00e9s, m\u00ealant petites routes de campagne, voies vertes et halage le long de la rivi\u00e8re.<br><br>Au fil du parcours, vous d\u00e9couvrirez les paysages vallonn\u00e9s, de charmants villages et sites embl\u00e9matiques. Certaines sorties incluent des visites comment\u00e9es pour approfondir la d\u00e9couverte culturelle. Pour garantir une exp\u00e9rience conviviale et s\u00e9curis\u00e9e, <strong>chaque groupe est limit\u00e9 \u00e0 18 participants et accompagn\u00e9 d\u2019un guide (pr\u00e9-inscription obligatoire)<\/strong>.<\/p>\n\n\n\n<div class=\"wp-block-buttons is-content-justification-center is-layout-flex wp-container-core-buttons-is-layout-a89b3969 wp-block-buttons-is-layout-flex\">\n<div class=\"wp-block-button\"><a class=\"wp-block-button__link wp-element-button\" href=\"https:\/\/semaine-federale.ffvelo.fr\/2026\/le-programme\/cyclo-decouvertes\/\">En savoir plus<\/a><\/div>\n<\/div>\n<\/div>\n\n\n\n<div class=\"wp-block-column is-layout-flow wp-block-column-is-layout-flow\">\n<figure class=\"wp-block-image size-large\"><img loading=\"lazy\" decoding=\"async\" width=\"1024\" height=\"576\" src=\"https:\/\/semaine-federale.ffvelo.fr\/2026\/wp-content\/uploads\/sites\/3\/2025\/11\/Traversee_en_bac-La_Mayenne_riviere_Menil-CP-Pascal_BELTRAMI_-_Mayenne_Tourisme1-1024x576.jpg\" alt=\"\" class=\"wp-image-430\" srcset=\"https:\/\/semaine-federale.ffvelo.fr\/2026\/wp-content\/uploads\/sites\/3\/2025\/11\/Traversee_en_bac-La_Mayenne_riviere_Menil-CP-Pascal_BELTRAMI_-_Mayenne_Tourisme1-1024x576.jpg 1024w, https:\/\/semaine-federale.ffvelo.fr\/2026\/wp-content\/uploads\/sites\/3\/2025\/11\/Traversee_en_bac-La_Mayenne_riviere_Menil-CP-Pascal_BELTRAMI_-_Mayenne_Tourisme1-300x169.jpg 300w, https:\/\/semaine-federale.ffvelo.fr\/2026\/wp-content\/uploads\/sites\/3\/2025\/11\/Traversee_en_bac-La_Mayenne_riviere_Menil-CP-Pascal_BELTRAMI_-_Mayenne_Tourisme1-768x432.jpg 768w, https:\/\/semaine-federale.ffvelo.fr\/2026\/wp-content\/uploads\/sites\/3\/2025\/11\/Traversee_en_bac-La_Mayenne_riviere_Menil-CP-Pascal_BELTRAMI_-_Mayenne_Tourisme1.jpg 1366w\" sizes=\"auto, (max-width: 1024px) 100vw, 1024px\" \/><\/figure>\n<\/div>\n<\/div>\n\n\n\n<div style=\"height:20px\" aria-hidden=\"true\" class=\"wp-block-spacer\"><\/div>\n\n\n\n<h2 class=\"wp-block-heading\">Randos p\u00e9destres<\/h2>\n\n\n\n<h3 class=\"wp-block-heading has-pink-color has-text-color has-link-color wp-elements-8f7663194a96954f58b6c10f2c7b9b30\">La Mayenne, une terre de randonneurs !<\/h3>\n\n\n\n<p>Nous aurons le plaisir lors de cette semaine f\u00e9d\u00e9rale de vous faire pratiquer votre activit\u00e9 favorite sur de magnifiques parcours pr\u00e9par\u00e9s par nos deux clubs locaux : <strong>\u00ab Les Mil\u2019Pat \u00bb<\/strong> et <strong>\u00ab La Retraite Sportive \u00bb<\/strong>.<br><br>Tous ces b\u00e9n\u00e9voles chevronn\u00e9s sauront vous faire d\u00e9couvrir au plus pr\u00e8s de la nature tous les atouts de notre belle r\u00e9gion. Que ce soit sur des voies vertes, vertes, en sous bois ou sur le magnifique halage avec ses \u00e9cluses fleuries ! Les groupes seront de 20 \u00e0 25 personnes encadr\u00e9s de 2 b\u00e9n\u00e9voles par groupe.<br><br><strong>Des bus permettront de rejoindre les points de d\u00e9parts d\u00e9port\u00e9s quand n\u00e9cessaire tout au long de la semaine. Les pr\u00e9-inscriptions sont obligatoires.<\/strong><\/p>\n\n\n\n<div class=\"wp-block-buttons is-content-justification-center is-layout-flex wp-container-core-buttons-is-layout-a89b3969 wp-block-buttons-is-layout-flex\">\n<div class=\"wp-block-button\"><a class=\"wp-block-button__link wp-element-button\" href=\"https:\/\/semaine-federale.ffvelo.fr\/2026\/le-programme\/randonnees\/\">Plus d&rsquo;informations<\/a><\/div>\n<\/div>\n\n\n\n<div style=\"height:20px\" aria-hidden=\"true\" class=\"wp-block-spacer\"><\/div>\n\n\n\n<h2 class=\"wp-block-heading\">Programme d&rsquo;excursions \u00e0 proximit\u00e9&#8230;<\/h2>\n\n\n\n<h3 class=\"wp-block-heading has-pink-color has-text-color has-link-color wp-elements-b3832b34e4a9470e838c687935aecc63\">Sous forme de visites guid\u00e9es<\/h3>\n\n\n\n<p>Visitez la Mayenne autrement lors des diff\u00e9rentes excursions propos\u00e9es pendant la semaine f\u00e9d\u00e9rale 2026.<br><br><strong>L&rsquo;ensemble des d\u00e9parts se feront \u00e0 partir de l&rsquo;Espace Saint-Fiacre. Les inscriptions sont obligatoires.<\/strong><\/p>\n\n\n\n<div class=\"wp-block-buttons is-content-justification-center is-layout-flex wp-container-core-buttons-is-layout-a89b3969 wp-block-buttons-is-layout-flex\">\n<div class=\"wp-block-button\"><a class=\"wp-block-button__link wp-element-button\" href=\"https:\/\/semaine-federale.ffvelo.fr\/2026\/le-programme\/excursions\/\">D\u00e9couvrir les excursions<\/a><\/div>\n<\/div>\n\n\n\n<div style=\"height:20px\" aria-hidden=\"true\" class=\"wp-block-spacer\"><\/div>\n\n\n\n<div class=\"wp-block-columns are-vertically-aligned-center is-layout-flex wp-container-core-columns-is-layout-28f84493 wp-block-columns-is-layout-flex\">\n<div class=\"wp-block-column is-vertically-aligned-center is-layout-flow wp-block-column-is-layout-flow\">\n<figure class=\"wp-block-image size-full\"><img loading=\"lazy\" decoding=\"async\" width=\"686\" height=\"532\" src=\"https:\/\/semaine-federale.ffvelo.fr\/2026\/wp-content\/uploads\/sites\/3\/2025\/07\/Special-jeunes-2.webp\" alt=\"Sp\u00e9cial jeunes 2\" class=\"wp-image-30\" srcset=\"https:\/\/semaine-federale.ffvelo.fr\/2026\/wp-content\/uploads\/sites\/3\/2025\/07\/Special-jeunes-2.webp 686w, https:\/\/semaine-federale.ffvelo.fr\/2026\/wp-content\/uploads\/sites\/3\/2025\/07\/Special-jeunes-2-300x233.webp 300w\" sizes=\"auto, (max-width: 686px) 100vw, 686px\" \/><\/figure>\n<\/div>\n\n\n\n<div class=\"wp-block-column is-vertically-aligned-center is-layout-flow wp-block-column-is-layout-flow\">\n<h2 class=\"wp-block-heading\">Sp\u00e9cial jeunes<\/h2>\n\n\n\n<p>Notre Festival est \u00e0 destination de tous. Les jeunes, vous trouverez tous une activit\u00e9 \u00e0 faire tous les jours.<br>Le Festival de cyclotourisme se tourne r\u00e9solument vers les plus jeunes avec le festival <strong>Bike To Ch\u00e2teau-Gontier<\/strong>.<\/p>\n\n\n\n<div class=\"wp-block-buttons is-layout-flex wp-block-buttons-is-layout-flex\">\n<div class=\"wp-block-button\"><a class=\"wp-block-button__link wp-element-button\" href=\"https:\/\/semaine-federale.ffvelo.fr\/2026\/se-divertir\/special-jeunes\/\">D\u00e9couvrir la page<\/a><\/div>\n<\/div>\n<\/div>\n<\/div>\n\n\n\n<div style=\"height:40px\" aria-hidden=\"true\" class=\"wp-block-spacer\"><\/div>\n","protected":false},"excerpt":{"rendered":"<p>D\u00e9couvrez les parcours route ! Lors de la SF 2026, vous pourrez suivre diff\u00e9rents parcours tout au long de la semaine. Plusieurs options vous seront propos\u00e9es tous les jours avec diff\u00e9rents niveaux de difficult\u00e9. VTT\/ Gravel Une \u00e9quipe de choc, experte, pour vous proposer du vrai et du bon VTT et Gravel ! Du dimanche [&hellip;]<\/p>\n","protected":false},"author":4,"featured_media":42,"parent":0,"menu_order":0,"comment_status":"closed","ping_status":"closed","template":"","meta":{"slim_seo":{"title":"Le programme - Semaine F\u00e9d\u00e9rale Cyclotourisme 2026 - Ch\u00e2teau-Gontier sur Mayenne","description":"D\u00e9couvrez les parcours route ! Lors de la SF 2026, vous pourrez suivre diff\u00e9rents parcours tout au long de la semaine. Plusieurs options vous seront propos\u00e9es t"},"footnotes":""},"class_list":["post-427","page","type-page","status-publish","has-post-thumbnail","hentry"],"_links":{"self":[{"href":"https:\/\/semaine-federale.ffvelo.fr\/2026\/wp-json\/wp\/v2\/pages\/427","targetHints":{"allow":["GET"]}}],"collection":[{"href":"https:\/\/semaine-federale.ffvelo.fr\/2026\/wp-json\/wp\/v2\/pages"}],"about":[{"href":"https:\/\/semaine-federale.ffvelo.fr\/2026\/wp-json\/wp\/v2\/types\/page"}],"author":[{"embeddable":true,"href":"https:\/\/semaine-federale.ffvelo.fr\/2026\/wp-json\/wp\/v2\/users\/4"}],"replies":[{"embeddable":true,"href":"https:\/\/semaine-federale.ffvelo.fr\/2026\/wp-json\/wp\/v2\/comments?post=427"}],"version-history":[{"count":15,"href":"https:\/\/semaine-federale.ffvelo.fr\/2026\/wp-json\/wp\/v2\/pages\/427\/revisions"}],"predecessor-version":[{"id":1747,"href":"https:\/\/semaine-federale.ffvelo.fr\/2026\/wp-json\/wp\/v2\/pages\/427\/revisions\/1747"}],"wp:featuredmedia":[{"embeddable":true,"href":"https:\/\/semaine-federale.ffvelo.fr\/2026\/wp-json\/wp\/v2\/media\/42"}],"wp:attachment":[{"href":"https:\/\/semaine-federale.ffvelo.fr\/2026\/wp-json\/wp\/v2\/media?parent=427"}],"curies":[{"name":"wp","href":"https:\/\/api.w.org\/{rel}","templated":true}]}}