{"id":446,"date":"2026-01-15T19:49:27","date_gmt":"2026-01-15T18:49:27","guid":{"rendered":"https:\/\/semaine-federale.ffvelo.fr\/2026\/?page_id=446"},"modified":"2026-04-02T09:44:37","modified_gmt":"2026-04-02T07:44:37","slug":"contact-presse","status":"publish","type":"page","link":"https:\/\/semaine-federale.ffvelo.fr\/2026\/contact-presse\/","title":{"rendered":"Contact presse"},"content":{"rendered":"\n<div class=\"wp-block-cover alignfull is-light wp-elements-1b8461ee4e0d703ce197492c89621c16\" style=\"margin-bottom:var(--wp--preset--spacing--50);padding-top:var(--wp--preset--spacing--70);padding-bottom:var(--wp--preset--spacing--70)\"><span aria-hidden=\"true\" class=\"wp-block-cover__background has-beige-background-color has-background-dim-60 has-background-dim\"><\/span><img loading=\"lazy\" decoding=\"async\" width=\"2160\" height=\"1620\" src=\"https:\/\/semaine-federale.ffvelo.fr\/2026\/wp-content\/uploads\/sites\/3\/2025\/07\/Chateau-Gontier-2.webp\" class=\"wp-block-cover__image-background wp-post-image\" alt=\"Ch\u00e2teau gontier 2\" data-object-fit=\"cover\" data-object-position=\"50% 30%\" style=\"object-position:50% 30%;\" srcset=\"https:\/\/semaine-federale.ffvelo.fr\/2026\/wp-content\/uploads\/sites\/3\/2025\/07\/Chateau-Gontier-2.webp 2160w, https:\/\/semaine-federale.ffvelo.fr\/2026\/wp-content\/uploads\/sites\/3\/2025\/07\/Chateau-Gontier-2-300x225.webp 300w, https:\/\/semaine-federale.ffvelo.fr\/2026\/wp-content\/uploads\/sites\/3\/2025\/07\/Chateau-Gontier-2-1024x768.webp 1024w, https:\/\/semaine-federale.ffvelo.fr\/2026\/wp-content\/uploads\/sites\/3\/2025\/07\/Chateau-Gontier-2-768x576.webp 768w, https:\/\/semaine-federale.ffvelo.fr\/2026\/wp-content\/uploads\/sites\/3\/2025\/07\/Chateau-Gontier-2-1536x1152.webp 1536w, https:\/\/semaine-federale.ffvelo.fr\/2026\/wp-content\/uploads\/sites\/3\/2025\/07\/Chateau-Gontier-2-2048x1536.webp 2048w\" sizes=\"auto, (max-width: 2160px) 100vw, 2160px\" \/><div class=\"wp-block-cover__inner-container has-global-padding is-layout-constrained wp-block-cover-is-layout-constrained\">\n<div class=\"wp-block-group has-global-padding is-content-justification-left is-layout-constrained wp-container-core-group-is-layout-12dd3699 wp-block-group-is-layout-constrained\"><h1 class=\"has-text-align-center wp-block-post-title\">Contact presse<\/h1><\/div>\n<\/div><\/div>\n\n\n\n<p>Pour tout renseignement, merci de contacter notre \u00e9quipe communication.<br>Par mail : <a href=\"mailto:semainefederale2026@gmail.com\"><strong>sf2026.communication@gmail.com<\/strong><\/a><\/p>\n\n\n\n<div style=\"height:20px\" aria-hidden=\"true\" class=\"wp-block-spacer\"><\/div>\n\n\n\n<div class=\"wp-block-columns is-layout-flex wp-container-core-columns-is-layout-28f84493 wp-block-columns-is-layout-flex\">\n<div class=\"wp-block-column is-layout-flow wp-block-column-is-layout-flow\">\n<div class=\"wp-block-buttons is-content-justification-center is-layout-flex wp-container-core-buttons-is-layout-a89b3969 wp-block-buttons-is-layout-flex\">\n<div class=\"wp-block-button\"><a class=\"wp-block-button__link wp-element-button\" href=\"https:\/\/semaine-federale.ffvelo.fr\/2026\/wp-content\/uploads\/sites\/3\/2026\/02\/260206_dossier_de_presse.pdf\" target=\"_blank\" rel=\"noreferrer noopener\">T\u00e9l\u00e9charger le dossier de presse<\/a><\/div>\n<\/div>\n<\/div>\n\n\n\n<div class=\"wp-block-column is-layout-flow wp-block-column-is-layout-flow\">\n<div class=\"wp-block-buttons is-content-justification-center is-layout-flex wp-container-core-buttons-is-layout-a89b3969 wp-block-buttons-is-layout-flex\">\n<div class=\"wp-block-button\"><a class=\"wp-block-button__link wp-element-button\" href=\"https:\/\/semaine-federale.ffvelo.fr\/wp-content\/uploads\/kit-communication-sfvelo-2026.zip\">T\u00e9l\u00e9charger le kit m\u00e9dia<\/a><\/div>\n<\/div>\n<\/div>\n<\/div>\n\n\n\n<div style=\"height:40px\" aria-hidden=\"true\" class=\"wp-block-spacer\"><\/div>\n\n\n\n<p><\/p>\n","protected":false},"excerpt":{"rendered":"<p>Pour tout renseignement, merci de contacter notre \u00e9quipe communication.Par mail : sf2026.communication@gmail.com<\/p>\n","protected":false},"author":4,"featured_media":10,"parent":0,"menu_order":0,"comment_status":"closed","ping_status":"closed","template":"","meta":{"slim_seo":{"title":"Contact presse - Semaine F\u00e9d\u00e9rale Cyclotourisme 2026 - Ch\u00e2teau-Gontier sur Mayenne","description":"Pour tout renseignement, merci de contacter notre \u00e9quipe communication. Par mail : sf2026.communication@gmail.com"},"footnotes":""},"class_list":["post-446","page","type-page","status-publish","has-post-thumbnail","hentry"],"_links":{"self":[{"href":"https:\/\/semaine-federale.ffvelo.fr\/2026\/wp-json\/wp\/v2\/pages\/446","targetHints":{"allow":["GET"]}}],"collection":[{"href":"https:\/\/semaine-federale.ffvelo.fr\/2026\/wp-json\/wp\/v2\/pages"}],"about":[{"href":"https:\/\/semaine-federale.ffvelo.fr\/2026\/wp-json\/wp\/v2\/types\/page"}],"author":[{"embeddable":true,"href":"https:\/\/semaine-federale.ffvelo.fr\/2026\/wp-json\/wp\/v2\/users\/4"}],"replies":[{"embeddable":true,"href":"https:\/\/semaine-federale.ffvelo.fr\/2026\/wp-json\/wp\/v2\/comments?post=446"}],"version-history":[{"count":5,"href":"https:\/\/semaine-federale.ffvelo.fr\/2026\/wp-json\/wp\/v2\/pages\/446\/revisions"}],"predecessor-version":[{"id":1733,"href":"https:\/\/semaine-federale.ffvelo.fr\/2026\/wp-json\/wp\/v2\/pages\/446\/revisions\/1733"}],"wp:featuredmedia":[{"embeddable":true,"href":"https:\/\/semaine-federale.ffvelo.fr\/2026\/wp-json\/wp\/v2\/media\/10"}],"wp:attachment":[{"href":"https:\/\/semaine-federale.ffvelo.fr\/2026\/wp-json\/wp\/v2\/media?parent=446"}],"curies":[{"name":"wp","href":"https:\/\/api.w.org\/{rel}","templated":true}]}}

<div class="wp-block-cover alignfull is-light wp-elements-1b8461ee4e0d703ce197492c89621c16" style="margin-bottom:var(--wp--preset--spacing--50);padding-top:var(--wp--preset--spacing--70);padding-bottom:var(--wp--preset--spacing--70)"><span aria-hidden="true" class="wp-block-cover__background has-beige-background-color has-background-dim-60 has-background-dim"></span><img loading="lazy" decoding="async" width="2160" height="1620" src="https://semaine-federale.ffvelo.fr/2026/wp-content/uploads/sites/3/2025/07/Chateau-Gontier-2.webp" class="wp-block-cover__image-background wp-post-image" alt="Château gontier 2" data-object-fit="cover" data-object-position="50% 30%" style="object-position:50% 30%;" srcset="https://semaine-federale.ffvelo.fr/2026/wp-content/uploads/sites/3/2025/07/Chateau-Gontier-2.webp 2160w, https://semaine-federale.ffvelo.fr/2026/wp-content/uploads/sites/3/2025/07/Chateau-Gontier-2-300x225.webp 300w, https://semaine-federale.ffvelo.fr/2026/wp-content/uploads/sites/3/2025/07/Chateau-Gontier-2-1024x768.webp 1024w, https://semaine-federale.ffvelo.fr/2026/wp-content/uploads/sites/3/2025/07/Chateau-Gontier-2-768x576.webp 768w, https://semaine-federale.ffvelo.fr/2026/wp-content/uploads/sites/3/2025/07/Chateau-Gontier-2-1536x1152.webp 1536w, https://semaine-federale.ffvelo.fr/2026/wp-content/uploads/sites/3/2025/07/Chateau-Gontier-2-2048x1536.webp 2048w" sizes="auto, (max-width: 2160px) 100vw, 2160px" /><div class="wp-block-cover__inner-container has-global-padding is-layout-constrained wp-block-cover-is-layout-constrained">
<div class="wp-block-group has-global-padding is-content-justification-left is-layout-constrained wp-container-core-group-is-layout-12dd3699 wp-block-group-is-layout-constrained"><h1 class="has-text-align-center wp-block-post-title">Contact presse</h1></div>
</div></div>



<p>Pour tout renseignement, merci de contacter notre équipe communication.<br>Par mail : <a href="mailto:semainefederale2026@gmail.com"><strong>sf2026.communication@gmail.com</strong></a></p>



<div style="height:20px" aria-hidden="true" class="wp-block-spacer"></div>



<div class="wp-block-columns is-layout-flex wp-container-core-columns-is-layout-28f84493 wp-block-columns-is-layout-flex">
<div class="wp-block-column is-layout-flow wp-block-column-is-layout-flow">
<div class="wp-block-buttons is-content-justification-center is-layout-flex wp-container-core-buttons-is-layout-a89b3969 wp-block-buttons-is-layout-flex">
<div class="wp-block-button"><a class="wp-block-button__link wp-element-button" href="https://semaine-federale.ffvelo.fr/2026/wp-content/uploads/sites/3/2026/02/260206_dossier_de_presse.pdf" target="_blank" rel="noreferrer noopener">Télécharger le dossier de presse</a></div>
</div>
</div>



<div class="wp-block-column is-layout-flow wp-block-column-is-layout-flow">
<div class="wp-block-buttons is-content-justification-center is-layout-flex wp-container-core-buttons-is-layout-a89b3969 wp-block-buttons-is-layout-flex">
<div class="wp-block-button"><a class="wp-block-button__link wp-element-button" href="https://semaine-federale.ffvelo.fr/wp-content/uploads/kit-communication-sfvelo-2026.zip">Télécharger le kit média</a></div>
</div>
</div>
</div>



<div style="height:40px" aria-hidden="true" class="wp-block-spacer"></div>



<p></p>

<p>Pour tout renseignement, merci de contacter notre équipe communication.Par mail : sf2026.communication@gmail.com</p>

Contact presse - Semaine Fédérale Cyclotourisme 2026 - Château-Gontier sur Mayenne

Pour tout renseignement, merci de contacter notre équipe communication. Par mail : sf2026.communication@gmail.com
