{"id":57,"date":"2025-07-31T16:41:52","date_gmt":"2025-07-31T14:41:52","guid":{"rendered":"https:\/\/semaine-federale.ffvelo.fr\/2026-prod\/?page_id=57"},"modified":"2026-01-28T20:11:25","modified_gmt":"2026-01-28T19:11:25","slug":"organisation","status":"publish","type":"page","link":"https:\/\/semaine-federale.ffvelo.fr\/2026\/organisation\/","title":{"rendered":"Le club et son territoire"},"content":{"rendered":"\n<div class=\"wp-block-cover alignfull is-light is-style-block-cover-contain wp-elements-5623521620e7f265fb669cdc0f068cc0 is-style-block-cover-contain--1\" style=\"margin-bottom:var(--wp--preset--spacing--50);padding-top:var(--wp--preset--spacing--70);padding-bottom:var(--wp--preset--spacing--70)\"><img decoding=\"async\" class=\"wp-block-cover__image-background size-full\" alt=\"\" src=\"https:\/\/semaine-federale.ffvelo.fr\/2026-prod\/wp-content\/themes\/theme\/assets\/images\/banner-hero.webp\" data-object-fit=\"cover\" \/><span aria-hidden=\"true\" class=\"wp-block-cover__background has-background-dim-0 has-background-dim\"><\/span><div class=\"wp-block-cover__inner-container has-global-padding is-layout-constrained wp-block-cover-is-layout-constrained\">\n<div class=\"wp-block-group alignfull has-global-padding is-layout-constrained wp-block-group-is-layout-constrained\" style=\"padding-bottom:var(--wp--preset--spacing--40)\"><h1 class=\"has-text-align-center wp-block-post-title\">Le club et son territoire<\/h1><\/div>\n<\/div><\/div>\n\n\n\n<div class=\"wp-block-group has-global-padding is-layout-constrained wp-block-group-is-layout-constrained\">\n<div class=\"wp-block-columns is-layout-flex wp-container-core-columns-is-layout-28f84493 wp-block-columns-is-layout-flex\">\n<div class=\"wp-block-column is-layout-flow wp-block-column-is-layout-flow\">\n<h2 class=\"wp-block-heading\">La Mayenne, Bienvenue chez nous !<\/h2>\n\n\n\n<p>Aux portes de la Bretagne et du Grand Ouest, \u00e0 <strong>1H16 de Paris<\/strong>, la Mayenne est une terre qui allie innovation, dynamisme et patrimoine.<\/p>\n\n\n\n<p>Authentique et accueillante, elle s\u00e9duit par ses <strong>paysages<\/strong> pr\u00e9serv\u00e9s, sa diversit\u00e9 de <strong>sites<\/strong> et son esprit d\u2019entreprise.<\/p>\n\n\n\n<p>Terre des <strong>Slowlydays\u00ae<\/strong>, collectif de professionnels de tourisme engag\u00e9s, la Mayenne incarne des valeurs fortes de partage, d\u2019hospitalit\u00e9 et une passion pour <strong>l\u2019artisanat<\/strong> et <strong>l\u2019innovation<\/strong>.<\/p>\n\n\n\n<p>Elle pr\u00e9serve un <strong>\u00e9quilibre<\/strong> harmonieux entre bocages, nature intacte et villes et villages \u00e0 taille humaine. Les voyageurs y d\u00e9couvrent un <strong>territoire<\/strong> riche en culture, nature, loisirs et gastronomie.<\/p>\n\n\n\n<p>Travers\u00e9 par la rivi\u00e8re <strong>La Mayenne<\/strong> et dot\u00e9 de paysages contrast\u00e9s, le territoire offre un terrain de jeu id\u00e9al pour les amoureux de la <strong>randonn\u00e9e<\/strong>, du<strong> cheval<\/strong>, ou bien entendu du <strong>v\u00e9lo<\/strong>.<\/p>\n\n\n\n<p>Engag\u00e9e et vivante, la Mayenne est une <strong>terre d\u2019\u00e9vasion<\/strong> et de rencontres qui offre festivals, ch\u00e2teaux habit\u00e9s, fermes accueillantes et activit\u00e9s vari\u00e9es. C\u2019est une promesse : un territoire o\u00f9 il fait <strong>bon vivre<\/strong> !<\/p>\n<\/div>\n\n\n\n<div class=\"wp-block-column is-layout-flow wp-block-column-is-layout-flow\">\n<figure class=\"wp-block-image size-large\"><img loading=\"lazy\" decoding=\"async\" width=\"648\" height=\"1024\" src=\"https:\/\/semaine-federale.ffvelo.fr\/2026\/wp-content\/uploads\/sites\/3\/2025\/11\/Canyon_de_Saulges-CP-Lezbroz_-_Teddy_Verneuil_-_Mayenne_Tourisme-8166-648x1024.jpg\" alt=\"\" class=\"wp-image-198\" style=\"aspect-ratio:3\/4;object-fit:cover\" srcset=\"https:\/\/semaine-federale.ffvelo.fr\/2026\/wp-content\/uploads\/sites\/3\/2025\/11\/Canyon_de_Saulges-CP-Lezbroz_-_Teddy_Verneuil_-_Mayenne_Tourisme-8166-648x1024.jpg 648w, https:\/\/semaine-federale.ffvelo.fr\/2026\/wp-content\/uploads\/sites\/3\/2025\/11\/Canyon_de_Saulges-CP-Lezbroz_-_Teddy_Verneuil_-_Mayenne_Tourisme-8166-190x300.jpg 190w, https:\/\/semaine-federale.ffvelo.fr\/2026\/wp-content\/uploads\/sites\/3\/2025\/11\/Canyon_de_Saulges-CP-Lezbroz_-_Teddy_Verneuil_-_Mayenne_Tourisme-8166-768x1214.jpg 768w, https:\/\/semaine-federale.ffvelo.fr\/2026\/wp-content\/uploads\/sites\/3\/2025\/11\/Canyon_de_Saulges-CP-Lezbroz_-_Teddy_Verneuil_-_Mayenne_Tourisme-8166-971x1536.jpg 971w, https:\/\/semaine-federale.ffvelo.fr\/2026\/wp-content\/uploads\/sites\/3\/2025\/11\/Canyon_de_Saulges-CP-Lezbroz_-_Teddy_Verneuil_-_Mayenne_Tourisme-8166-1295x2048.jpg 1295w, https:\/\/semaine-federale.ffvelo.fr\/2026\/wp-content\/uploads\/sites\/3\/2025\/11\/Canyon_de_Saulges-CP-Lezbroz_-_Teddy_Verneuil_-_Mayenne_Tourisme-8166-scaled.jpg 1619w\" sizes=\"auto, (max-width: 648px) 100vw, 648px\" \/><\/figure>\n<\/div>\n<\/div>\n\n\n\n<figure class=\"wp-block-image aligncenter size-large\"><img loading=\"lazy\" decoding=\"async\" width=\"1024\" height=\"431\" src=\"https:\/\/semaine-federale.ffvelo.fr\/2026\/wp-content\/uploads\/sites\/3\/2025\/11\/Sainte-Suzanne-CP-Dominique_VERNIER-_Mayenne_Tourisme-10002941-1024x431.jpg\" alt=\"\" class=\"wp-image-199\" srcset=\"https:\/\/semaine-federale.ffvelo.fr\/2026\/wp-content\/uploads\/sites\/3\/2025\/11\/Sainte-Suzanne-CP-Dominique_VERNIER-_Mayenne_Tourisme-10002941-1024x431.jpg 1024w, https:\/\/semaine-federale.ffvelo.fr\/2026\/wp-content\/uploads\/sites\/3\/2025\/11\/Sainte-Suzanne-CP-Dominique_VERNIER-_Mayenne_Tourisme-10002941-300x126.jpg 300w, https:\/\/semaine-federale.ffvelo.fr\/2026\/wp-content\/uploads\/sites\/3\/2025\/11\/Sainte-Suzanne-CP-Dominique_VERNIER-_Mayenne_Tourisme-10002941-768x323.jpg 768w, https:\/\/semaine-federale.ffvelo.fr\/2026\/wp-content\/uploads\/sites\/3\/2025\/11\/Sainte-Suzanne-CP-Dominique_VERNIER-_Mayenne_Tourisme-10002941-1536x646.jpg 1536w, https:\/\/semaine-federale.ffvelo.fr\/2026\/wp-content\/uploads\/sites\/3\/2025\/11\/Sainte-Suzanne-CP-Dominique_VERNIER-_Mayenne_Tourisme-10002941-2048x861.jpg 2048w\" sizes=\"auto, (max-width: 1024px) 100vw, 1024px\" \/><\/figure>\n\n\n\n<div style=\"height:20px\" aria-hidden=\"true\" class=\"wp-block-spacer\"><\/div>\n\n\n\n<div class=\"wp-block-columns is-layout-flex wp-container-core-columns-is-layout-28f84493 wp-block-columns-is-layout-flex\">\n<div class=\"wp-block-column is-layout-flow wp-block-column-is-layout-flow\">\n<div style=\"height:20px\" aria-hidden=\"true\" class=\"wp-block-spacer\"><\/div>\n\n\n\n<figure class=\"wp-block-image size-large\"><img loading=\"lazy\" decoding=\"async\" width=\"514\" height=\"1024\" src=\"https:\/\/semaine-federale.ffvelo.fr\/2026\/wp-content\/uploads\/sites\/3\/2025\/11\/Centre-ville_de_Chateau-Gontier-CP-Lezbroz_-_Teddy_Verneuil_-_Mayenne_Tourisme-8186-514x1024.jpg\" alt=\"\" class=\"wp-image-205\" style=\"aspect-ratio:3\/4;object-fit:cover\" srcset=\"https:\/\/semaine-federale.ffvelo.fr\/2026\/wp-content\/uploads\/sites\/3\/2025\/11\/Centre-ville_de_Chateau-Gontier-CP-Lezbroz_-_Teddy_Verneuil_-_Mayenne_Tourisme-8186-514x1024.jpg 514w, https:\/\/semaine-federale.ffvelo.fr\/2026\/wp-content\/uploads\/sites\/3\/2025\/11\/Centre-ville_de_Chateau-Gontier-CP-Lezbroz_-_Teddy_Verneuil_-_Mayenne_Tourisme-8186-151x300.jpg 151w, https:\/\/semaine-federale.ffvelo.fr\/2026\/wp-content\/uploads\/sites\/3\/2025\/11\/Centre-ville_de_Chateau-Gontier-CP-Lezbroz_-_Teddy_Verneuil_-_Mayenne_Tourisme-8186-768x1530.jpg 768w, https:\/\/semaine-federale.ffvelo.fr\/2026\/wp-content\/uploads\/sites\/3\/2025\/11\/Centre-ville_de_Chateau-Gontier-CP-Lezbroz_-_Teddy_Verneuil_-_Mayenne_Tourisme-8186-771x1536.jpg 771w, https:\/\/semaine-federale.ffvelo.fr\/2026\/wp-content\/uploads\/sites\/3\/2025\/11\/Centre-ville_de_Chateau-Gontier-CP-Lezbroz_-_Teddy_Verneuil_-_Mayenne_Tourisme-8186-1028x2048.jpg 1028w, https:\/\/semaine-federale.ffvelo.fr\/2026\/wp-content\/uploads\/sites\/3\/2025\/11\/Centre-ville_de_Chateau-Gontier-CP-Lezbroz_-_Teddy_Verneuil_-_Mayenne_Tourisme-8186-scaled.jpg 1285w\" sizes=\"auto, (max-width: 514px) 100vw, 514px\" \/><\/figure>\n<\/div>\n\n\n\n<div class=\"wp-block-column is-layout-flow wp-block-column-is-layout-flow\">\n<h2 class=\"wp-block-heading\">Le Pays de Ch\u00e2teau-Gontier<\/h2>\n\n\n\n<p>Le Pays de Ch\u00e2teau-Gontier vous accueille pour un voyage entre <strong>histoire<\/strong>, <strong>culture<\/strong> et nature. Vous pouvez aussi bien fl\u00e2ner parmi nos nombreux <strong>jardins<\/strong> que d\u00e9couvrir notre joyau de patrimoine, le <strong>Couvent des Ursulines<\/strong>.<\/p>\n\n\n\n<p>C\u0153ur du Pays, Ch\u00e2teau-Gontier sur Mayenne, vous charmera par ses richesses <strong>naturelles<\/strong> et <strong>patrimoniales<\/strong>. Parcourez le centre ancien restaur\u00e9, de l\u2019\u00e9glise romane Saint-Jean Baptiste aux maisons \u00e0 colombage, en passant par l\u2019ancien palais de justice et les halles du XIX\u00e8me si\u00e8cle.<\/p>\n\n\n\n<p>D\u00e9couvrez Saint-Denis-d\u2019Anjou, Petite Cit\u00e9 de Caract\u00e8re\u00ae avec son patrimoine, ses venelles fleuries et ses d\u00e9cors <strong>m\u00e9di\u00e9vaux<\/strong>.<\/p>\n\n\n\n<p>Le Pays de Ch\u00e2teau-Gontier propose aussi des activit\u00e9s <strong>nautiques<\/strong> \u00e0 Ch\u00e2teau-Gontier, M\u00e9nil ou Daon, ainsi que plus de 300 km d\u2019itin\u00e9raires de <strong>randonn\u00e9e<\/strong>, dont 40 km sur le chemin de <strong>halage<\/strong>.<\/p>\n\n\n\n<p>Labellis\u00e9 <strong>\u201cPlus Beaux D\u00e9tours de France\u201d<\/strong> en 2006, et avec la Ville de Ch\u00e2teau-Gontier sur Mayenne \u00e9toil\u00e9e au Guide Vert Michelin pour ses jardins, ce territoire t\u00e9moigne de sa <strong>richesse<\/strong> et de son <strong>charme<\/strong>.<\/p>\n<\/div>\n<\/div>\n\n\n\n<div style=\"height:20px\" aria-hidden=\"true\" class=\"wp-block-spacer\"><\/div>\n\n\n\n<h2 class=\"wp-block-heading\">Faire du v\u00e9lo en Mayenne, tout un art !<\/h2>\n\n\n\n<p>La Mayenne offre <strong>3 000 km<\/strong> d\u2019itin\u00e9raires \u00e0 pied, \u00e0 v\u00e9lo route, Gravel ou VTT, ou \u00e0 cheval, \u00e0 travers vall\u00e9es, for\u00eats, lacs et rivi\u00e8res. Que ce soit au bord de l\u2019eau ou sur le <strong>GR\u00ae365<\/strong>, c\u2019est un territoire parfait pour les amoureux de nature.<\/p>\n\n\n\n<div class=\"wp-block-group has-global-padding is-layout-constrained wp-block-group-is-layout-constrained\">\n<p>Les <strong>150 km<\/strong> d\u2019anciennes voies ferr\u00e9es sont accessibles aux randonneurs, cyclistes et cavaliers, leur permettant d\u2019explorer la campagne.<\/p>\n<\/div>\n\n\n\n<p>La <strong>V\u00e9lo Francette\u00ae<\/strong> s\u2019\u00e9tend sur <strong>630 km<\/strong>, <strong>dont 106 km de chemin de halage en Mayenne<\/strong>, traversant les villes de Mayenne, Laval et Ch\u00e2teau-Gontier sur Mayenne.<\/p>\n\n\n\n<p>La <strong>V\u00e9losc\u00e9nie\u00ae<\/strong> relie Paris au Mont-Saint-Michel sur <strong>450 km<\/strong>.<\/p>\n\n\n\n<p>En Mayenne, nombre d\u2019anciennes lignes ferroviaires offrent autant de <strong>voies vertes s\u00e9curis\u00e9es<\/strong>, id\u00e9ales pour le Gravel et pour les familles.<\/p>\n\n\n\n<p>Le <strong>Tour de la Mayenne VTT<\/strong> propose des randonn\u00e9es de <strong>15 \u00e0 80 km<\/strong>, un programme id\u00e9al pour les amateurs de v\u00e9lo \u00e0 la recherche de nouveaut\u00e9s.<\/p>\n\n\n\n<p>En Mayenne, les prestataires labellis\u00e9s <strong>Accueil V\u00e9lo\u00ae<\/strong> facilitent votre s\u00e9jour avec des services adapt\u00e9s : conseils, itin\u00e9raires, stationnement s\u00e9curis\u00e9, kits de r\u00e9paration, points de recharge et h\u00e9bergements.<\/p>\n\n\n\n<div style=\"height:20px\" aria-hidden=\"true\" class=\"wp-block-spacer\"><\/div>\n\n\n\n<div class=\"wp-block-columns is-layout-flex wp-container-core-columns-is-layout-28f84493 wp-block-columns-is-layout-flex\">\n<div class=\"wp-block-column is-layout-flow wp-block-column-is-layout-flow\">\n<h2 class=\"wp-block-heading\">Ch\u00e2teau-Gontier sur Mayenne<\/h2>\n\n\n\n<p>Si vous \u00eates en qu\u00eate <strong>d\u2019aventures<\/strong> \u00e0 deux roues, la Ville et le Pays de Ch\u00e2teau-Gontier sur Mayenne vous accueillent pour une exp\u00e9rience unique \u00e0 v\u00e9lo. C\u2019est d\u2019ailleurs pour cela que le Cyclo Club du Pays de Ch\u00e2teau-Gontier s\u2019est port\u00e9 <strong>candidat<\/strong> pour accueillir la Semaine f\u00e9d\u00e9rale internationale du cyclotourisme en 2026 \u00e0 Ch\u00e2teau-Gontier sur Mayenne, en raison notamment de la qualit\u00e9 de ses infrastructures :<\/p>\n\n\n\n<p><strong>L\u2019ESPACE SAINT-FIACRE : <\/strong>lieu d\u2019accueil du Village f\u00e9d\u00e9ral et permanence, est un espace <strong>moderne<\/strong>, <strong>chaleureux<\/strong> et <strong>modulable<\/strong> au c\u0153ur de la ville permettant de proposer une multitude d\u2019activit\u00e9s comme les spectacles, repas, salons et foires\u2026<\/p>\n\n\n\n<p><strong>UN CAMPING FEDERAL UNIQUE :<\/strong> lieu d\u2019accueil du <strong>camping f\u00e9d\u00e9ral<\/strong>, un magnifique espace vert et bois\u00e9 aux portes de la Ville.<\/p>\n\n\n\n<p>Le territoire dispose \u00e9galement d\u2019un r\u00e9seau de <strong>pistes cyclables s\u00e9curis\u00e9es<\/strong> et de voies vertes qui maillent l\u2019agglom\u00e9ration et permettent de relier les diff\u00e9rents p\u00f4les d\u2019attractivit\u00e9. Vous pourrez les emprunter en toute tranquillit\u00e9 et pour vos arr\u00eats bien m\u00e9rit\u00e9s, de nombreux services seront \u00e0 votre disposition : <strong>espaces de stationnement<\/strong> v\u00e9lo s\u00e9curis\u00e9s, <strong>bornes d\u2019entretien<\/strong> et de <strong>gonflage<\/strong>, <strong>points d\u2019eau<\/strong>&#8230; Laissez-vous s\u00e9duire par Ch\u00e2teau-Gontier sur Mayenne, ville o\u00f9 l\u2019art du cyclotourisme se conjugue avec la <strong>nature<\/strong> et le <strong>bien vivre ensemble<\/strong>.<\/p>\n<\/div>\n\n\n\n<div class=\"wp-block-column is-layout-flow wp-block-column-is-layout-flow\">\n<figure class=\"wp-block-image size-large is-resized\"><img loading=\"lazy\" decoding=\"async\" width=\"511\" height=\"1024\" src=\"https:\/\/semaine-federale.ffvelo.fr\/2026\/wp-content\/uploads\/sites\/3\/2025\/11\/voies_douces_CGSM-8-511x1024.jpg\" alt=\"\" class=\"wp-image-217\" style=\"aspect-ratio:0.75;object-fit:cover;width:581px;height:auto\" srcset=\"https:\/\/semaine-federale.ffvelo.fr\/2026\/wp-content\/uploads\/sites\/3\/2025\/11\/voies_douces_CGSM-8-511x1024.jpg 511w, https:\/\/semaine-federale.ffvelo.fr\/2026\/wp-content\/uploads\/sites\/3\/2025\/11\/voies_douces_CGSM-8-150x300.jpg 150w, https:\/\/semaine-federale.ffvelo.fr\/2026\/wp-content\/uploads\/sites\/3\/2025\/11\/voies_douces_CGSM-8-768x1539.jpg 768w, https:\/\/semaine-federale.ffvelo.fr\/2026\/wp-content\/uploads\/sites\/3\/2025\/11\/voies_douces_CGSM-8-766x1536.jpg 766w, https:\/\/semaine-federale.ffvelo.fr\/2026\/wp-content\/uploads\/sites\/3\/2025\/11\/voies_douces_CGSM-8-1022x2048.jpg 1022w, https:\/\/semaine-federale.ffvelo.fr\/2026\/wp-content\/uploads\/sites\/3\/2025\/11\/voies_douces_CGSM-8-scaled.jpg 1277w\" sizes=\"auto, (max-width: 511px) 100vw, 511px\" \/><\/figure>\n<\/div>\n<\/div>\n\n\n\n<div style=\"height:20px\" aria-hidden=\"true\" class=\"wp-block-spacer\"><\/div>\n\n\n\n<div class=\"wp-block-columns is-layout-flex wp-container-core-columns-is-layout-28f84493 wp-block-columns-is-layout-flex\">\n<div class=\"wp-block-column is-vertically-aligned-center is-layout-flow wp-block-column-is-layout-flow\">\n<h3 class=\"wp-block-heading has-text-align-center has-green-color has-text-color has-link-color wp-elements-9c0a4d9b8bcbdfa9d7846aaf703dcd12\">Les \u00e9lus<\/h3>\n\n\n\n<p class=\"has-text-align-center\">Les \u00e9lus parlent de la semaine f\u00e9d\u00e9rale 2026 eux aussi ! N&rsquo;h\u00e9sitez pas \u00e0 d\u00e9couvrir ce qu&rsquo;ils en disent.<\/p>\n\n\n\n<div class=\"wp-block-buttons is-content-justification-center is-layout-flex wp-container-core-buttons-is-layout-a89b3969 wp-block-buttons-is-layout-flex\">\n<div class=\"wp-block-button\"><a class=\"wp-block-button__link has-green-background-color has-background wp-element-button\" href=\"https:\/\/semaine-federale.ffvelo.fr\/2026\/organisation\/les-mots-des-elus\/\">D\u00e9couvrir les mots des \u00e9lus<\/a><\/div>\n<\/div>\n<\/div>\n\n\n\n<div class=\"wp-block-column is-layout-flow wp-block-column-is-layout-flow\">\n<h3 class=\"wp-block-heading has-text-align-center has-pink-color has-text-color has-link-color wp-elements-581b2a0719b08fc00c3d9da587953721\">Le cyclo-club<\/h3>\n\n\n\n<p class=\"has-text-align-center\">D\u00e9couvrez les quatre imp\u00e9trants \u00e0 l&rsquo;origine de ce festival international de cyclotourisme, aussi appel\u00e9s les mousquetaires<\/p>\n\n\n\n<div class=\"wp-block-buttons is-content-justification-center is-layout-flex wp-container-core-buttons-is-layout-a89b3969 wp-block-buttons-is-layout-flex\">\n<div class=\"wp-block-button\"><a class=\"wp-block-button__link has-pink-background-color has-background wp-element-button\" href=\"https:\/\/semaine-federale.ffvelo.fr\/2026\/organisation\/le-cyclo-club-du-pays-de-chateau-gontier\/\">D\u00e9couvrir les mousquetaires<\/a><\/div>\n<\/div>\n<\/div>\n<\/div>\n<\/div>\n\n\n\n<div style=\"height:40px\" aria-hidden=\"true\" class=\"wp-block-spacer\"><\/div>\n","protected":false},"excerpt":{"rendered":"<p>La Mayenne, Bienvenue chez nous ! Aux portes de la Bretagne et du Grand Ouest, \u00e0 1H16 de Paris, la Mayenne est une terre qui allie innovation, dynamisme et patrimoine. Authentique et accueillante, elle s\u00e9duit par ses paysages pr\u00e9serv\u00e9s, sa diversit\u00e9 de sites et son esprit d\u2019entreprise. Terre des Slowlydays\u00ae, collectif de professionnels de tourisme [&hellip;]<\/p>\n","protected":false},"author":2,"featured_media":0,"parent":0,"menu_order":700,"comment_status":"closed","ping_status":"closed","template":"","meta":{"slim_seo":{"title":"Le club et son territoire - Semaine F\u00e9d\u00e9rale Cyclotourisme 2026 - Ch\u00e2teau-Gontier sur Mayenne","description":"La Mayenne, Bienvenue chez nous ! Aux portes de la Bretagne et du Grand Ouest, \u00e0 1H16 de Paris , la Mayenne est une terre qui allie innovation, dynamisme et pat"},"footnotes":""},"class_list":["post-57","page","type-page","status-publish","hentry"],"_links":{"self":[{"href":"https:\/\/semaine-federale.ffvelo.fr\/2026\/wp-json\/wp\/v2\/pages\/57","targetHints":{"allow":["GET"]}}],"collection":[{"href":"https:\/\/semaine-federale.ffvelo.fr\/2026\/wp-json\/wp\/v2\/pages"}],"about":[{"href":"https:\/\/semaine-federale.ffvelo.fr\/2026\/wp-json\/wp\/v2\/types\/page"}],"author":[{"embeddable":true,"href":"https:\/\/semaine-federale.ffvelo.fr\/2026\/wp-json\/wp\/v2\/users\/2"}],"replies":[{"embeddable":true,"href":"https:\/\/semaine-federale.ffvelo.fr\/2026\/wp-json\/wp\/v2\/comments?post=57"}],"version-history":[{"count":21,"href":"https:\/\/semaine-federale.ffvelo.fr\/2026\/wp-json\/wp\/v2\/pages\/57\/revisions"}],"predecessor-version":[{"id":1537,"href":"https:\/\/semaine-federale.ffvelo.fr\/2026\/wp-json\/wp\/v2\/pages\/57\/revisions\/1537"}],"wp:attachment":[{"href":"https:\/\/semaine-federale.ffvelo.fr\/2026\/wp-json\/wp\/v2\/media?parent=57"}],"curies":[{"name":"wp","href":"https:\/\/api.w.org\/{rel}","templated":true}]}}