{"id":64,"date":"2025-07-31T16:47:01","date_gmt":"2025-07-31T14:47:01","guid":{"rendered":"https:\/\/semaine-federale.ffvelo.fr\/2026-prod\/?page_id=64"},"modified":"2025-11-13T14:27:31","modified_gmt":"2025-11-13T13:27:31","slug":"les-mots-des-elus","status":"publish","type":"page","link":"https:\/\/semaine-federale.ffvelo.fr\/2026\/organisation\/les-mots-des-elus\/","title":{"rendered":"Les mots des \u00e9lus"},"content":{"rendered":"\n<div class=\"wp-block-cover alignfull is-light is-style-block-cover-contain wp-elements-5623521620e7f265fb669cdc0f068cc0 is-style-block-cover-contain--1\" style=\"margin-bottom:var(--wp--preset--spacing--50);padding-top:var(--wp--preset--spacing--70);padding-bottom:var(--wp--preset--spacing--70)\"><img decoding=\"async\" class=\"wp-block-cover__image-background size-full\" alt=\"\" src=\"https:\/\/semaine-federale.ffvelo.fr\/2026-prod\/wp-content\/themes\/theme\/assets\/images\/banner-hero.webp\" data-object-fit=\"cover\" \/><span aria-hidden=\"true\" class=\"wp-block-cover__background has-background-dim-0 has-background-dim\"><\/span><div class=\"wp-block-cover__inner-container has-global-padding is-layout-constrained wp-block-cover-is-layout-constrained\">\n<div class=\"wp-block-group alignfull has-global-padding is-layout-constrained wp-block-group-is-layout-constrained\" style=\"padding-bottom:var(--wp--preset--spacing--40)\"><h1 class=\"has-text-align-center wp-block-post-title\">Les mots des \u00e9lus<\/h1><\/div>\n<\/div><\/div>\n\n\n\n<div class=\"wp-block-group alignfull has-global-padding is-layout-constrained wp-block-group-is-layout-constrained\" style=\"padding-top:var(--wp--preset--spacing--50);padding-bottom:var(--wp--preset--spacing--50)\">\n<div class=\"wp-block-columns is-layout-flex wp-container-core-columns-is-layout-28f84493 wp-block-columns-is-layout-flex\">\n<div class=\"wp-block-column is-layout-flow wp-block-column-is-layout-flow\" style=\"flex-basis:33.33%\">\n<figure class=\"wp-block-image aligncenter size-full\"><img loading=\"lazy\" decoding=\"async\" width=\"874\" height=\"1200\" src=\"https:\/\/semaine-federale.ffvelo.fr\/2026-prod\/wp-content\/uploads\/sites\/3\/2025\/07\/Lydie-Chenot.webp\" alt=\"\" class=\"wp-image-65\" style=\"aspect-ratio:3\/4;object-fit:cover\" srcset=\"https:\/\/semaine-federale.ffvelo.fr\/2026\/wp-content\/uploads\/sites\/3\/2025\/07\/Lydie-Chenot.webp 874w, https:\/\/semaine-federale.ffvelo.fr\/2026\/wp-content\/uploads\/sites\/3\/2025\/07\/Lydie-Chenot-219x300.webp 219w, https:\/\/semaine-federale.ffvelo.fr\/2026\/wp-content\/uploads\/sites\/3\/2025\/07\/Lydie-Chenot-746x1024.webp 746w, https:\/\/semaine-federale.ffvelo.fr\/2026\/wp-content\/uploads\/sites\/3\/2025\/07\/Lydie-Chenot-768x1054.webp 768w\" sizes=\"auto, (max-width: 874px) 100vw, 874px\" \/><figcaption class=\"wp-element-caption\"><strong>Lydie Ch\u00e9not<\/strong><br>Pr\u00e9sidente de la F\u00e9d\u00e9ration<br>fran\u00e7aise de cyclotourisme<\/figcaption><\/figure>\n<\/div>\n\n\n\n<div class=\"wp-block-column is-layout-flow wp-block-column-is-layout-flow\" style=\"flex-basis:66.66%\">\n<h2 class=\"wp-block-heading\">LA MAYENNE PASSE LE GRAND BRAQUET POUR 2026 !<\/h2>\n\n\n\n<blockquote class=\"wp-block-quote is-layout-flow wp-block-quote-is-layout-flow\">\n<p>\u00ab\u00a0Ch\u00e2teau-Gontier sur Mayenne va enfiler son plus beau maillot pour accueillir, pour la toute premi\u00e8re fois, le <strong>Festival du cyclotourisme avec la Semaine f\u00e9d\u00e9rale internationale 2026<\/strong>.<\/p>\n\n\n\n<p>Les passionn\u00e9s de longues distances connaissent d\u00e9j\u00e0 <strong>Villaines-la-Juhel<\/strong>, \u00e9tape du mythique Paris-Brest-Paris. Mais pour beaucoup, la Mayenne reste un territoire que l\u2019on traverse sans s\u2019arr\u00eater, surtout en voiture. Cette fois, on prend le temps, on respire, on d\u00e9couvre !<\/p>\n\n\n\n<p>L\u2019ensemble du d\u00e9partement met tout en \u0153uvre pour s\u00e9duire les cyclotouristes venus de tous les horizons. Entre les Marches de Bretagne, la Normandie et l\u2019Anjou, <strong>la Mayenne a de s\u00e9rieux atouts \u00e0 faire valoir<\/strong> : manoirs discrets, ch\u00e2teaux nich\u00e9s entre les collines, Petites Cit\u00e9s de Caract\u00e8re\u00ae, des coins secrets\u2026 Ici, l\u2019accueil est \u00e0 la hauteur des paysages.<\/p>\n\n\n\n<p>Depuis que la V\u00e9lo Francette\u00ae suit le fil de la rivi\u00e8re La Mayenne entre Ouistreham et La Rochelle, les cyclistes ne s\u2019y trompent plus : <strong>le d\u00e9partement est un v\u00e9ritable paradis du deux-roues<\/strong>. Que vous soyez grimpeur du dimanche, adepte de la balade ou de la randonn\u00e9e \u00e0 v\u00e9lo, il y a forc\u00e9ment un circuit fait pour vous.<\/p>\n\n\n\n<p>La c\u00e9l\u00e8bre douceur angevine n\u2019est pas loin et d\u00e9j\u00e0 sensible, <strong>les cyclotouristes de Ch\u00e2teau-Gontier sur Mayenne et les clubs du d\u00e9partement<\/strong> sont d\u00e9j\u00e0 sur le pont et se font une joie de nous accueillir. Leur objectif : faire de ce festival du cyclotourisme une f\u00eate chaleureuse et conviviale.<\/p>\n\n\n\n<p>En 2026, cap sur la Mayenne pour des \u00e9motions partag\u00e9es et inoubliables !\u00a0\u00bb<\/p>\n<\/blockquote>\n<\/div>\n<\/div>\n<\/div>\n\n\n\n<div class=\"wp-block-group alignfull has-white-color has-orange-background-color has-text-color has-background has-link-color wp-elements-9b66af4956bd104f3fefe780f4948cc0 has-global-padding is-layout-constrained wp-block-group-is-layout-constrained\" style=\"padding-top:var(--wp--preset--spacing--60);padding-bottom:var(--wp--preset--spacing--60)\">\n<div class=\"wp-block-columns is-layout-flex wp-container-core-columns-is-layout-28f84493 wp-block-columns-is-layout-flex\">\n<div class=\"wp-block-column is-layout-flow wp-block-column-is-layout-flow\" style=\"flex-basis:66.66%\">\n<h2 class=\"wp-block-heading has-white-color has-text-color has-link-color wp-elements-173eda6a2b23b7e4385ff9763de0a3d8\">Chaque adepte trouvera ici v\u00e9lo \u00e0 son pied !<\/h2>\n\n\n\n<blockquote class=\"wp-block-quote is-layout-flow wp-block-quote-is-layout-flow\">\n<p>\u00ab\u00a0La Ville et le Pays de Ch\u00e2teau-Gontier sont tr\u00e8s heureux de recevoir la Semaine f\u00e9d\u00e9rale de cyclotourisme et de partager l\u2019enthousiasme du <strong>Cyclo Club local<\/strong>, cheville ouvri\u00e8re de ce rendez-vous exceptionnel. Randonn\u00e9es, excursions et autres balades, les organisateurs vous ont concoct\u00e9 un programme de d\u00e9couvertes digne de ce nom qui vous emm\u00e8nera \u00e0 la rencontre des richesses de notre territoire et de son terroir.<\/p>\n\n\n\n<p>Entre l\u2019accueil des Boucles de la Mayenne, de R\u00e9gion Pays de la Loire Tour, le <strong>Pays de Ch\u00e2teau-Gontier<\/strong> est attach\u00e9 \u00e0 la petite reine. Pas moins de trois anciens participants \u00e0 La Grande Boucle ont pos\u00e9 leurs valises ici dans la capitale du sud-Mayenne, conquis par la douceur de vivre.<\/p>\n\n\n\n<p>Que ce soit le v\u00e9lo sur route, sa pratique en loisirs ou en comp\u00e9tition, le VTT\u2026 chaque adepte trouvera ici v\u00e9lo \u00e0 son pied gr\u00e2ce aux diff\u00e9rentes associations existantes au premier rang desquelles <strong>le Cyclo Club du Pays de Ch\u00e2teau-Gontier<\/strong> qui rel\u00e8ve le d\u00e9fi d\u2019organiser cet \u00e9v\u00e9nement international !<\/p>\n\n\n\n<p>Ici, vous aimerez les 300 km d\u2019itin\u00e9raires de randonn\u00e9es, ou faire du v\u00e9lo le long du chemin de halage. Ici, vous appr\u00e9cierez le dynamisme de notre territoire berc\u00e9 par la rivi\u00e8re La Mayenne et la qualit\u00e9 de nos infrastructures.<\/p>\n\n\n\n<p>Tr\u00e8s belle <strong>Semaine f\u00e9d\u00e9rale<\/strong> \u00e0 toutes et \u00e0 tous. Bravo \u00e0 l\u2019ensemble des b\u00e9n\u00e9voles qui mouillent le maillot pour vous faire passer des moments inoubliables.\u00a0\u00bb<\/p>\n<\/blockquote>\n<\/div>\n\n\n\n<div class=\"wp-block-column is-layout-flow wp-block-column-is-layout-flow\" style=\"flex-basis:33.33%\">\n<figure class=\"wp-block-image aligncenter size-full\"><img loading=\"lazy\" decoding=\"async\" width=\"1200\" height=\"1159\" src=\"https:\/\/semaine-federale.ffvelo.fr\/2026-prod\/wp-content\/uploads\/sites\/3\/2025\/07\/Philippe-HENRY_cmjn.webp\" alt=\"\" class=\"wp-image-66\" srcset=\"https:\/\/semaine-federale.ffvelo.fr\/2026\/wp-content\/uploads\/sites\/3\/2025\/07\/Philippe-HENRY_cmjn.webp 1200w, https:\/\/semaine-federale.ffvelo.fr\/2026\/wp-content\/uploads\/sites\/3\/2025\/07\/Philippe-HENRY_cmjn-300x290.webp 300w, https:\/\/semaine-federale.ffvelo.fr\/2026\/wp-content\/uploads\/sites\/3\/2025\/07\/Philippe-HENRY_cmjn-1024x989.webp 1024w, https:\/\/semaine-federale.ffvelo.fr\/2026\/wp-content\/uploads\/sites\/3\/2025\/07\/Philippe-HENRY_cmjn-768x742.webp 768w\" sizes=\"auto, (max-width: 1200px) 100vw, 1200px\" \/><figcaption class=\"wp-element-caption\"><strong>Philippe Henry<\/strong><br>Maire et Pr\u00e9sident de la Communaut\u00e9<br>de communes du Pays de Ch\u00e2teau-Gontier<\/figcaption><\/figure>\n<\/div>\n<\/div>\n<\/div>\n\n\n\n<div class=\"wp-block-group alignfull has-global-padding is-layout-constrained wp-block-group-is-layout-constrained\" style=\"padding-top:var(--wp--preset--spacing--50);padding-bottom:var(--wp--preset--spacing--50)\">\n<div class=\"wp-block-columns is-layout-flex wp-container-core-columns-is-layout-28f84493 wp-block-columns-is-layout-flex\">\n<div class=\"wp-block-column is-layout-flow wp-block-column-is-layout-flow\" style=\"flex-basis:33.33%\">\n<figure class=\"wp-block-image aligncenter size-full\"><img loading=\"lazy\" decoding=\"async\" width=\"1200\" height=\"800\" src=\"https:\/\/semaine-federale.ffvelo.fr\/2026-prod\/wp-content\/uploads\/sites\/3\/2025\/07\/Christelle-Morancais.webp\" alt=\"\" class=\"wp-image-67\" style=\"aspect-ratio:1;object-fit:cover\" srcset=\"https:\/\/semaine-federale.ffvelo.fr\/2026\/wp-content\/uploads\/sites\/3\/2025\/07\/Christelle-Morancais.webp 1200w, https:\/\/semaine-federale.ffvelo.fr\/2026\/wp-content\/uploads\/sites\/3\/2025\/07\/Christelle-Morancais-300x200.webp 300w, https:\/\/semaine-federale.ffvelo.fr\/2026\/wp-content\/uploads\/sites\/3\/2025\/07\/Christelle-Morancais-1024x683.webp 1024w, https:\/\/semaine-federale.ffvelo.fr\/2026\/wp-content\/uploads\/sites\/3\/2025\/07\/Christelle-Morancais-768x512.webp 768w\" sizes=\"auto, (max-width: 1200px) 100vw, 1200px\" \/><figcaption class=\"wp-element-caption\"><strong>Christelle Moran\u00e7ais<\/strong><br>Pr\u00e9sidente de la R\u00e9gion Pays de la Loire<\/figcaption><\/figure>\n<\/div>\n\n\n\n<div class=\"wp-block-column is-layout-flow wp-block-column-is-layout-flow\" style=\"flex-basis:66.66%\">\n<h2 class=\"wp-block-heading\">Cette semaine incarne les valeurs de notre R\u00e9gion<\/h2>\n\n\n\n<blockquote class=\"wp-block-quote is-layout-flow wp-block-quote-is-layout-flow\">\n<p>\u00ab\u00a0La R\u00e9gion des Pays de la Loire est heureuse de soutenir la Semaine f\u00e9d\u00e9rale du cyclotourisme \u00e0 Ch\u00e2teau-Gontier sur Mayenne.<\/p>\n\n\n\n<p>Cet \u00e9v\u00e9nement r\u00e9unit entre <strong>8 et 10 000 participants <\/strong>de toutes les nationalit\u00e9s, offrant une occasion unique pour le public de d\u00e9couvrir les paysages, le patrimoine et les terroirs mayennais.<\/p>\n\n\n\n<p>Cette semaine incarne des valeurs ch\u00e8res \u00e0 notre R\u00e9gion : <strong>le sens du partage, le collectif, et le d\u00e9passement de soi<\/strong>.<\/p>\n\n\n\n<p>Un grand merci \u00e0 tous les organisateurs et b\u00e9n\u00e9voles pour leur action, cette rencontre est un<br>atout pour notre R\u00e9gion.<\/p>\n\n\n\n<p>Tr\u00e8s bel \u00e9v\u00e9nement \u00e0 tous !\u00a0\u00bb<\/p>\n<\/blockquote>\n<\/div>\n<\/div>\n<\/div>\n\n\n\n<div class=\"wp-block-group alignfull has-white-color has-orange-background-color has-text-color has-background has-link-color wp-elements-f0728b57e9bb63dc3dba722956d3f385 has-global-padding is-layout-constrained wp-block-group-is-layout-constrained\" style=\"padding-top:var(--wp--preset--spacing--60);padding-bottom:var(--wp--preset--spacing--60)\">\n<div class=\"wp-block-columns is-layout-flex wp-container-core-columns-is-layout-28f84493 wp-block-columns-is-layout-flex\">\n<div class=\"wp-block-column is-layout-flow wp-block-column-is-layout-flow\" style=\"flex-basis:66.66%\">\n<h2 class=\"wp-block-heading has-white-color has-text-color has-link-color wp-elements-de2305166dd5c7a26a47ea7bce2ad85e\">Le d\u00e9partement est fier d&rsquo;accueillir cet \u00e9v\u00e8nement<\/h2>\n\n\n\n<blockquote class=\"wp-block-quote is-layout-flow wp-block-quote-is-layout-flow\">\n<p>\u00ab\u00a0Le cyclotourisme est une passion fran\u00e7aise : plus de <strong>2 millions<\/strong> de personnes participent aux <strong>4 500 randonn\u00e9es<\/strong> organis\u00e9es par la F\u00e9d\u00e9ration fran\u00e7aise de cyclotourisme !<\/p>\n\n\n\n<p>Vous comprendrez alors le plaisir qui est celui du d\u00e9partement de la Mayenne d\u2019accueillir du <strong>2 au 9 ao\u00fbt 2026<\/strong>, \u00e0 Ch\u00e2teau-Gontier sur Mayenne, la Semaine f\u00e9d\u00e9rale internationale du cyclotourisme.<\/p>\n\n\n\n<p>Je souhaite que les participants profitent pleinement de la Mayenne, de ses paysages et de ses nombreux lieux insolites.<\/p>\n\n\n\n<p>J\u2019adresse toutes mes f\u00e9licitations <strong>aux co-pr\u00e9sidents de la COSFIC 2026<\/strong>, Michel RICARD, Alain SABIN, Philippe CHANTEPIE et G\u00e9rard LEROYER pour l\u2019organisation de cet \u00e9v\u00e8nement avec le Pays de Ch\u00e2teau-Gontier.<\/p>\n\n\n\n<p>\u00c0 tr\u00e8s bient\u00f4t.\u00a0\u00bb<\/p>\n<\/blockquote>\n<\/div>\n\n\n\n<div class=\"wp-block-column is-layout-flow wp-block-column-is-layout-flow\" style=\"flex-basis:33.33%\">\n<figure class=\"wp-block-image aligncenter size-full\"><img loading=\"lazy\" decoding=\"async\" width=\"1200\" height=\"801\" src=\"https:\/\/semaine-federale.ffvelo.fr\/2026-prod\/wp-content\/uploads\/sites\/3\/2025\/07\/Olivier-Richefou_18.webp\" alt=\"\" class=\"wp-image-68\" style=\"aspect-ratio:1;object-fit:cover\" srcset=\"https:\/\/semaine-federale.ffvelo.fr\/2026\/wp-content\/uploads\/sites\/3\/2025\/07\/Olivier-Richefou_18.webp 1200w, https:\/\/semaine-federale.ffvelo.fr\/2026\/wp-content\/uploads\/sites\/3\/2025\/07\/Olivier-Richefou_18-300x200.webp 300w, https:\/\/semaine-federale.ffvelo.fr\/2026\/wp-content\/uploads\/sites\/3\/2025\/07\/Olivier-Richefou_18-1024x684.webp 1024w, https:\/\/semaine-federale.ffvelo.fr\/2026\/wp-content\/uploads\/sites\/3\/2025\/07\/Olivier-Richefou_18-768x513.webp 768w\" sizes=\"auto, (max-width: 1200px) 100vw, 1200px\" \/><figcaption class=\"wp-element-caption\"><strong>Olivier Richefou<\/strong><br>Pr\u00e9sident du conseil d\u00e9partemental de la Mayenne<\/figcaption><\/figure>\n<\/div>\n<\/div>\n<\/div>\n\n\n\n<div class=\"wp-block-group alignfull has-global-padding is-layout-constrained wp-block-group-is-layout-constrained\" style=\"padding-top:var(--wp--preset--spacing--50);padding-bottom:var(--wp--preset--spacing--50)\">\n<div class=\"wp-block-columns is-layout-flex wp-container-core-columns-is-layout-28f84493 wp-block-columns-is-layout-flex\">\n<div class=\"wp-block-column is-layout-flow wp-block-column-is-layout-flow\" style=\"flex-basis:33.33%\">\n<figure class=\"wp-block-image aligncenter size-full\"><img loading=\"lazy\" decoding=\"async\" width=\"887\" height=\"1200\" src=\"https:\/\/semaine-federale.ffvelo.fr\/2026-prod\/wp-content\/uploads\/sites\/3\/2025\/07\/Jacques-CHAILLOUX-2.webp\" alt=\"\" class=\"wp-image-70\" srcset=\"https:\/\/semaine-federale.ffvelo.fr\/2026\/wp-content\/uploads\/sites\/3\/2025\/07\/Jacques-CHAILLOUX-2.webp 887w, https:\/\/semaine-federale.ffvelo.fr\/2026\/wp-content\/uploads\/sites\/3\/2025\/07\/Jacques-CHAILLOUX-2-222x300.webp 222w, https:\/\/semaine-federale.ffvelo.fr\/2026\/wp-content\/uploads\/sites\/3\/2025\/07\/Jacques-CHAILLOUX-2-757x1024.webp 757w, https:\/\/semaine-federale.ffvelo.fr\/2026\/wp-content\/uploads\/sites\/3\/2025\/07\/Jacques-CHAILLOUX-2-768x1039.webp 768w\" sizes=\"auto, (max-width: 887px) 100vw, 887px\" \/><figcaption class=\"wp-element-caption\"><strong>Jacques Chailloux<\/strong><br>Pr\u00e9sident du Comit\u00e9 r\u00e9gional de cyclotourisme Pays de la Loire<\/figcaption><\/figure>\n<\/div>\n\n\n\n<div class=\"wp-block-column is-layout-flow wp-block-column-is-layout-flow\" style=\"flex-basis:66.66%\">\n<h2 class=\"wp-block-heading\">Une occasion de d\u00e9couvrir une r\u00e9gion magnifique !<\/h2>\n\n\n\n<blockquote class=\"wp-block-quote is-layout-flow wp-block-quote-is-layout-flow\">\n<p>\u00ab\u00a0Apr\u00e8s Cholet en 1996, Saumur en 2008, Nantes en 2013, la 87\u00e8me Semaine f\u00e9d\u00e9rale internationale de cyclotourisme, le 1er Festival international de cyclotourisme \u00e0 Ch\u00e2teau-Gontier sur Mayenne, est un \u00e9v\u00e9nement \u00e0 ne pas manquer pour plusieurs raisons.<\/p>\n\n\n\n<p>Que vous soyez <strong>un cyclotouriste exp\u00e9riment\u00e9 ou un d\u00e9butant<\/strong>, vous pourrez choisir entre des balades tranquilles sur des voies vertes ou des itin\u00e9raires plus sportifs pour les amateurs de d\u00e9fis. Dans des paysages naturels pr\u00e9serv\u00e9s et vari\u00e9s, les parcours vous feront traverser des vall\u00e9es, des for\u00eats et des villages pittoresques et d\u00e9couvrir les richesses culturelles et historiques de cette r\u00e9gion.<\/p>\n\n\n\n<p>Le Comit\u00e9 r\u00e9gional de cyclotourisme des Pays de la Loire est fier d\u2019accueillir le 1er Festival international de cyclotourisme \u00e0 Ch\u00e2teau-Gontier sur Mayenne en 2026 et vous promet une exp\u00e9rience unique et enrichissante, alliant <strong>sport, culture, gastronomie et convivialit\u00e9<\/strong> dans<br>un cadre naturel exceptionnel. Ne manquez pas cette occasion de vivre des moments inoubliables et de d\u00e9couvrir une r\u00e9gion magnifique \u00e0 v\u00e9lo !\u00a0\u00bb<\/p>\n<\/blockquote>\n<\/div>\n<\/div>\n<\/div>\n\n\n\n<div class=\"wp-block-group alignfull has-white-color has-orange-background-color has-text-color has-background has-link-color wp-elements-0d035393b4ecfa35ae7e0fa4acdbacb6 has-global-padding is-layout-constrained wp-block-group-is-layout-constrained\" style=\"padding-top:var(--wp--preset--spacing--60);padding-bottom:var(--wp--preset--spacing--60)\">\n<div class=\"wp-block-columns is-layout-flex wp-container-core-columns-is-layout-28f84493 wp-block-columns-is-layout-flex\">\n<div class=\"wp-block-column is-layout-flow wp-block-column-is-layout-flow\" style=\"flex-basis:66.66%\">\n<h2 class=\"wp-block-heading has-white-color has-text-color has-link-color wp-elements-0cbe8675d4011033b9d06592f1b57797\">\u00c0 v\u00e9lo tout est plus beau<\/h2>\n\n\n\n<blockquote class=\"wp-block-quote is-layout-flow wp-block-quote-is-layout-flow\">\n<p>\u00ab\u00a0Amis cyclotouristes,<\/p>\n\n\n\n<p>Pour cette 87\u00e8me Semaine f\u00e9d\u00e9rale internationale de cyclotourisme, <strong>bienvenue en Mayenne<\/strong>. Le Comit\u00e9 d\u00e9partemental a r\u00e9pondu favorablement aux organisateurs de ce festival de cyclotourisme en apportant son aide. Il soutient l\u2019initiative et l\u2019organisation en collaboration avec le Comit\u00e9 r\u00e9gional de cyclotourisme.<\/p>\n\n\n\n<p>Plus petit Comit\u00e9 d\u00e9partemental de cyclotourisme des Pays de la Loire, un fort dynamisme anime les clubs r\u00e9partis sur l\u2019ensemble de notre d\u00e9partement. Chaque ann\u00e9e, des organisations \u00e9labor\u00e9es par et pour des cyclotouristes, que cela soit sur route ou chemin, offrent une <strong>pratique cyclo touristique vari\u00e9e et adapt\u00e9e<\/strong> \u00e0 la pratique de chacun.<\/p>\n\n\n\n<p>Alors, n\u2019h\u00e9sitez pas \u00e0 nous rejoindre en 2026 car particuli\u00e8rement en Mayenne. <strong>\u00c0 v\u00e9lo tout est plus beau<\/strong>. On n\u2019attend plus que vous.\u00a0\u00bb<\/p>\n<\/blockquote>\n<\/div>\n\n\n\n<div class=\"wp-block-column is-layout-flow wp-block-column-is-layout-flow\" style=\"flex-basis:33.33%\">\n<figure class=\"wp-block-image aligncenter size-full\"><img loading=\"lazy\" decoding=\"async\" width=\"997\" height=\"1200\" src=\"https:\/\/semaine-federale.ffvelo.fr\/2026-prod\/wp-content\/uploads\/sites\/3\/2025\/07\/Christian-Bullot.webp\" alt=\"\" class=\"wp-image-71\" srcset=\"https:\/\/semaine-federale.ffvelo.fr\/2026\/wp-content\/uploads\/sites\/3\/2025\/07\/Christian-Bullot.webp 997w, https:\/\/semaine-federale.ffvelo.fr\/2026\/wp-content\/uploads\/sites\/3\/2025\/07\/Christian-Bullot-249x300.webp 249w, https:\/\/semaine-federale.ffvelo.fr\/2026\/wp-content\/uploads\/sites\/3\/2025\/07\/Christian-Bullot-851x1024.webp 851w, https:\/\/semaine-federale.ffvelo.fr\/2026\/wp-content\/uploads\/sites\/3\/2025\/07\/Christian-Bullot-768x924.webp 768w\" sizes=\"auto, (max-width: 997px) 100vw, 997px\" \/><figcaption class=\"wp-element-caption\"><strong>Christian Bullot<\/strong><br>Pr\u00e9sident du Comit\u00e9 d\u00e9partemental de cyclotourisme de la Mayenne<\/figcaption><\/figure>\n<\/div>\n<\/div>\n<\/div>\n\n\n\n<div class=\"wp-block-buttons is-content-justification-center is-layout-flex wp-container-core-buttons-is-layout-a89b3969 wp-block-buttons-is-layout-flex\">\n<div class=\"wp-block-button\"><a class=\"wp-block-button__link wp-element-button\" href=\"https:\/\/semaine-federale.ffvelo.fr\/2026\/organisation\/le-cyclo-club-du-pays-de-chateau-gontier\/\">Lire le mot des co-pr\u00e9sidents<\/a><\/div>\n<\/div>\n","protected":false},"excerpt":{"rendered":"<p>LA MAYENNE PASSE LE GRAND BRAQUET POUR 2026 ! \u00ab\u00a0Ch\u00e2teau-Gontier sur Mayenne va enfiler son plus beau maillot pour accueillir, pour la toute premi\u00e8re fois, le Festival du cyclotourisme avec la Semaine f\u00e9d\u00e9rale internationale 2026. Les passionn\u00e9s de longues distances connaissent d\u00e9j\u00e0 Villaines-la-Juhel, \u00e9tape du mythique Paris-Brest-Paris. Mais pour beaucoup, la Mayenne reste un territoire [&hellip;]<\/p>\n","protected":false},"author":2,"featured_media":0,"parent":57,"menu_order":0,"comment_status":"closed","ping_status":"closed","template":"","meta":{"slim_seo":{"title":"Les mots des \u00e9lus - Semaine F\u00e9d\u00e9rale Cyclotourisme 2026 - Ch\u00e2teau-Gontier sur Mayenne","description":"LA MAYENNE PASSE LE GRAND BRAQUET POUR 2026 ! \"Ch\u00e2teau-Gontier sur Mayenne va enfiler son plus beau maillot pour accueillir, pour la toute premi\u00e8re fois, le Fes"},"footnotes":""},"class_list":["post-64","page","type-page","status-publish","hentry"],"_links":{"self":[{"href":"https:\/\/semaine-federale.ffvelo.fr\/2026\/wp-json\/wp\/v2\/pages\/64","targetHints":{"allow":["GET"]}}],"collection":[{"href":"https:\/\/semaine-federale.ffvelo.fr\/2026\/wp-json\/wp\/v2\/pages"}],"about":[{"href":"https:\/\/semaine-federale.ffvelo.fr\/2026\/wp-json\/wp\/v2\/types\/page"}],"author":[{"embeddable":true,"href":"https:\/\/semaine-federale.ffvelo.fr\/2026\/wp-json\/wp\/v2\/users\/2"}],"replies":[{"embeddable":true,"href":"https:\/\/semaine-federale.ffvelo.fr\/2026\/wp-json\/wp\/v2\/comments?post=64"}],"version-history":[{"count":5,"href":"https:\/\/semaine-federale.ffvelo.fr\/2026\/wp-json\/wp\/v2\/pages\/64\/revisions"}],"predecessor-version":[{"id":194,"href":"https:\/\/semaine-federale.ffvelo.fr\/2026\/wp-json\/wp\/v2\/pages\/64\/revisions\/194"}],"up":[{"embeddable":true,"href":"https:\/\/semaine-federale.ffvelo.fr\/2026\/wp-json\/wp\/v2\/pages\/57"}],"wp:attachment":[{"href":"https:\/\/semaine-federale.ffvelo.fr\/2026\/wp-json\/wp\/v2\/media?parent=64"}],"curies":[{"name":"wp","href":"https:\/\/api.w.org\/{rel}","templated":true}]}}