{"id":77,"date":"2025-07-31T17:01:26","date_gmt":"2025-07-31T15:01:26","guid":{"rendered":"https:\/\/semaine-federale.ffvelo.fr\/2026-prod\/?page_id=77"},"modified":"2026-02-11T22:23:14","modified_gmt":"2026-02-11T21:23:14","slug":"foire-aux-questions","status":"publish","type":"page","link":"https:\/\/semaine-federale.ffvelo.fr\/2026\/foire-aux-questions\/","title":{"rendered":"Foire aux questions"},"content":{"rendered":"\n<div class=\"wp-block-cover alignfull is-light wp-elements-2cb0d5670eec102111d48442405386a0\" style=\"margin-bottom:var(--wp--preset--spacing--50);padding-top:var(--wp--preset--spacing--70);padding-bottom:var(--wp--preset--spacing--70)\"><span aria-hidden=\"true\" class=\"wp-block-cover__background has-beige-background-color has-background-dim-60 has-background-dim\"><\/span><img loading=\"lazy\" decoding=\"async\" width=\"2160\" height=\"1303\" src=\"https:\/\/semaine-federale.ffvelo.fr\/2026\/wp-content\/uploads\/sites\/3\/2025\/07\/sf2025-cyclistes.webp\" class=\"wp-block-cover__image-background wp-post-image\" alt=\"\" data-object-fit=\"cover\" data-object-position=\"50% 30%\" style=\"object-position:50% 30%;\" srcset=\"https:\/\/semaine-federale.ffvelo.fr\/2026\/wp-content\/uploads\/sites\/3\/2025\/07\/sf2025-cyclistes.webp 2160w, https:\/\/semaine-federale.ffvelo.fr\/2026\/wp-content\/uploads\/sites\/3\/2025\/07\/sf2025-cyclistes-300x181.webp 300w, https:\/\/semaine-federale.ffvelo.fr\/2026\/wp-content\/uploads\/sites\/3\/2025\/07\/sf2025-cyclistes-1024x618.webp 1024w, https:\/\/semaine-federale.ffvelo.fr\/2026\/wp-content\/uploads\/sites\/3\/2025\/07\/sf2025-cyclistes-768x463.webp 768w, https:\/\/semaine-federale.ffvelo.fr\/2026\/wp-content\/uploads\/sites\/3\/2025\/07\/sf2025-cyclistes-1536x927.webp 1536w, https:\/\/semaine-federale.ffvelo.fr\/2026\/wp-content\/uploads\/sites\/3\/2025\/07\/sf2025-cyclistes-2048x1235.webp 2048w\" sizes=\"auto, (max-width: 2160px) 100vw, 2160px\" \/><div class=\"wp-block-cover__inner-container has-global-padding is-layout-constrained wp-block-cover-is-layout-constrained\">\n<div class=\"wp-block-group alignfull has-global-padding is-layout-constrained wp-block-group-is-layout-constrained\" style=\"padding-bottom:var(--wp--preset--spacing--40)\"><h1 class=\"has-text-align-center wp-block-post-title\">Foire aux questions<\/h1><\/div>\n<\/div><\/div>\n\n\n\n<h2 class=\"wp-block-heading\">L&rsquo;\u00e9v\u00e8nement<\/h2>\n\n\n\n<details class=\"wp-block-details is-style-block-details-faq is-layout-flow wp-block-details-is-layout-flow is-style-block-details-faq--1\"><summary>Qu\u2019est-ce que la Semaine f\u00e9d\u00e9rale ?<\/summary>\n<p>La Semaine f\u00e9d\u00e9rale internationale de cyclotourisme est l\u2019un des \u00e9v\u00e8nements majeurs de la F\u00e9d\u00e9ration fran\u00e7aise de cyclotourisme.<\/p>\n\n\n\n<p>Chaque ann\u00e9e, la premi\u00e8re semaine d\u2019ao\u00fbt, des milliers de cyclistes de toutes nationalit\u00e9s et de tous \u00e2ges, se rassemblent, dans une r\u00e9gion diff\u00e9rente, pour d\u00e9couvrir de nouvelles contr\u00e9es, de beaux sites, rencontrer d\u2019autres passionn\u00e9s et, aussi et surtout, partager leur amour pour le v\u00e9lo (route, VTT, gravel). <\/p>\n\n\n\n<p>Il s\u2019agit du plus grand rassemblement annuel international de cyclotourisme.<\/p>\n<\/details>\n\n\n\n<details class=\"wp-block-details is-style-block-details-faq is-layout-flow wp-block-details-is-layout-flow is-style-block-details-faq--2\"><summary>Pourquoi parle-t-on du Festival du cyclotourisme ?<\/summary>\n<p><strong>La Semaine f\u00e9d\u00e9rale reste dans l&rsquo;esprit fid\u00e8le \u00e0 elle-m\u00eame depuis maintenant 100 ans<\/strong>.<\/p>\n\n\n\n<p>Elle est d\u00e9sormais <strong>associ\u00e9 \u00e0 l\u2019appellation Festival du Cyclotourisme<\/strong>, afin de renforcer l\u2019id\u00e9e de v\u00e9ritable f\u00eate du v\u00e9lo que repr\u00e9sente cet \u00e9v\u00e8nement unique.<\/p>\n<\/details>\n\n\n\n<details class=\"wp-block-details is-style-block-details-faq is-layout-flow wp-block-details-is-layout-flow is-style-block-details-faq--3\"><summary>Quand et o\u00f9 a lieu cet \u00e9v\u00e9nement ?<\/summary>\n<p>Il se d\u00e9roulera du 2 au 9 ao\u00fbt 2026 \u00e0 Ch\u00e2teau-Gontier sur Mayenne.<\/p>\n<\/details>\n\n\n\n<details class=\"wp-block-details is-style-block-details-faq is-layout-flow wp-block-details-is-layout-flow is-style-block-details-faq--4\"><summary>Qui peut participer ?<\/summary>\n<p>Cette <strong>Semaine F\u00e9d\u00e9rale est ouverte \u00e0 tous<\/strong> : licenci\u00e9s ou non de la FFCT (F\u00e9d\u00e9ration fran\u00e7aise de Cyclotourisme), tous \u00e2ges, tous niveaux. Environ 8 000 \u00e0 10 000 participants sont attendus, soit entre 6500 et 8000 cyclos.<\/p>\n<\/details>\n\n\n\n<details class=\"wp-block-details is-style-block-details-faq is-layout-flow wp-block-details-is-layout-flow is-style-block-details-faq--5\"><summary>Qu\u2019est-ce que le village f\u00e9d\u00e9ral ?<\/summary>\n<p>Le village f\u00e9d\u00e9ral est le point central de l\u2019\u00e9v\u00e9nement qui abrite la logistique, les stands exposants, la restauration, les stands d\u2019information\u2026 Il est le point de d\u00e9part des diff\u00e9rents circuits.<\/p>\n\n\n\n<p>Il sera situ\u00e9 au sein de l\u2019Espace Saint-Fiacre pour l\u2019\u00e9dition 2026 de la Semaine F\u00e9d\u00e9rale du Cyclotourisme.<\/p>\n\n\n\n<p><a href=\"https:\/\/www.mayenne-tourisme.com\/offres\/espace-saint-fiacre-chateau-gontier-sur-mayenne-fr-3538846\/\" target=\"_blank\" rel=\"noopener\" title=\"\">https:\/\/www.mayenne-tourisme.com\/offres\/espace-saint-fiacre-chateau-gontier-sur-mayenne-fr-3538846\/<\/a><\/p>\n<\/details>\n\n\n\n<details class=\"wp-block-details is-style-block-details-faq is-layout-flow wp-block-details-is-layout-flow is-style-block-details-faq--6\"><summary>Quels sont les b\u00e9n\u00e9fices pour la r\u00e9gion ?<\/summary>\n<p>Cet \u00e9v\u00e9nement permettra aussi la valorisation des diff\u00e9rents sites locaux.<\/p>\n<\/details>\n\n\n\n<h2 class=\"wp-block-heading\">Inscriptions<\/h2>\n\n\n\n<details class=\"wp-block-details is-style-block-details-faq is-layout-flow wp-block-details-is-layout-flow is-style-block-details-faq--7\"><summary>Comment s\u2019inscrire ?<\/summary>\n<p>Les inscriptions sont <strong>ouvertes depuis le 26 Janvier<\/strong>.<\/p>\n\n\n\n<p>Pour les <strong>non-licenci\u00e9s<\/strong>, il est possible de s&rsquo;inscrire avec le <strong>PASS-V\u00e9lo<\/strong>.<\/p>\n\n\n\n<p><strong><mark class=\"has-inline-color has-orange-color\">Des inscriptions \u00e0 la journ\u00e9e<\/mark><\/strong> seront \u00e9galement propos\u00e9es sur Hello Asso <strong><mark class=\"has-inline-color has-orange-color\">\u00e0 compter du 1er juillet, puis pendant toute la Semaine f\u00e9d\u00e9rale<\/mark><\/strong>, au Village f\u00e9d\u00e9ral et sur les Points d&rsquo;Accueil (PA).<\/p>\n\n\n\n<p><strong><mark class=\"has-inline-color has-orange-color\">Les inscriptions papier<\/mark><\/strong> seront propos\u00e9es, <strong><mark class=\"has-inline-color has-orange-color\">\u00e0 compter du 1er avril.<\/mark><\/strong><\/p>\n\n\n\n<p><\/p>\n<\/details>\n\n\n\n<details class=\"wp-block-details is-style-block-details-faq is-layout-flow wp-block-details-is-layout-flow is-style-block-details-faq--8\"><summary>Le Pass&rsquo;V\u00e9lo, kezako ?<\/summary>\n<p>Le Pass&rsquo; V\u00e9lo est un nouvel \u00e9l\u00e9ment de l\u2019offre de services propos\u00e9e par la FFV. Valable deux mois (renouvelable une fois) ce Pass permet \u00e0 des pratiquants r\u00e9guliers de b\u00e9n\u00e9ficier des tarifs licenci\u00e9s sur les manifestations auxquelles ils participent..<\/p>\n\n\n\n<p>Les garanties incluses sont la Responsabilit\u00e9 civile et l&rsquo;Individuelle accident (hors assistance). La carte D\u00e9couverte de la Semaine f\u00e9d\u00e9rale est donc supprim\u00e9e au profit du nouveau <strong>Pass\u2019V\u00e9lo<\/strong>.<\/p>\n<\/details>\n\n\n\n<h2 class=\"wp-block-heading\">H\u00e9bergement et b\u00e9n\u00e9volat<\/h2>\n\n\n\n<details class=\"wp-block-details is-style-block-details-faq is-layout-flow wp-block-details-is-layout-flow is-style-block-details-faq--9\"><summary>Quelles sont les options d\u2019h\u00e9bergement ?<\/summary>\n<ul class=\"wp-block-list\">\n<li>Camping f\u00e9d\u00e9ral (emplacements tentes et camping-cars).<\/li>\n<\/ul>\n\n\n\n<ul class=\"wp-block-list\">\n<li>H\u00f4tels, g\u00eetes, chambres d\u2019h\u00f4tes \u00e0 proximit\u00e9.<\/li>\n<\/ul>\n\n\n\n<ul class=\"wp-block-list\">\n<li>Accueil chez l\u2019habitant : formulaire \u00e0 compl\u00e9ter en ligne.<\/li>\n<\/ul>\n\n\n\n<ul class=\"wp-block-list\">\n<li>H\u00e9bergements collectifs.<\/li>\n<\/ul>\n<\/details>\n\n\n\n<details class=\"wp-block-details is-style-block-details-faq is-layout-flow wp-block-details-is-layout-flow is-style-block-details-faq--10\"><summary>Puis-je \u00eatre b\u00e9n\u00e9vole ou h\u00e9bergeur ?<\/summary>\n<p>Oui vous pouvez devenir b\u00e9n\u00e9vole (accueil, logistique, orientation) ou bien devenir h\u00e9bergeur en proposant un h\u00e9bergement chez vous. Les formulaires d\u2019inscriptions sont disponibles sur notre site. <\/p>\n<\/details>\n\n\n\n<details class=\"wp-block-details is-style-block-details-faq is-layout-flow wp-block-details-is-layout-flow is-style-block-details-faq--11\"><summary>Combien y aura-t-il de b\u00e9n\u00e9voles ?<\/summary>\n<p>\u00c0 Orl\u00e9ans en 2025, plus de 1500 b\u00e9n\u00e9voles ont particip\u00e9 au total.<\/p>\n<\/details>\n\n\n\n<details class=\"wp-block-details is-style-block-details-faq is-layout-flow wp-block-details-is-layout-flow is-style-block-details-faq--12\"><summary>Comment rester inform\u00e9 ?<\/summary>\n<p>Vous pouvez vous inscrire \u00e0 notre Newsletter via notre site internet afin de suivre l&rsquo;organisation de cette Semaine F\u00e9d\u00e9rale. Nous vous encourageons aussi \u00e0 nous suivre sur nos r\u00e9seaux sociaux (<a href=\"https:\/\/www.facebook.com\/festivalinternationalcyclotourisme\/about\/\" target=\"_blank\" rel=\"noopener nofollow\" title=\"\">Facebook<\/a> et <a href=\"https:\/\/www.instagram.com\/festival.cyclotourisme\/\" target=\"_blank\" rel=\"noopener nofollow\" title=\"\">Instagram<\/a>) afin de rester inform\u00e9s.<\/p>\n<\/details>\n\n\n\n<h2 class=\"wp-block-heading\">Sur place<\/h2>\n\n\n\n<details class=\"wp-block-details is-style-block-details-faq is-layout-flow wp-block-details-is-layout-flow is-style-block-details-faq--13\"><summary>Comment se d\u00e9placer lors de la Semaine F\u00e9d\u00e9rale ?<\/summary>\n<p>Vous pourrez acc\u00e9der au site directement en voiture, train ou encore en v\u00e9lo. Diff\u00e9rents parkings avec des consignes et des navettes seront mis en place. De plus, une voie cyclable connectera les diff\u00e9rents secteurs.<\/p>\n<\/details>\n\n\n\n<details class=\"wp-block-details is-style-block-details-faq is-layout-flow wp-block-details-is-layout-flow is-style-block-details-faq--14\"><summary>Quels parcours sont propos\u00e9s ?<\/summary>\n<ul class=\"wp-block-list\">\n<li>Circuits route, VTT et gravel quotidiens, adapt\u00e9s \u00e0 plusieurs niveaux.<\/li>\n<\/ul>\n\n\n\n<ul class=\"wp-block-list\">\n<li>Plusieurs boucles par jour.<\/li>\n<\/ul>\n\n\n\n<ul class=\"wp-block-list\">\n<li>Le jeudi, journ\u00e9e sp\u00e9ciale pique-nique et d\u00e9couverte locale.<\/li>\n<\/ul>\n\n\n\n<ul class=\"wp-block-list\">\n<li>Randonn\u00e9es p\u00e9destres et cyclo-d\u00e9couvertes possibles.<\/li>\n<\/ul>\n<\/details>\n\n\n\n<details class=\"wp-block-details is-style-block-details-faq is-layout-flow wp-block-details-is-layout-flow is-style-block-details-faq--15\"><summary>Comment se d\u00e9roulent les d\u00e9parts ?<\/summary>\n<p>Les d\u00e9parts sont group\u00e9s depuis le village f\u00e9d\u00e9ral, avec diff\u00e9rents points de ravitaillement sur le parcours. Vous disposerez d\u2019une libert\u00e9 totale du rythme.<\/p>\n<\/details>\n\n\n\n<details class=\"wp-block-details is-style-block-details-faq is-layout-flow wp-block-details-is-layout-flow is-style-block-details-faq--16\"><summary>Y a-t-il des animations et des services ?<\/summary>\n<p>Oui, il y aura des exposants, des d\u00e9gustations et des animations th\u00e9matiques. De plus, il y aura des concerts et des \u00e9v\u00e9nements festifs de propos\u00e9s.<\/p>\n<\/details>\n\n\n\n<h2 class=\"wp-block-heading\">Quelques conseils utiles<\/h2>\n\n\n\n<ul class=\"wp-block-list\">\n<li>Planifiez vos circuits, r\u00e9servations et entra\u00eenements \u00e0 l\u2019avance.<\/li>\n\n\n\n<li>Pr\u00e9voyez casque, gilet, \u00e9clairage, assurance personnelle.<\/li>\n\n\n\n<li>Explorez la r\u00e9gion lors des journ\u00e9es plus calmes.<\/li>\n\n\n\n<li>Participez aux extras (soir\u00e9es, repas, animations) afin de vivre pleinement l\u2019exp\u00e9rience.<\/li>\n<\/ul>\n\n\n\n<details class=\"wp-block-details is-style-block-details-faq is-layout-flow wp-block-details-is-layout-flow is-style-block-details-faq--17\"><summary>Qui dois-je contacter en cas de questions ?<\/summary>\n<p>Vous pouvez contacter le Cycloclub du Pays de Ch\u00e2teau-Gontier (48 rue de la Lib\u00e9ration, 53200 Ch\u00e2teau-Gontier sur Mayenne), par mail (<a href=\"mailto:sf2026.info@ffvelo.fr\">sf2026.info@ffvelo.fr<\/a>) ou bien nous contacter via le <a href=\"https:\/\/semaine-federale.ffvelo.fr\/2026\/contact\/\" title=\"Contact\">formulaire de contact<\/a> disponible sur notre site internet.<\/p>\n<\/details>\n","protected":false},"excerpt":{"rendered":"<p>L&rsquo;\u00e9v\u00e8nement Inscriptions H\u00e9bergement et b\u00e9n\u00e9volat Sur place Quelques conseils utiles<\/p>\n","protected":false},"author":2,"featured_media":78,"parent":0,"menu_order":850,"comment_status":"closed","ping_status":"closed","template":"","meta":{"slim_seo":{"title":"Foire aux questions - Semaine F\u00e9d\u00e9rale Cyclotourisme 2026 - Ch\u00e2teau-Gontier sur Mayenne","description":"L'\u00e9v\u00e8nement Qu\u2019est-ce que la Semaine f\u00e9d\u00e9rale ? La Semaine f\u00e9d\u00e9rale internationale de cyclotourisme est l\u2019un des \u00e9v\u00e8nements majeurs de la F\u00e9d\u00e9ration fran\u00e7aise d"},"footnotes":""},"class_list":["post-77","page","type-page","status-publish","has-post-thumbnail","hentry"],"_links":{"self":[{"href":"https:\/\/semaine-federale.ffvelo.fr\/2026\/wp-json\/wp\/v2\/pages\/77","targetHints":{"allow":["GET"]}}],"collection":[{"href":"https:\/\/semaine-federale.ffvelo.fr\/2026\/wp-json\/wp\/v2\/pages"}],"about":[{"href":"https:\/\/semaine-federale.ffvelo.fr\/2026\/wp-json\/wp\/v2\/types\/page"}],"author":[{"embeddable":true,"href":"https:\/\/semaine-federale.ffvelo.fr\/2026\/wp-json\/wp\/v2\/users\/2"}],"replies":[{"embeddable":true,"href":"https:\/\/semaine-federale.ffvelo.fr\/2026\/wp-json\/wp\/v2\/comments?post=77"}],"version-history":[{"count":13,"href":"https:\/\/semaine-federale.ffvelo.fr\/2026\/wp-json\/wp\/v2\/pages\/77\/revisions"}],"predecessor-version":[{"id":1624,"href":"https:\/\/semaine-federale.ffvelo.fr\/2026\/wp-json\/wp\/v2\/pages\/77\/revisions\/1624"}],"wp:featuredmedia":[{"embeddable":true,"href":"https:\/\/semaine-federale.ffvelo.fr\/2026\/wp-json\/wp\/v2\/media\/78"}],"wp:attachment":[{"href":"https:\/\/semaine-federale.ffvelo.fr\/2026\/wp-json\/wp\/v2\/media?parent=77"}],"curies":[{"name":"wp","href":"https:\/\/api.w.org\/{rel}","templated":true}]}}